{"text_format":"1","workbook":"xlsx","n_sheets":9,"sheets":["Instructions","Scoping Questions","Basel III Approach Values","Standardized Approach Values","Summary and Timeline","Minority Interest","Equity Investments","Data","Sheet1"],"not_rendered":{"charts":0,"images":0,"macros":1,"external_links":0,"defined_names":10,"comments":6,"pivot_tables":0},"unopened":[],"bounds":{"document_bytes":16777216,"sheet_cells":100000,"rows_first":2000,"rows_last":500,"rows_between":2000,"halvings":0,"cell_chars":16384,"cell_head_chars":4096},"cells_cut":0,"cells_raw":0,"read":"whole","date_system":"1900"}

{"sheet":"Instructions","index":0,"n_rows":38,"n_cols":2,"rows_kept":38,"cut":false,"hidden":false,"merged":[[0,0,0,3],[35,0,35,3],[36,0,36,3],[37,0,37,3],[18,0,18,3],[22,1,22,3],[24,0,24,3],[28,0,28,3],[29,0,29,1],[31,0,31,1]]}
["Instructions for Completing Notice of Proposed Rulemakings Regulatory Capital Estimation Tool*"]
[]
["Step 1","Ensure Macro Content is Enabled"]
[]
["Step 2","Input RSSD ID number on the Scoping Questions tab."]
[]
["Step 3","Answer the Yes/No questions on the Scoping Questions tab."]
[]
["Step 4","Input data in highlighted boxes on the Basel III Approach Values Tab."]
[]
["Step 5","Input data in highlighted boxes Standardized Approach Values Tab."]
[]
["Step 6","See estimation tool results and timeline detail on the Summary and Timeline tab."]
[]
["Special Cases Tabs:  Optional inputs for institutions with minority interests or equity securities.  "]
[]
["Reset will clear all input information and is located on the 'Summary and Timeline' tab."]
[]
["The workbook includes comments embedded in cells (denoted by red triangles) to help guide the users on specific line items.  Users can \"mouse over\" these cells for additional information."]
[]
["Data:","June 30, 2012 report period; Y9C data downloaded as of August 20th and will not include subsequent amendments. "]
[null,"Call report items may serve as a proxy for inputs, but may require adjustment for complete accuracy."]
["Note:","Because they currently do not file the regulatory capital schedule of the Y9-C report, savings and loan holding companies that wish to use the estimation tool should manually enter a value in each one of the cells that reference a regulatory report item in the relevant comment box."]
[]
["For technical questions related to the Regulatory Capital Estimation Tool, including questions regarding its mechanics and assumptions, please contact your primary federal supervisor at one of the following addresses:"]
["FDIC:","RegulatoryCapital@fdic.gov"]
["OCC:","estimator.tool@occ.treas.gov"]
["FRB:","RegCapEstTool@frb.gov"]
["For further information regarding the Basel III or Standardized Approach proposals or to submit comments on them, please see the following links:"]
["Basel III NPR:      "]
[null,"http://www.gpo.gov/fdsys/pkg/FR-2012-08-30/pdf/2012-16757.pdf"]
["Standardized Approach NPR:"]
[null,"http://www.gpo.gov/fdsys/pkg/FR-2012-08-30/pdf/2012-17010.pdf"]
[]
["*Explanatory Note Regarding Basel III and Standardized Estimation Tool and Disclaimer"]
["The Office of the Comptroller of the Currency, Board of Governors of the Federal Reserve System, and Federal Deposit Insurance Corporation (together, the agencies) recently issued for public comment revisions to their regulatory capital framework for banking organizations in the Basel III and Standardized Approach Notices of Proposed Rulemaking (NPRs).  In connection with the NPRs, the agencies have developed a tool to assist banking organizations and other interested parties in estimating the impact of the proposed changes and to facilitate comment on the NPRs.  These are the sole purposes of the estimation tool.  It should not be used for any other business or regulatory purpose, including for regulatory reporting purposes.  "]
["The estimation tool is designed primarily for use by smaller, non-complex banking organizations that are not subject to the agencies' market risk capital rule or the advanced approaches capital rule.  It provides a general estimate of a banking organization's leverage and risk-based capital ratios under the NPRs.  Because the estimation tool was designed as a standardized mechanism for banking organizations to broadly understand the potential impact of the NPRs, it has certain inherent limitations and contains some simplifying assumptions to facilitate its widespread use.  For example, the tool uses publicly available regulatory reporting data to limit the amount of additional information that banking organizations would need to prepare in order to develop an estimate.  The tool also uses a 10-year period for phasing out non-qualifying capital instruments such as trust preferred securities.  As a result of these and other assumptions that are described within the tool itself, a particular banking organization's leverage and risk-based capital ratios under the NPRs may vary from the estimates produced using this tool.  "]
["Although the estimation tool should allow a banking organization to gauge the NPRs' impact, it is not a substitute for the NPRs.  Rather, the agencies are interested in public comment on the full range of topics described in the NPRs and encourage banking organizations to review and comment on all aspects of them.  The agencies may make changes to the NPRs in light of comments that they receive, and accordingly, any final rule that the agencies may adopt could differ from the NPRs.  "]

{"sheet":"Scoping Questions","index":1,"n_rows":24,"n_cols":33,"rows_kept":24,"cut":false,"hidden":false,"merged":[[0,0,0,18],[11,11,12,17],[1,0,1,18],[8,1,8,7],[9,1,9,7],[10,1,10,7],[11,1,11,7],[12,1,12,7],[8,11,8,17],[9,11,9,17],[21,1,22,7],[17,1,17,7],[18,1,18,7],[19,1,20,7],[10,11,10,17],[13,11,13,17],[17,11,18,17],[19,11,20,17]]}
["Scoping Questions"]
["Answering the following questions may help limit the number of values that your institution will have to enter on the following tabs. Selecting 'Yes' will highlight cells in yellow that should be input by the user.*"]
[]
[null,"RSSD ID:"]
[null,null,null,null,null,null,null,null,null,null,null,null,null,null,null,null,null,null,null,null,null,null,null,null,null,null,null,null,null,null,null,"Data Copy Source"]
["Basel III",null,null,null,null,null,null,null,null,null,null,null,null,null,null,null,null,null,null,null,null,null,null,null,null,null,null,null,null,null,"Yes","Scoping questions default","Select"]
["Please indicate whether your institution has the following exposures (other than deferred tax assets, most community institutions likely do not have such exposures).",null,null,null,null,null,null,null,null,null,null,null,null,null,null,null,null,null,null,null,null,null,null,null,null,null,null,null,null,null,"No","Qualifying common + surplus",{"$f":"IF(ISERROR(VLOOKUP($C$4,data,16,FALSE)),0,(VLOOKUP($C$4,data,16,FALSE)+VLOOKUP($C$4,data,17,FALSE)))","v":0}]
[null,null,null,null,null,null,null,null,null,null,null,null,null,null,null,null,null,null,null,null,null,null,null,null,null,null,null,null,null,null,null,"Retained Earnings",{"$f":"IF(ISERROR((VLOOKUP($C$4,data,18,FALSE))),0,VLOOKUP($C$4,data,18,FALSE))","v":0}]
["1)","Qualifying minority interest - if 'Yes' see Minority Interest tab",null,null,null,null,null,null,"Select",null,"6)","Significant investments in other institutions' common stock",null,null,null,null,null,null,"Select",null,null,null,null,null,null,null,null,null,null,null,null,"AOCI",{"$f":"IF(ISERROR((VLOOKUP($C$4,data,19,FALSE))),0,VLOOKUP($C$4,data,19,FALSE))","v":0}]
["2)","Deferred tax assets (DTAs) that arise from operating loss carryforwards",null,null,null,null,null,null,"Select",null,"7)  ","Gains or losses from cash flow hedges for items not at fair value",null,null,null,null,null,null,"Select",null,null,null,null,null,null,null,null,null,null,null,null,"Goodwill",{"$f":"IF(ISERROR(VLOOKUP($C$4,data,57,FALSE)),0,(VLOOKUP($C$4,data,57,FALSE)+VLOOKUP($C$4,data,22,FALSE)+VLOOKUP($C$4,data,60,FALSE)))","v":0}]
["3)","Deferred tax assets arising from timing differences",null,null,null,null,null,null,"Select",null,"8)","Non-significant investments ",null,null,null,null,null,null,"Select",null,null,null,null,null,null,null,null,null,null,null,null,"Change in fair value",{"$f":"IF(ISERROR((VLOOKUP($C$4,data,10,FALSE))),0,VLOOKUP($C$4,data,10,FALSE))","v":0}]
["4)","Investments in your own capital instruments and reciprocal holdings",null,null,null,null,null,null,"Select",null,"9)","Significant investments in the additional tier 1 instruments or tier 2 instruments of another financial institution",null,null,null,null,null,null,"Select",null,null,null,null,null,null,null,null,null,null,null,null,"Mortgage Servicing Assets",{"$f":"IF(ISERROR(VLOOKUP($C$4,data,24,FALSE)),0,VLOOKUP($C$4,data,24,FALSE))","v":0}]
["5)","Securitization gains on sale",null,null,null,null,null,null,"Select",null,null,null,null,null,null,null,null,null,null,null,null,null,null,null,null,null,null,null,null,null,null,"Additional Tier 1",{"$f":"IF(ISERROR(VLOOKUP($C$4,data,26,FALSE)),0,(VLOOKUP($C$4,data,26,FALSE)-VLOOKUP($C$4,data,14,FALSE)))","v":0}]
[null,null,null,null,null,null,null,null,null,null,null,null,null,null,null,null,null,null,null,null,null,null,null,null,null,null,null,null,null,null,null,"Tier 2",{"$f":"IF(ISERROR(VLOOKUP($C$4,data,13,FALSE)),0,(VLOOKUP($C$4,data,13,FALSE)+VLOOKUP($C$4,data,14,FALSE)+VLOOKUP($C$4,data,54,FALSE)))","v":0}]
["Standardized",null,null,null,null,null,null,null,null,null,null,null,null,null,null,null,null,null,null,null,null,null,null,null,null,null,null,null,null,null,null,"Estimated ALLL",{"$f":"IF(ISERROR(VLOOKUP($C$4,data,51,FALSE)),0,MIN((VLOOKUP($C$4,data,51,FALSE)+VLOOKUP($C$4,data,52,FALSE)),1.25%*(VLOOKUP($C$4,data,62,FALSE)-VLOOKUP($C$4,data,61,FALSE))))","v":0}]
["Please indicate whether your institution has the following exposures.",null,null,null,null,null,null,null,null,null,null,null,null,null,null,null,null,null,null,null,null,null,null,null,null,null,null,null,null,null,null,"Current Risk-Weighted Asset",{"$f":"IF(ISERROR(VLOOKUP($C$4,data,32,FALSE)),0,VLOOKUP($C$4,data,32,FALSE))","v":0}]
[null,null,null,null,null,null,null,null,null,null,null,null,null,null,null,null,null,null,null,null,null,null,null,null,null,null,null,null,null,null,null,"Disallowed",{"$f":"IF(ISERROR(VLOOKUP($C$4,data,9,FALSE)),0,(VLOOKUP($C$4,data,9,FALSE)+VLOOKUP($C$4,data,25,FALSE)+VLOOKUP($C$4,data,11,FALSE)+VLOOKUP($C$4,data,58,FALSE)))","v":0}]
["1)","Residential mortgage loans",null,null,null,null,null,null,"Select",null,"6)","Commitments with an original maturity less than 1 year that are not unconditionally cancelable",null,null,null,null,null,null,"Select",null,null,null,null,null,null,null,null,null,null,null,null,"Past-due",{"$f":"IF(ISERROR(VLOOKUP($C$4,data,37,FALSE)),0,(VLOOKUP($C$4,data,37,FALSE)+VLOOKUP($C$4,data,38,FALSE)-VLOOKUP($C$4,data,39,FALSE)-VLOOKUP($C$4,data,40,FALSE)-VLOOKUP($C$4,data,43,FALSE)-VLOOKUP($C$4,data,44,FALSE)-VLOOKUP($C$4,data,45,FALSE)-VLOOKUP($C$4,data,46,FALSE)-VLOOKUP($C$4,data,47,FALSE)-VLOOKUP($C$4,data,48,FALSE)-VLOOKUP($C$4,data,35,FALSE)-VLOOKUP($C$4,data,36,FALSE)))","v":0}]
["2)","Exposures that are characterized as High Volatility CRE",null,null,null,null,null,null,"Select",null,null,null,null,null,null,null,null,null,null,null,null,null,null,null,null,null,null,null,null,null,null,"Resetting zero",0]
["3)","Securitization exposures - does not include GSE pass-through securities",null,null,null,null,null,null,"Select",null,"7)","Collateralized transactions that would be applicable for the substitution approach (optional)",null,null,null,null,null,null,"Select",null,null,null,null,null,null,null,null,null,null,null,null,"Resetting blank"]
[null,null,null,null,null,null,null,null,null,null,null,null,null,null,null,null,null,null,null,null,null,null,null,null,null,null,null,null,null,null,null,"Non-qualifying elements",{"$f":"IF(ISERROR(VLOOKUP($C$4,data,71,FALSE)),0,VLOOKUP($C$4,data,71,FALSE)+VLOOKUP($C$4,data,72,FALSE))","v":0}]
["4)","Equity exposures other than FRB/FHLB stock - if 'Yes' see Equity Investments tab",null,null,null,null,null,null,"Select"]
[]
["* Answering 'Yes' requires the user to input the respective values on the following input pages."]

{"sheet":"Basel III Approach Values","index":2,"n_rows":62,"n_cols":30,"rows_kept":62,"cut":false,"hidden":false,"merged":[[0,0,0,6],[1,5,1,6]]}
["Basel III Approach Inputs"]
[{"$f":"'Summary and Timeline'!A2","v":0},null,{"$f":"'Summary and Timeline'!B2","v":0},null,{"$f":"'Summary and Timeline'!D2","v":0},{"$f":"'Summary and Timeline'!H2","v":0},null,null,null,null,null,null,null,null,null,null,null,null,null,null,null,null,null,null,null,null,null,null,"Current","Current"]
[null,null,null,null,null,null,null,null,null,null,null,null,null,null,null,null,null,null,null,null,null,null,null,null,null,null,null,null,"Basel III","Standardized"]
["Common Equity Tier 1 (CET1) Capital","(000)","(000) ",null,"Tier 2 Capital","(000)","(000) ",null,null,null,null,null,null,null,null,null,null,null,null,null,null,null,null,null,1,{"$f":"'Scoping Questions'!$I$9","v":"Select"}]
["+ Qualifying common stock instruments and related surplus",null,0,null,"+ Tier 2 capital instruments",null,0,null,null,null,null,null,null,null,null,null,null,null,null,null,null,null,null,null,2,{"$f":"'Scoping Questions'!$I$10","v":"Select"}]
["+ Retained earnings",null,0,null,"+ Total capital minority interest that is not included in tier 1 capital",null,0,null,null,null,null,null,null,null,null,null,null,null,null,null,null,null,null,null,3,{"$f":"'Scoping Questions'!$I$11","v":"Select"}]
["+ AOCI",null,0,null,"+ Estimated ALLL includable in tier 2",null,0,null,null,null,null,null,null,null,null,null,null,null,null,null,null,null,null,null,4,{"$f":"'Scoping Questions'!$I$12","v":"Select"}]
["+ Qualifying common equity tier 1 minority interest ",null,0,null,"- Investments in institution's own tier 2 capital instruments and reciprocal holdings",null,0,null,null,null,null,null,null,null,null,null,null,null,null,null,null,null,null,null,5,{"$f":"'Scoping Questions'!$I$13","v":"Select"}]
["- Gains / Losses on Cash Flow Hedges related to items that are not fair valued ",null,0,null,"+ Non-qualifying tier 1 capital instruments includable in tier 2 ",null,0,null,null,null,null,null,null,null,null,null,null,null,null,null,null,null,null,null,6,{"$f":"'Scoping Questions'!$S$9","v":"Select"}]
["- Goodwill and other intangibles (other than MSAs)",null,0,null,"- Significant investments in tier 2 instruments",null,0,null,null,null,null,null,null,null,null,null,null,null,null,null,null,null,null,null,7,{"$f":"'Scoping Questions'!$S$10","v":"Select"}]
["- DTAs arising from operating loss and tax credit carryforwards",null,0,null,"- Non-significant investments in tier 2 instruments",0,{"$f":"C57","v":0},null,null,null,null,null,null,null,null,null,null,null,null,null,null,null,null,null,8,{"$f":"'Scoping Questions'!$S$11","v":"Select"}]
["- Change in fair value of financial liabilities",null,0,null,"    = Tier 2 Capital",null,{"$f":"MAX(0,G5+G6+G7-G8+G9-G10-G11)","v":0},null,null,null,null,null,null,null,null,null,null,null,null,null,null,null,null,null,9,{"$f":"'Scoping Questions'!$S$12","v":"Select"}]
["- Investment in institution's own CET1 capital instruments and reciprocal holdings",null,0,null,null,null,null,null,null,null,null,null,null,null,null,null,null,null,null,null,null,null,null,null,10,{"$f":"'Scoping Questions'!$S$14","v":0}]
["- Securitization gain on sale",null,0]
["- Non-significant investments in the form of common stock",0,{"$f":"C55","v":0}]
["- Regulatory deductions due to insufficient additional tier 1",null,{"$f":"C52","v":0},null,"Total Capital "," ","(000)"]
["Base for exclusion bucket",null,{"$f":"C5+C6+C7+C8-C9-C10-C11-C12-C13-C14-C15-C16","v":0}]
["Ten percent",null,{"$f":"0.1*C17","v":0}]
["   Mortgage Servicing Assets (MSAs)",null,0,null,"= Tier 1 Capital + Tier 2 Capital",null,{"$f":"G12+C43","v":0}]
["   Mortgage Servicing Assets >10% limit - Deducted",null,{"$f":"IF($C$19>$C$18,$C$19-$C$18,0)","v":0}]
["   MSAs not deducted, subject to 15% aggregate threshold test",null,{"$f":"C19-C20","v":0}]
["   DTAs arising from temporary timing differences",null,0]
["   Deferred Tax Assets related to temporary timing difference > 10% limit - Deducted",null,{"$f":"IF($C$22>$C$18,$C$22-$C$18,0)","v":0}]
["   DTAs not deducted, subject to 15% aggregate threshold test",null,{"$f":"C22-C23","v":0}]
["   Significant investments in the form of common stock",null,0]
["   Significant Investments in another institution’s common stock > 10% limit - Deducted",null,{"$f":"IF($C$25>$C$18,$C$25-$C$18,0)","v":0}]
["   Significant Investments not deducted, subject to 15% threshold ",null,{"$f":"C25-C26","v":0}]
["Total Items subject to 15% threshold",null,{"$f":"C27+C24+C21","v":0}]
["Maximum limit for 15% threshold",null,{"$f":"(C17-(C19+C22+C25))*0.1765","v":0}]
["- Deductions due to 15% threshold",null,{"$f":"IF(C28>C29,C28-C29,0)","v":0}]
["   Portion of 15% threshold deductions attributed to MSAs",null,{"$f":"IF(C30=0,0,C30*(C19/SUM(C19,C22,C25)))","v":0}]
["- Minimum MSA deduction (10% of FV of MSAs)",null,{"$f":"IF(ISERROR(VLOOKUP(C2,data,55,FALSE)),0,IF((C20+C31)>(VLOOKUP(C2,data,55,FALSE)*0.1),0,(VLOOKUP(C2,data,55,FALSE)*0.1)-(C20+C31)))","v":0}]
["     = Common Equity Tier 1 Capital",null,{"$f":"C17-C20-C23-C26-C30-C32","v":0}]
[]
["Tier 1 Capital","(000)","(000) "]
["+ Additional tier 1 capital instruments plus related surplus",null,0]
["+ Tier 1 minority interest not included in CET1 capital",null,0]
["         Non-qualifying tier 1 capital instruments subject to phase-out",0,null,null,"Risk-Weighted Assets"," ","(000)"]
["- Investment in institution's own tier 1 capital instruments and reciprocal holdings",null,0,null,"Current Risk-Weighted Assets ",null,0]
["- Significant investments in additional tier 1 instruments",null,0,null,"+ Items currently disallowed or neutralized ",null,0]
["- Non-significant investments in additional tier 1 instruments",0,{"$f":"C56","v":0},null,"- Basel III regulatory adjustments and deductions",null,{"$f":"C9+C10+C11+C14+C15+C20+C23+C26+C30+C40+C41+G10+G11+C32","v":0}]
["- Regulatory deductions due to insufficient tier 2 capital",null,{"$f":"C53","v":0},null,"+ Threshold items not deducted",null,{"$f":"(C21+C24+C27-C30-C32)*1.5","v":0}]
["   = Tier 1 Capital",null,{"$f":"MAX(C33,(C33+SUM(C36:C37)-SUM(C39:C42)))","v":0},null,"Basel III Risk-Weighted Assets",null,{"$f":"$G$39+$G$40-$G$41+$G$42","v":0}]
[]
[]
[]
[]
[]
[]
[]
[null,null,{"$f":"C5+C6+C7+C8-C9-C10-C11-C12-C13-C14","v":0}]
["Regulatory deductions from common stock due to insufficient amounts of additional tier 1 or tier 2",null,{"$f":"IF((C53+C56+C40+C39)>(C36+C37),((C53+C56+C40+C39)-(C36+C37)),0)","v":0}]
["Regulatory deductions from additional tier 1 due to insufficient amounts of tier 2 capital",null,{"$f":"IF((G8+G10+C57)>(G5+G6+G7+G9),((G8+G10+C57)-(G5+G6+G7+G9)),0)","v":0}]
[]
["Non-significant investments in another institution's common stock",null,{"$f":"IF(($B$15+$B$41+$F$11)>(0.1*C51),C60,0)","v":0}]
["Non-significant investments in another institution's Additional Tier 1 capital",null,{"$f":"IF(($B$15+$B$41+$F$11)>(0.1*C51),C61,0)","v":0}]
["Non-significant investments in another institution's Tier 2 capital",null,{"$f":"IF(($B$15+$B$41+$F$11)>(0.1*C51),C62,0)","v":0}]
[]
["Corresponding Deduction Approach"]
["Common stock",null,{"$f":"IF(B15+B41+F11=0,0,MAX(0,(B15/(B15+B41+F11))*((B15+B41+F11)-(0.1*C51))))","v":0}]
["Additional tier 1",null,{"$f":"IF(B15+B41+F11=0,0,MAX(0,(B41/(B15+B41+F11))*((B15+B41+F11)-(0.1*C51))))","v":0}]
["Tier 2",null,{"$f":"IF(B15+B41+F11=0,0,MAX(0,(F11/(B15+B41+F11))*((B15+B41+F11)-(0.1*C51))))","v":0}]

{"sheet":"Standardized Approach Values","index":3,"n_rows":32,"n_cols":24,"rows_kept":32,"cut":false,"hidden":false,"merged":[[0,0,0,8],[4,6,4,7],[1,7,1,8],[14,1,14,2],[2,0,2,8]]}
["Standardized Approach Inputs"]
[{"$f":"'Summary and Timeline'!A2","v":0},null,null,{"$f":"'Summary and Timeline'!B2","v":0},null,{"$f":"'Summary and Timeline'!D2","v":0},null,{"$f":"'Summary and Timeline'!H2","v":0}]
["The tool estimates RWAs under the Standardized Approach by adjusting current RWAs for the categories listed below.  This sheet asks for four different types of inputs: gross exposures, current RWAs, RWAs under proposed rules, and changes in RWA. Carefully determine the input required for each cell."]
[]
["Risk-Weighted Assets"," "," 2","(000)",null,"Risk-Weighted Assets","CCF/Risk Weight",null,"(000)",null,null,null,null,null,null,null,null,null,null,null,null,null,1,{"$f":"'Scoping Questions'!$I$18","v":"Select"}]
["Current Risk-Weighted Assets ",null,null,0,null,"Column1","    Current CCF/Risk-Weight","   Proposed CCF/Risk Weight","Exposure"]
["  1-4 Family Residential Real Estate Risk-Weighted Assets",null,null,0]
["  Securitization Risk-Weighted Assets",null,null,0,null,"Credit Conversion Factors"]
[null,null,null,null,null,"Commitments with an original maturity less than 1 year that are not unconditionally cancelable",0,0.2,0]
["Securitization Risk-Weighted Assets under Proposed Rules"]
["  SSFA Method",null,null,0]
["  Gross-up Method",null,null,0]
["  1250%",null,null,0,null,"Collateralized Transactions, where collateral is:",null,null,null,null,null,null,null,null,null,null,null,null,null,null,null,null,3,{"$f":"'Scoping Questions'!$I$19","v":"Select"}]
[null,null,null,null,null,"Cash on deposit at the bank or third party custodian",{"$f":"IF(ISERROR(VLOOKUP($D$2,data,65,FALSE)),0,IF(VLOOKUP($D$2,data,65,FALSE)=\"FDIC\",20%,0%))","v":0},0,0,null,null,null,null,null,null,null,null,null,null,null,null,null,4,{"$f":"'Scoping Questions'!$I$20","v":"Select"}]
[null,"Risk Weights",null,null,null,"US Government securities (discounted by 20%)",{"$f":"IF(ISERROR(VLOOKUP($D$2,data,65,FALSE)),0,IF(VLOOKUP($D$2,data,65,FALSE)=\"FDIC\",20%,0%))","v":0},0,0,null,null,null,null,null,null,null,null,null,null,null,null,null,5,{"$f":"'Scoping Questions'!$I$22","v":"Select"}]
["1-4 Family Residential Real Estate","Current","Proposed","Exposure",null,"Investment grade debt securities",null,null,null,null,null,null,null,null,null,null,null,null,null,null,null,null,6,{"$f":"'Scoping Questions'!$S$18","v":"Select"}]
["  Category I by LTV range:",null,null,null,null,"  Securities subject to a 20% risk weight (excluding GSEs)",null,0.2,0,null,null,null,null,null,null,null,null,null,null,null,null,null,7,{"$f":"'Scoping Questions'!$S$20","v":"Select"}]
["     Less than 60%","50%/100%",0.35,0,null,"  Securities subject to a 50% risk weight",null,0.5,0]
["     60 to 80%","50%/100%",0.5,0,null,"  Securities subject to a 100% risk weight",null,1,0]
["     80 to 90%","50%/100%",0.75,0,null,"Other collateralized transactions not covered above",null,null,0]
["     Over 90%","50%/100%",1,0]
["  Category II by LTV range:","Current","Proposed","Exposure"]
["     Under 80%","50%/100%",1,0]
["     80 to 90%","50%/100%",1.5,0,null,"Other (Optional input)",null,null,0]
["     Over 90%","50%/100%",2,0]
["Category","Current Risk Weight","Proposed Risk Weight","Exposure"]
["Past-Due and Nonaccrual Loans (excl. 1-4 Family RRE)","100%","150%",0]
[null,null,null,null,null,"Threshold Items Not Deducted from CET1",null,null,{"$f":"'Basel III Approach Values'!G42","v":0}]
["High Volatility Commercial Real Estate (current only)",1,1.5,0]
[null,null,null,null,null,"New Adjustments",null,null,{"$f":"SUMPRODUCT(C$18:C$21,D$18:D$21)+SUMPRODUCT(C$23:C$25,D$23:D$25)-D7+(D$27*0.5)+(D$29*0.5)+SUM(D$11:D$13)-$D$8+($I$9*0.2)+SUMPRODUCT(H$14:H$15,I$14:I$15)-SUMPRODUCT(G$14:G$15,I$14:I$15)+SUMPRODUCT(H$17:H$20,I$17:I$20)-SUMPRODUCT(G$17:G$20,I$17:I$20)+(H$24*I$24)-(G$24*I$24)+D32+IF(G15=0,(I15/0.8)*0.2,0)+IF(G15=0.2,G15*I15,0)","v":0}]
["Equity Exposures "]
["     Change in risk-weighted assets ",null,null,0,null,"Risk-Weighted Assets under Standardized Approach",null,null,{"$f":"D6+I30+I28","v":0}]

{"sheet":"Summary and Timeline","index":4,"n_rows":88,"n_cols":18,"rows_kept":88,"cut":false,"hidden":false,"merged":[[0,0,0,7],[20,1,20,2],[8,5,8,6],[9,5,9,6],[10,5,10,6],[11,5,11,6]]}
["Summary and Timeline"]
[{"$f":"IF(ISERROR(VLOOKUP($B$2,data,3,FALSE)),0,VLOOKUP($B$2,data,3,FALSE))","v":0},{"$f":"'Scoping Questions'!C4","v":0},null,{"$f":"IF(ISERROR(VLOOKUP($B$2,data,4,FALSE)),0,CONCATENATE(VLOOKUP($B$2,data,4,FALSE),\", \",VLOOKUP($B$2,data,5,FALSE)))","v":0},null,null,null,{"$f":"IF(ISERROR(VLOOKUP($B$2,data,8,FALSE)),0,VLOOKUP($B$2,data,8,FALSE))","v":0}]
[null,null,null,null,null,null,null,null,null,null,null,null,null,null,null,null,null,"Select"]
["Summary Estimates for Fully Phased-in Proposals (as of 2022) - Comparisons",null,null,null,null,null,null,null,null,null,null,null,null,null,null,null,null,"Basel III Rules only"]
["Dollar Amount (000)","Current Rules","Basel III Rules Only","Basel III and Standardized",null,null,null,null,null,null,null,null,null,null,null,null,null,"Basel III and Standardized"]
["Common Equity Tier 1 Capital","n/a",{"$f":"K59","v":0},{"$f":"C6","v":0}]
["Tier 1 Capital",{"$f":"IF(ISERROR(VLOOKUP($B$2,data,12,FALSE)),0,VLOOKUP($B$2,data,12,FALSE))","v":0},{"$f":"K68","v":0},{"$f":"C7","v":0}]
["Tier 2 Capital",{"$f":"IF(ISERROR(VLOOKUP($B$2,data,33,FALSE)),0,VLOOKUP($B$2,data,33,FALSE))","v":0},{"$f":"K73","v":0},{"$f":"C8","v":0},null,"Basel III and Standardized RWA = "]
["Total Capital",{"$f":"IF(ISERROR(VLOOKUP($B$2,data,34,FALSE)),0,VLOOKUP($B$2,data,34,FALSE))","v":0},{"$f":"K75","v":0},{"$f":"C9","v":0},null,"Standardized RWA",null,{"$f":"'Standardized Approach Values'!I32","v":0}]
["Risk-Weighted Assets",{"$f":"IF(ISERROR(VLOOKUP($B$2,data,32,FALSE)),0,VLOOKUP($B$2,data,32,FALSE))","v":0},{"$f":"'Basel III Approach Values'!G43","v":0},{"$f":"C10+'Standardized Approach Values'!I30","v":0},null,"Plus Items Currently Disallowed/Neutralized",null,{"$f":"'Basel III Approach Values'!G40","v":0}]
["Average Assets",{"$f":"IF(ISERROR(VLOOKUP($B$2,data,7,FALSE)),0,VLOOKUP($B$2,data,7,FALSE))","v":0},{"$f":"IF(ISERROR(VLOOKUP($B$2,data,6,FALSE)),0,VLOOKUP($B$2,data,6,FALSE)-'Basel III Approach Values'!G41)","v":0},{"$f":"C11","v":0},null,"Less Basel III Adjustments",null,{"$f":"'Basel III Approach Values'!G41","v":0}]
[null,null,null,null,null,"Total Combined RWA",null,{"$f":"H9+H10-H11","v":0}]
["Regulatory Ratios","Current Rules","Basel III Rules Only","Basel III & Standardized"]
["Leverage Ratio",{"$f":"B$7/B$11","v":{"$error":"#DIV/0!"}},{"$f":"C$7/C$11","v":{"$error":"#DIV/0!"}},{"$f":"D$7/D$11","v":{"$error":"#DIV/0!"}}]
["Common Equity Tier 1 Capital Ratio","n/a",{"$f":"C$6/C$10","v":{"$error":"#DIV/0!"}},{"$f":"D$6/D$10","v":{"$error":"#DIV/0!"}}]
["Tier 1 Capital Ratio",{"$f":"B$7/B$10","v":{"$error":"#DIV/0!"}},{"$f":"C$7/C$10","v":{"$error":"#DIV/0!"}},{"$f":"D$7/D$10","v":{"$error":"#DIV/0!"}}]
["Total Capital Ratio",{"$f":"B$9/B$10","v":{"$error":"#DIV/0!"}},{"$f":"C$9/C$10","v":{"$error":"#DIV/0!"}},{"$f":"D$9/D$10","v":{"$error":"#DIV/0!"}}]
[]
["Phase-In Timeline Comparison with Minimums (including Capital Conservation Buffer beginning in 2016)"]
[]
["Select Proposed Change(s) to Current Rules -->","Basel III Rules only"]
[]
[" ","2013","2014","2015","2016","2017","2018","2019"]
["PCA Category",{"$f":"IF(AND(B26>=0.05,B28>=0.06,B29>=0.1),\"Well\",IF(OR(B26<0.03,B28<0.03,B29<0.06),\"Sign. Under\",IF(OR(B26<0.04,B28<0.04,B29<0.08),\"Undercapitalized\",IF(OR(B26<0.05,B28<0.06,B29<0.1),\"Adequately\",\"n/a\"))))","v":{"$error":"#N/A"}},{"$f":"IF(AND(C26>=0.05,C28>=0.06,C29>=0.1),\"Well\",IF(OR(C26<0.03,C28<0.03,C29<0.06),\"Sign. Under\",IF(OR(C26<0.04,C28<0.04,C29<0.08),\"Undercapitalized\",IF(OR(C26<0.05,C28<0.06,C29<0.1),\"Adequately\",\"n/a\"))))","v":{"$error":"#N/A"}},{"$f":"IF(AND(D26>=0.05,D27>0.065,D28>=0.08,D29>=0.1),\"Well\",IF(OR(D26<0.03,D27<0.03,D28<0.04,D29<0.06),\"Sign. Under\",IF(OR(D26<0.04,D27<0.045,D28<0.06,D29<0.08),\"Undercapitalized\",IF(OR(D26<0.05,D27<0.065,D28<0.08,D29<0.1),\"Adequately\",\"n/a\"))))","v":{"$error":"#N/A"}},{"$f":"IF(AND(E26>=0.05,E27>0.065,E28>=0.08,E29>=0.1),\"Well\",IF(OR(E26<0.03,E27<0.03,E28<0.04,E29<0.06),\"Sign. Under\",IF(OR(E26<0.04,E27<0.045,E28<0.06,E29<0.08),\"Undercapitalized\",IF(OR(E26<0.05,E27<0.065,E28<0.08,E29<0.1),\"Adequately\",\"n/a\"))))","v":{"$error":"#N/A"}},{"$f":"IF(AND(F26>=0.05,F27>0.065,F28>=0.08,F29>=0.1),\"Well\",IF(OR(F26<0.03,F27<0.03,F28<0.04,F29<0.06),\"Sign. Under\",IF(OR(F26<0.04,F27<0.045,F28<0.06,F29<0.08),\"Undercapitalized\",IF(OR(F26<0.05,F27<0.065,F28<0.08,F29<0.1),\"Adequately\",\"n/a\"))))","v":{"$error":"#N/A"}},{"$f":"IF(AND(G26>=0.05,G27>0.065,G28>=0.08,G29>=0.1),\"Well\",IF(OR(G26<0.03,G27<0.03,G28<0.04,G29<0.06),\"Sign. Under\",IF(OR(G26<0.04,G27<0.045,G28<0.06,G29<0.08),\"Undercapitalized\",IF(OR(G26<0.05,G27<0.065,G28<0.08,G29<0.1),\"Adequately\",\"n/a\"))))","v":{"$error":"#N/A"}},{"$f":"IF(AND(H26>=0.05,H27>0.065,H28>=0.08,H29>=0.1),\"Well\",IF(OR(H26<0.03,H27<0.03,H28<0.04,H29<0.06),\"Sign. Under\",IF(OR(H26<0.04,H27<0.045,H28<0.06,H29<0.08),\"Undercapitalized\",IF(OR(H26<0.05,H27<0.065,H28<0.08,H29<0.1),\"Adequately\",\"n/a\"))))","v":{"$error":"#N/A"}}]
["Conservation Buffer Maximum Payout","n/a","n/a","n/a",{"$f":"IF(C21=\"Select\",\"n/a\",IF(E30>0.00625,\"No Limit\",IF(E30>0.00469,\"60%\",IF(E30>0.00313,\"40%\",IF(E30>0.00156,\"20%\",IF(E30<=0.00156,\"0%\",\"n/a\"))))))","v":{"$error":"#N/A"}},{"$f":"IF(B21=\"Select\",\"n/a\",IF(E30>0.0125,\"No Limit\",IF(F30>0.00938,\"60%\",IF(F30>0.00625,\"40%\",IF(F30>0.00313,\"20%\",IF(F30<=0.00313,\"0%\",\"n/a\"))))))","v":{"$error":"#N/A"}},{"$f":"IF(B21=\"Select\",\"n/a\",IF(G30>0.01875,\"No Limit\",IF(G30>0.01406,\"60%\",IF(G30>0.00938,\"40%\",IF(G30>0.00469,\"20%\",IF(G30<=0.00469,\"0%\",\"n/a\"))))))","v":{"$error":"#N/A"}},{"$f":"IF(B21=\"Select\",\"n/a\",IF(H30>0.025,\"No Limit\",IF(H30>0.01875,\"60%\",IF(H30>0.0125,\"40%\",IF(H30>0.00625,\"20%\",IF(H30<=0.00625,\"0%\",\"n/a\"))))))","v":{"$error":"#N/A"}}]
["Leverage Ratio",{"$f":"IF($B$21=\"Basel III and Standardized\",B$40,IF($B$21=\"Basel III Rules only\",B$51,IF($B$21=\"Current Rules\",$B$14,\"n/a\")))","v":{"$error":"#N/A"}},{"$error":"#N/A"},{"$error":"#N/A"},{"$error":"#N/A"},{"$error":"#N/A"},{"$error":"#N/A"},{"$error":"#N/A"}]
["Common Equity Tier 1 Capital Ratio",{"$f":"IF($B$21=\"Basel III and Standardized\",B$37,IF($B$21=\"Basel III Rules only\",B$48,IF($B$21=\"Current Rules\",$B$15,\"n/a\")))","v":{"$error":"#N/A"}},{"$error":"#N/A"},{"$error":"#N/A"},{"$error":"#N/A"},{"$error":"#N/A"},{"$error":"#N/A"},{"$error":"#N/A"}]
["Tier 1 Capital Ratio",{"$f":"IF($B$21=\"Basel III and Standardized\",B$38,IF($B$21=\"Basel III Rules only\",B$49,IF($B$21=\"Current Rules\",$B$16,\"n/a\")))","v":{"$error":"#N/A"}},{"$error":"#N/A"},{"$error":"#N/A"},{"$error":"#N/A"},{"$error":"#N/A"},{"$error":"#N/A"},{"$error":"#N/A"}]
["Total Capital Ratio",{"$f":"IF($B$21=\"Basel III and Standardized\",B$39,IF($B$21=\"Basel III Rules only\",B$50,IF($B$21=\"Current Rules\",$B$17,\"n/a\")))","v":{"$error":"#N/A"}},{"$error":"#N/A"},{"$error":"#N/A"},{"$error":"#N/A"},{"$error":"#N/A"},{"$error":"#N/A"},{"$error":"#N/A"}]
["Capital Conservation Buffer",null,null,null,{"$f":"(MIN(E27-0.045,E28-0.06,E29-0.08))","v":{"$error":"#N/A"}},{"$f":"(MIN(F27-0.045,F28-0.06,F29-0.08))","v":{"$error":"#N/A"}},{"$f":"(MIN(G27-0.045,G28-0.06,G29-0.08))","v":{"$error":"#N/A"}},{"$f":"(MIN(H27-0.045,H28-0.06,H29-0.08))","v":{"$error":"#N/A"}}]
[]
[]
[]
[]
[]
["Basel III & Standardized",2013,2014,2015,2016,2017,2018,2019,2020,2021,2022]
["Common Equity Tier 1 Capital",{"$f":"B59/B80","v":{"$error":"#N/A"}},{"$f":"C59/C80","v":{"$error":"#N/A"}},{"$f":"D59/D82","v":{"$error":"#N/A"}},{"$error":"#N/A"},{"$error":"#N/A"},{"$error":"#N/A"},{"$error":"#N/A"},{"$error":"#N/A"},{"$error":"#N/A"},{"$error":"#DIV/0!"}]
["Tier 1 Capital Ratio",{"$f":"B68/B80","v":{"$error":"#N/A"}},{"$f":"C68/C80","v":{"$error":"#N/A"}},{"$f":"D68/D82","v":{"$error":"#N/A"}},{"$error":"#N/A"},{"$error":"#N/A"},{"$error":"#N/A"},{"$error":"#N/A"},{"$error":"#N/A"},{"$error":"#N/A"},{"$error":"#DIV/0!"}]
["Total Capital Ratio",{"$f":"B75/B80","v":{"$error":"#N/A"}},{"$f":"C75/C80","v":{"$error":"#N/A"}},{"$f":"D75/D82","v":{"$error":"#N/A"}},{"$error":"#N/A"},{"$error":"#N/A"},{"$error":"#N/A"},{"$error":"#N/A"},{"$error":"#N/A"},{"$error":"#N/A"},{"$error":"#DIV/0!"}]
["Leverage",{"$f":"B68/B84","v":{"$error":"#N/A"}},{"$f":"C68/C84","v":{"$error":"#N/A"}},{"$error":"#N/A"},{"$error":"#N/A"},{"$error":"#N/A"},{"$error":"#N/A"},{"$error":"#N/A"},{"$error":"#N/A"},{"$error":"#N/A"},{"$error":"#DIV/0!"}]
[]
[]
[]
[]
[]
[]
["Basel III Only"]
["Common Equity Tier 1 Capital",{"$f":"B59/B80","v":{"$error":"#N/A"}},{"$f":"C59/C80","v":{"$error":"#N/A"}},{"$error":"#N/A"},{"$error":"#N/A"},{"$error":"#N/A"},{"$error":"#N/A"},{"$error":"#N/A"},{"$error":"#N/A"},{"$error":"#N/A"},{"$error":"#DIV/0!"}]
["Tier 1 Capital Ratio",{"$f":"B68/B80","v":{"$error":"#N/A"}},{"$f":"C68/C80","v":{"$error":"#N/A"}},{"$error":"#N/A"},{"$error":"#N/A"},{"$error":"#N/A"},{"$error":"#N/A"},{"$error":"#N/A"},{"$error":"#N/A"},{"$error":"#N/A"},{"$error":"#DIV/0!"}]
["Total Capital Ratio",{"$f":"B75/B80","v":{"$error":"#N/A"}},{"$f":"C75/C80","v":{"$error":"#N/A"}},{"$error":"#N/A"},{"$error":"#N/A"},{"$error":"#N/A"},{"$error":"#N/A"},{"$error":"#N/A"},{"$error":"#N/A"},{"$error":"#N/A"},{"$error":"#DIV/0!"}]
["Leverage",{"$f":"B68/B84","v":{"$error":"#N/A"}},{"$f":"C68/C84","v":{"$error":"#N/A"}},{"$error":"#N/A"},{"$error":"#N/A"},{"$error":"#N/A"},{"$error":"#N/A"},{"$error":"#N/A"},{"$error":"#N/A"},{"$error":"#N/A"},{"$error":"#DIV/0!"}]
[]
["Other Intangibles, DTA Operating Loss, Gain Securitization Sale, Change in FV due to own creditworthiness",{"$f":"VLOOKUP($B$2,data,22,FALSE)+VLOOKUP($B$2,data,60,FALSE)+'Basel III Approach Values'!$C$11+'Basel III Approach Values'!$C$12+'Basel III Approach Values'!$C$14+'Basel III Approach Values'!$C$15+'Basel III Approach Values'!$C$16-B88","v":{"$error":"#N/A"}},{"$f":"((VLOOKUP($B$2,data,22,FALSE)+VLOOKUP($B$2,data,60,FALSE)+'Basel III Approach Values'!$C$11+'Basel III Approach Values'!$C$12+'Basel III Approach Values'!$C$14+'Basel III Approach Values'!C15)*0.8)+'Basel III Approach Values'!C16-C88","v":{"$error":"#N/A"}},{"$f":"((VLOOKUP($B$2,data,22,FALSE)+VLOOKUP($B$2,data,60,FALSE)+'Basel III Approach Values'!$C$11+'Basel III Approach Values'!$C$12+'Basel III Approach Values'!$C$14+'Basel III Approach Values'!C15)*0.6)+'Basel III Approach Values'!C16-D88","v":{"$error":"#N/A"}},{"$f":"((VLOOKUP($B$2,data,22,FALSE)+VLOOKUP($B$2,data,60,FALSE)+'Basel III Approach Values'!$C$11+'Basel III Approach Values'!$C$12+'Basel III Approach Values'!$C$14+'Basel III Approach Values'!C15)*0.4)+'Basel III Approach Values'!C16-E88","v":{"$error":"#N/A"}},{"$f":"((VLOOKUP($B$2,data,22,FALSE)+VLOOKUP($B$2,data,60,FALSE)+'Basel III Approach Values'!$C$11+'Basel III Approach Values'!$C$12+'Basel III Approach Values'!$C$14+'Basel III Approach Values'!$C$15)*0.2)+'Basel III Approach Values'!$C$16-F88","v":{"$error":"#N/A"}},{"$f":"((VLOOKUP($B$2,data,22,FALSE)+VLOOKUP($B$2,data,60,FALSE)+'Basel III Approach Values'!$C$11+'Basel III Approach Values'!$C$12+'Basel III Approach Values'!$C$14+'Basel III Approach Values'!$C$15)*0)+'Basel III Approach Values'!$C$16-G88","v":{"$error":"#N/A"}},{"$f":"((VLOOKUP($B$2,data,22,FALSE)+VLOOKUP($B$2,data,60,FALSE)+'Basel III Approach Values'!$C$11+'Basel III Approach Values'!$C$12+'Basel III Approach Values'!$C$14+'Basel III Approach Values'!$C$15)*0)+'Basel III Approach Values'!$C$16-H88","v":{"$error":"#N/A"}},{"$f":"((VLOOKUP($B$2,data,22,FALSE)+VLOOKUP($B$2,data,60,FALSE)+'Basel III Approach Values'!$C$11+'Basel III Approach Values'!$C$12+'Basel III Approach Values'!$C$14+'Basel III Approach Values'!$C$15)*0)+'Basel III Approach Values'!$C$16-I88","v":{"$error":"#N/A"}},{"$f":"((VLOOKUP($B$2,data,22,FALSE)+VLOOKUP($B$2,data,60,FALSE)+'Basel III Approach Values'!$C$11+'Basel III Approach Values'!$C$12+'Basel III Approach Values'!$C$14+'Basel III Approach Values'!$C$15)*0)+'Basel III Approach Values'!$C$16-J88","v":{"$error":"#N/A"}}]
["AOCI Adjustment",{"$f":"VLOOKUP($B$2,data,63,FALSE)+VLOOKUP($B$2,data,64,FALSE)+(VLOOKUP($B$2,data,11,FALSE)-'Basel III Approach Values'!$C$9)","v":{"$error":"#N/A"}},{"$f":"(VLOOKUP($B$2,data,63,FALSE)+VLOOKUP($B$2,data,64,FALSE)+(VLOOKUP($B$2,data,11,FALSE)-'Basel III Approach Values'!$C$9))*0.8","v":{"$error":"#N/A"}},{"$f":"(VLOOKUP($B$2,data,63,FALSE)+VLOOKUP($B$2,data,64,FALSE)+(VLOOKUP($B$2,data,11,FALSE)-'Basel III Approach Values'!$C$9))*0.6","v":{"$error":"#N/A"}},{"$f":"(VLOOKUP($B$2,data,63,FALSE)+VLOOKUP($B$2,data,64,FALSE)+(VLOOKUP($B$2,data,11,FALSE)-'Basel III Approach Values'!$C$9))*0.4","v":{"$error":"#N/A"}},{"$f":"(VLOOKUP($B$2,data,63,FALSE)+VLOOKUP($B$2,data,64,FALSE)+(VLOOKUP($B$2,data,11,FALSE)-'Basel III Approach Values'!$C$9))*0.2","v":{"$error":"#N/A"}},{"$f":"(VLOOKUP($B$2,data,63,FALSE)+VLOOKUP($B$2,data,64,FALSE)+(VLOOKUP($B$2,data,11,FALSE)-'Basel III Approach Values'!$C$9))*0","v":{"$error":"#N/A"}}]
["Threshold Deductions 10% bucket",{"$f":"'Basel III Approach Values'!$C$20+'Basel III Approach Values'!$C$23+'Basel III Approach Values'!$C$26","v":0},{"$f":"('Basel III Approach Values'!$C$20+'Basel III Approach Values'!$C$23+'Basel III Approach Values'!$C$26)*0.8","v":0},{"$f":"('Basel III Approach Values'!$C$20+'Basel III Approach Values'!$C$23+'Basel III Approach Values'!$C$26)*0.6","v":0},{"$f":"('Basel III Approach Values'!$C$20+'Basel III Approach Values'!$C$23+'Basel III Approach Values'!$C$26)*0.4","v":0},{"$f":"('Basel III Approach Values'!$C$20+'Basel III Approach Values'!$C$23+'Basel III Approach Values'!$C$26)*0.2","v":0},{"$f":"('Basel III Approach Values'!$C$20+'Basel III Approach Values'!$C$23+'Basel III Approach Values'!$C$26)*0","v":0}]
["Threshold Deductions 15% bucket",{"$f":"IF(('Basel III Approach Values'!$C$21+'Basel III Approach Values'!$C$24+'Basel III Approach Values'!$C$27)>(0.15*'Basel III Approach Values'!$C$17),('Basel III Approach Values'!$C$21+'Basel III Approach Values'!$C$24+'Basel III Approach Values'!$C$27)-(0.15*'Basel III Approach Values'!$C$17),0)","v":0},{"$f":"IF(('Basel III Approach Values'!$C$21+'Basel III Approach Values'!$C$24+'Basel III Approach Values'!$C$27)>(0.15*'Basel III Approach Values'!$C$17),(('Basel III Approach Values'!$C$21+'Basel III Approach Values'!$C$24+'Basel III Approach Values'!$C$27)-(0.15*'Basel III Approach Values'!$C$17)*0.8),0)","v":0},{"$f":"IF(('Basel III Approach Values'!$C$21+'Basel III Approach Values'!$C$24+'Basel III Approach Values'!$C$27)>(0.15*'Basel III Approach Values'!$C$17),(('Basel III Approach Values'!$C$21+'Basel III Approach Values'!$C$24+'Basel III Approach Values'!$C$27)-(0.15*'Basel III Approach Values'!$C$17)*0.6),0)","v":0},{"$f":"IF(('Basel III Approach Values'!$C$21+'Basel III Approach Values'!$C$24+'Basel III Approach Values'!$C$27)>(0.15*'Basel III Approach Values'!$C$17),(('Basel III Approach Values'!$C$21+'Basel III Approach Values'!$C$24+'Basel III Approach Values'!$C$27)-(0.15*'Basel III Approach Values'!$C$17)*0.4),0)","v":0},{"$f":"IF(('Basel III Approach Values'!$C$21+'Basel III Approach Values'!$C$24+'Basel III Approach Values'!$C$27)>(0.15*'Basel III Approach Values'!$C$17),(('Basel III Approach Values'!$C$21+'Basel III Approach Values'!$C$24+'Basel III Approach Values'!$C$27)-(0.15*'Basel III Approach Values'!$C$17)*0.2),0)","v":0},{"$f":"IF(('Basel III Approach Values'!$C$21+'Basel III Approach Values'!$C$24+'Basel III Approach Values'!$C$27)>(0.15*'Basel III Approach Values'!$C$17),(('Basel III Approach Values'!$C$21+'Basel III Approach Values'!$C$24+'Basel III Approach Values'!$C$27)-(0.15*'Basel III Approach Values'!$C$17)*0),0)","v":0}]
["Common Equity Tier 1",{"$f":"'Basel III Approach Values'!$C$33+B53-B54+B55+B56","v":{"$error":"#N/A"}},{"$f":"'Basel III Approach Values'!$C$33+C53-C54+C55+C56","v":{"$error":"#N/A"}},{"$f":"'Basel III Approach Values'!$C$33+D53-D54+D55+D56","v":{"$error":"#N/A"}},{"$f":"'Basel III Approach Values'!$C$33+E53-E54+E55+E56","v":{"$error":"#N/A"}},{"$f":"'Basel III Approach Values'!$C$33+F53-F54+F55+F56","v":{"$error":"#N/A"}},{"$f":"'Basel III Approach Values'!$C$33+G53-G54+G55+G56","v":{"$error":"#N/A"}},{"$f":"'Basel III Approach Values'!$C$33+H53-H54+H55+H56","v":{"$error":"#N/A"}},{"$f":"'Basel III Approach Values'!$C$33+I53-I54+I55+I56","v":{"$error":"#N/A"}},{"$f":"'Basel III Approach Values'!$C$33+J53-J54+J55+J56","v":{"$error":"#N/A"}},{"$f":"'Basel III Approach Values'!$C$33+K53-K54+K55+K56","v":0}]
["  CET1 Deductions due to insufficient AT1 for transition deductions",{"$f":"MAX(0,B57-B67)","v":{"$error":"#N/A"}},{"$f":"MAX(0,C57-C67)","v":{"$error":"#N/A"}},{"$error":"#N/A"},{"$error":"#N/A"},{"$error":"#N/A"},{"$error":"#N/A"}]
["  =CET1",{"$f":"B57-B58","v":{"$error":"#N/A"}},{"$error":"#N/A"},{"$error":"#N/A"},{"$error":"#N/A"},{"$error":"#N/A"},{"$error":"#N/A"},{"$error":"#N/A"},{"$error":"#N/A"},{"$error":"#N/A"},0]
[]
["Non-qualifying tier 1 capital instruments",{"$f":"'Basel III Approach Values'!$B$38*0.9","v":0},{"$f":"'Basel III Approach Values'!$B$38*0.8","v":0},{"$f":"'Basel III Approach Values'!$B$38*0.7","v":0},{"$f":"'Basel III Approach Values'!$B$38*0.6","v":0},{"$f":"'Basel III Approach Values'!$B$38*0.5","v":0},{"$f":"'Basel III Approach Values'!$B$38*0.4","v":0},{"$f":"'Basel III Approach Values'!$B$38*0.3","v":0},{"$f":"'Basel III Approach Values'!$B$38*0.2","v":0},{"$f":"'Basel III Approach Values'!$B$38*0.1","v":0},{"$f":"'Basel III Approach Values'!$B$38*0","v":0}]
["Significant/Non-Sig Investments in AT1 ",{"$f":"((('Basel III Approach Values'!$C$40+'Basel III Approach Values'!$C$41)*1))","v":0},{"$f":"((('Basel III Approach Values'!$C$40+'Basel III Approach Values'!$C$41)*0.8))","v":0},{"$f":"((('Basel III Approach Values'!$C$40+'Basel III Approach Values'!$C$41)*0.6))","v":0},{"$f":"((('Basel III Approach Values'!$C$40+'Basel III Approach Values'!$C$41)*0.4))","v":0},{"$f":"((('Basel III Approach Values'!$C$40+'Basel III Approach Values'!$C$41)*0.2))","v":0},{"$f":"((('Basel III Approach Values'!$C$40+'Basel III Approach Values'!$C$41)*0))","v":0},0,0,0,0]
["Regulatory deductions from additional tier 1",{"$f":"'Basel III Approach Values'!$C$42-'Summary and Timeline'!B87","v":0},{"$f":"'Basel III Approach Values'!$C$42-'Summary and Timeline'!C87","v":{"$error":"#N/A"}},{"$f":"'Basel III Approach Values'!$C$42-'Summary and Timeline'!D87","v":{"$error":"#N/A"}},{"$f":"'Basel III Approach Values'!$C$42-'Summary and Timeline'!E87","v":{"$error":"#N/A"}},{"$f":"'Basel III Approach Values'!$C$42-'Summary and Timeline'!F87","v":{"$error":"#N/A"}},{"$f":"'Basel III Approach Values'!$C$42-'Summary and Timeline'!G87","v":{"$error":"#N/A"}},{"$f":"'Basel III Approach Values'!$C$42-'Summary and Timeline'!H87","v":0},{"$f":"'Basel III Approach Values'!$C$42-'Summary and Timeline'!I87","v":0},{"$f":"'Basel III Approach Values'!$C$42-'Summary and Timeline'!J87","v":0},0]
[null,0,0,0,0,0,0,0,0,0,0]
["   Subtotal Tier 1",{"$f":"'Basel III Approach Values'!$C$43+B61+B62+B63+B64","v":0},{"$f":"'Basel III Approach Values'!$C$43+C61+C62+C63+C64","v":{"$error":"#N/A"}},{"$f":"'Basel III Approach Values'!$C$43+D61+D62+D63+D64","v":{"$error":"#N/A"}},{"$f":"'Basel III Approach Values'!$C$43+E61+E62+E63+E64","v":{"$error":"#N/A"}},{"$f":"'Basel III Approach Values'!$C$43+F61+F62+F63+F64","v":{"$error":"#N/A"}},{"$f":"'Basel III Approach Values'!$C$43+G61+G62+G63+G64","v":{"$error":"#N/A"}},{"$f":"'Basel III Approach Values'!$C$43+H61+H62+H63+H64","v":0},{"$f":"'Basel III Approach Values'!$C$43+I61+I62+I63+I64","v":0},{"$f":"'Basel III Approach Values'!$C$43+J61+J62+J63+J64","v":0},{"$f":"'Basel III Approach Values'!$C$43+K61+K62+K63+K64","v":0}]
["Impact of CET1 Transitions on Tier 1",{"$f":"((VLOOKUP($B$2,data,22,FALSE)+VLOOKUP($B$2,data,60,FALSE))-$B$54+('Basel III Approach Values'!$C$15)+('Basel III Approach Values'!$C$20+'Basel III Approach Values'!$C$23+'Basel III Approach Values'!$C$26))+IF('Basel III Approach Values'!$C$28>('Basel III Approach Values'!$C$17*0.15),('Basel III Approach Values'!$C$28-('Basel III Approach Values'!$C$17*0.15)),0)","v":{"$error":"#N/A"}},{"$f":"((((VLOOKUP($B$2,data,22,FALSE)+VLOOKUP($B$2,data,60,FALSE))-$B$54+('Basel III Approach Values'!$C$15)+('Basel III Approach Values'!$C$20+'Basel III Approach Values'!$C$23+'Basel III Approach Values'!$C$26))+IF('Basel III Approach Values'!$C$28>('Basel III Approach Values'!$C$17*0.15),('Basel III Approach Values'!$C$28-('Basel III Approach Values'!$C$17*0.15)),0))*0.8)","v":{"$error":"#N/A"}},{"$f":"((((VLOOKUP($B$2,data,22,FALSE)+VLOOKUP($B$2,data,60,FALSE))-$B$54+('Basel III Approach Values'!$C$15)+('Basel III Approach Values'!$C$20+'Basel III Approach Values'!$C$23+'Basel III Approach Values'!$C$26))+IF('Basel III Approach Values'!$C$28>('Basel III Approach Values'!$C$17*0.15),('Basel III Approach Values'!$C$28-('Basel III Approach Values'!$C$17*0.15)),0))*0.6)","v":{"$error":"#N/A"}},{"$f":"((((VLOOKUP($B$2,data,22,FALSE)+VLOOKUP($B$2,data,60,FALSE))-$B$54+('Basel III Approach Values'!$C$15)+('Basel III Approach Values'!$C$20+'Basel III Approach Values'!$C$23+'Basel III Approach Values'!$C$26))+IF('Basel III Approach Values'!$C$28>('Basel III Approach Values'!$C$17*0.15),('Basel III Approach Values'!$C$28-('Basel III Approach Values'!$C$17*0.15)),0))*0.4)","v":{"$error":"#N/A"}},{"$f":"((((VLOOKUP($B$2,data,22,FALSE)+VLOOKUP($B$2,data,60,FALSE))-$B$54+('Basel III Approach Values'!$C$15)+('Basel III Approach Values'!$C$20+'Basel III Approach Values'!$C$23+'Basel III Approach Values'!$C$26))+IF('Basel III Approach Values'!$C$28>('Basel III Approach Values'!$C$17*0.15),('Basel III Approach Values'!$C$28-('Basel III Approach Values'!$C$17*0.15)),0))*0.2)","v":{"$error":"#N/A"}},{"$f":"(((VLOOKUP($B$2,data,22,FALSE)+VLOOKUP($B$2,data,60,FALSE))-$B$54+('Basel III Approach Values'!$C$15)+('Basel III Approach Values'!$C$20+'Basel III Approach Values'!$C$23+'Basel III Approach Values'!$C$26))+IF('Basel III Approach Values'!$C$28>('Basel III Approach Values'!$C$17*0.15),('Basel III Approach Values'!$C$28-('Basel III Approach Values'!$C$17*0.15)),0))*0","v":{"$error":"#N/A"}},0,0,0,0]
["   Subtotal Tier 1 Capital",{"$f":"B65+B66","v":{"$error":"#N/A"}},{"$error":"#N/A"},{"$error":"#N/A"},{"$error":"#N/A"},{"$error":"#N/A"},{"$error":"#N/A"},0,0,0,0]
["   =Tier 1 Capital",{"$f":"IF(B67<B57,B59,B67)","v":{"$error":"#N/A"}},{"$error":"#N/A"},{"$error":"#N/A"},{"$error":"#N/A"},{"$error":"#N/A"},{"$error":"#N/A"},{"$error":"#N/A"},{"$error":"#N/A"},{"$error":"#N/A"},{"$f":"'Basel III Approach Values'!$C$43","v":0}]
[]
["Non-qualifying tier 2 capital instruments",{"$f":"'Basel III Approach Values'!$G$9*0.1","v":0},{"$f":"'Basel III Approach Values'!$G$9*0.2","v":0},{"$f":"'Basel III Approach Values'!$G$9*0.3","v":0},{"$f":"'Basel III Approach Values'!$G$9*0.4","v":0},{"$f":"'Basel III Approach Values'!$G$9*0.5","v":0},{"$f":"'Basel III Approach Values'!$G$9*0.6","v":0},{"$f":"'Basel III Approach Values'!$G$9*0.7","v":0},{"$f":"'Basel III Approach Values'!$G$9*0.8","v":0},{"$f":"'Basel III Approach Values'!$G$9*0.9","v":0},{"$f":"'Basel III Approach Values'!$G$9*1","v":0}]
["Significant/NonSignificant Investments in Tier 2",{"$f":"IF('Basel III Approach Values'!$G$12>0,(('Basel III Approach Values'!$G$10+'Basel III Approach Values'!$G$11)*1)-'Summary and Timeline'!B61,IF(('Basel III Approach Values'!$G$5+'Basel III Approach Values'!$G$6+'Basel III Approach Values'!$G$7-'Basel III Approach Values'!$G$8+'Summary and Timeline'!B70)>(('Basel III Approach Values'!$G$10+'Basel III Approach Values'!$G$11)*0),(('Basel III Approach Values'!$G$5+'Basel III Approach Values'!$G$6+'Basel III Approach Values'!$G$7-'Basel III Approach Values'!$G$8+B70)-(('Basel III Approach Values'!$G$10+'Basel III Approach Values'!$G$11)*0)),0))","v":0},{"$f":"IF('Basel III Approach Values'!$G$12>0,(('Basel III Approach Values'!$G$10+'Basel III Approach Values'!$G$11)*0.8)-'Summary and Timeline'!C61,IF(('Basel III Approach Values'!$G$5+'Basel III Approach Values'!$G$6+'Basel III Approach Values'!$G$7-'Basel III Approach Values'!$G$8+'Summary and Timeline'!C70)>(('Basel III Approach Values'!$G$10+'Basel III Approach Values'!$G$11)*0.2),(('Basel III Approach Values'!$G$5+'Basel III Approach Values'!$G$6+'Basel III Approach Values'!$G$7-'Basel III Approach Values'!$G$8+C70)-(('Basel III Approach Values'!$G$10+'Basel III Approach Values'!$G$11)*0.2)),0))","v":0},{"$f":"IF('Basel III Approach Values'!$G$12>0,(('Basel III Approach Values'!$G$10+'Basel III Approach Values'!$G$11)*0.6)-'Summary and Timeline'!D61,IF(('Basel III Approach Values'!$G$5+'Basel III Approach Values'!$G$6+'Basel III Approach Values'!$G$7-'Basel III Approach Values'!$G$8+'Summary and Timeline'!D70)>(('Basel III Approach Values'!$G$10+'Basel III Approach Values'!$G$11)*0.4),(('Basel III Approach Values'!$G$5+'Basel III Approach Values'!$G$6+'Basel III Approach Values'!$G$7-'Basel III Approach Values'!$G$8+D70)-(('Basel III Approach Values'!$G$10+'Basel III Approach Values'!$G$11)*0.4)),0))","v":0},{"$f":"IF('Basel III Approach Values'!$G$12>0,(('Basel III Approach Values'!$G$10+'Basel III Approach Values'!$G$11)*0.4)-'Summary and Timeline'!E61,IF(('Basel III Approach Values'!$G$5+'Basel III Approach Values'!$G$6+'Basel III Approach Values'!$G$7-'Basel III Approach Values'!$G$8+'Summary and Timeline'!E70)>(('Basel III Approach Values'!$G$10+'Basel III Approach Values'!$G$11)*0.6),(('Basel III Approach Values'!$G$5+'Basel III Approach Values'!$G$6+'Basel III Approach Values'!$G$7-'Basel III Approach Values'!$G$8+E70)-(('Basel III Approach Values'!$G$10+'Basel III Approach Values'!$G$11)*0.6)),0))","v":0},{"$f":"IF('Basel III Approach Values'!$G$12>0,(('Basel III Approach Values'!$G$10+'Basel III Approach Values'!$G$11)*0.2)-'Summary and Timeline'!F61,IF(('Basel III Approach Values'!$G$5+'Basel III Approach Values'!$G$6+'Basel III Approach Values'!$G$7-'Basel III Approach Values'!$G$8+'Summary and Timeline'!F70)>(('Basel III Approach Values'!$G$10+'Basel III Approach Values'!$G$11)*0.8),(('Basel III Approach Values'!$G$5+'Basel III Approach Values'!$G$6+'Basel III Approach Values'!$G$7-'Basel III Approach Values'!$G$8+F70)-(('Basel III Approach Values'!$G$10+'Basel III Approach Values'!$G$11)*0.8)),0))","v":0},{"$f":"IF('Basel III Approach Values'!$G$12>0,(('Basel III Approach Values'!$G$10+'Basel III Approach Values'!$G$11)*0)-'Summary and Timeline'!G61,IF(('Basel III Approach Values'!$G$5+'Basel III Approach Values'!$G$6+'Basel III Approach Values'!$G$7-'Basel III Approach Values'!$G$8+'Summary and Timeline'!G70)>(('Basel III Approach Values'!$G$10+'Basel III Approach Values'!$G$11)*1),(('Basel III Approach Values'!$G$5+'Basel III Approach Values'!$G$6+'Basel III Approach Values'!$G$7-'Basel III Approach Values'!$G$8+G70)-(('Basel III Approach Values'!$G$10+'Basel III Approach Values'!$G$11)*1)),0))","v":0},{"$f":"IF('Basel III Approach Values'!$G$12>0,(('Basel III Approach Values'!$G$10+'Basel III Approach Values'!$G$11)*0)-'Summary and Timeline'!H61,IF(('Basel III Approach Values'!$G$5+'Basel III Approach Values'!$G$6+'Basel III Approach Values'!$G$7-'Basel III Approach Values'!$G$8+'Summary and Timeline'!H70)>(('Basel III Approach Values'!$G$10+'Basel III Approach Values'!$G$11)*1),(('Basel III Approach Values'!$G$5+'Basel III Approach Values'!$G$6+'Basel III Approach Values'!$G$7-'Basel III Approach Values'!$G$8+H70)-(('Basel III Approach Values'!$G$10+'Basel III Approach Values'!$G$11)*1)),0))","v":0},{"$f":"IF('Basel III Approach Values'!$G$12>0,(('Basel III Approach Values'!$G$10+'Basel III Approach Values'!$G$11)*0)-'Summary and Timeline'!I61,IF(('Basel III Approach Values'!$G$5+'Basel III Approach Values'!$G$6+'Basel III Approach Values'!$G$7-'Basel III Approach Values'!$G$8+'Summary and Timeline'!I70)>(('Basel III Approach Values'!$G$10+'Basel III Approach Values'!$G$11)*1),(('Basel III Approach Values'!$G$5+'Basel III Approach Values'!$G$6+'Basel III Approach Values'!$G$7-'Basel III Approach Values'!$G$8+I70)-(('Basel III Approach Values'!$G$10+'Basel III Approach Values'!$G$11)*1)),0))","v":0},{"$f":"IF('Basel III Approach Values'!$G$12>0,(('Basel III Approach Values'!$G$10+'Basel III Approach Values'!$G$11)*0)-'Summary and Timeline'!J61,IF(('Basel III Approach Values'!$G$5+'Basel III Approach Values'!$G$6+'Basel III Approach Values'!$G$7-'Basel III Approach Values'!$G$8+'Summary and Timeline'!J70)>(('Basel III Approach Values'!$G$10+'Basel III Approach Values'!$G$11)*1),(('Basel III Approach Values'!$G$5+'Basel III Approach Values'!$G$6+'Basel III Approach Values'!$G$7-'Basel III Approach Values'!$G$8+J70)-(('Basel III Approach Values'!$G$10+'Basel III Approach Values'!$G$11)*1)),0))","v":0},{"$f":"IF('Basel III Approach Values'!$G$12>0,(('Basel III Approach Values'!$G$10+'Basel III Approach Values'!$G$11)*0)-'Summary and Timeline'!K61,IF(('Basel III Approach Values'!$G$5+'Basel III Approach Values'!$G$6+'Basel III Approach Values'!$G$7-'Basel III Approach Values'!$G$8+'Summary and Timeline'!K70)>(('Basel III Approach Values'!$G$10+'Basel III Approach Values'!$G$11)*1),(('Basel III Approach Values'!$G$5+'Basel III Approach Values'!$G$6+'Basel III Approach Values'!$G$7-'Basel III Approach Values'!$G$8+K70)-(('Basel III Approach Values'!$G$10+'Basel III Approach Values'!$G$11)*1)),0))","v":0}]
["Adjustment to Tier 2 capital due to unrealized gain on AFS equities",{"$f":"((VLOOKUP($B$2,data,59,FALSE)))","v":{"$error":"#N/A"}},{"$f":"((VLOOKUP($B$2,data,59,FALSE)))*0.8","v":{"$error":"#N/A"}},{"$f":"((VLOOKUP($B$2,data,59,FALSE)))*0.6","v":{"$error":"#N/A"}},{"$f":"((VLOOKUP($B$2,data,59,FALSE)))*0.4","v":{"$error":"#N/A"}},{"$f":"((VLOOKUP($B$2,data,59,FALSE)))*0.2","v":{"$error":"#N/A"}},{"$f":"((VLOOKUP($B$2,data,59,FALSE)))*0","v":{"$error":"#N/A"}},0,0,0,0]
["  = Tier 2",{"$f":"MAX(0,'Basel III Approach Values'!$G$12+B71+IF(('Basel III Approach Values'!$G$12+B71)>0,B72,0))","v":0},{"$f":"MAX(0,'Basel III Approach Values'!$G$12+C71+IF(('Basel III Approach Values'!$G$12+C71)>0,C72,0))","v":0},{"$f":"MAX(0,'Basel III Approach Values'!$G$12+D71+IF(('Basel III Approach Values'!$G$12+D71)>0,D72,0))","v":0},{"$f":"MAX(0,'Basel III Approach Values'!$G$12+E71+IF(('Basel III Approach Values'!$G$12+E71)>0,E72,0))","v":0},{"$f":"MAX(0,'Basel III Approach Values'!$G$12+F71+IF(('Basel III Approach Values'!$G$12+F71)>0,F72,0))","v":0},{"$f":"MAX(0,'Basel III Approach Values'!$G$12+G71+G72)","v":{"$error":"#N/A"}},{"$f":"MAX(0,'Basel III Approach Values'!$G$12+H71+H72)","v":0},{"$f":"MAX(0,'Basel III Approach Values'!$G$12+I71+I72)","v":0},{"$f":"MAX(0,'Basel III Approach Values'!$G$12+J71+J72)","v":0},{"$f":"MAX(0,'Basel III Approach Values'!$G$12+K71+K72)","v":0}]
[]
["  = Total Capital",{"$f":"B68+B73","v":{"$error":"#N/A"}},{"$f":"C68+C73","v":{"$error":"#N/A"}},{"$error":"#N/A"},{"$error":"#N/A"},{"$error":"#N/A"},{"$error":"#N/A"},{"$error":"#N/A"},{"$error":"#N/A"},{"$error":"#N/A"},0]
[]
["Non-Significant/Significant not in form of C/S",{"$f":"'Basel III Approach Values'!$C$15+'Basel III Approach Values'!$C$40+'Basel III Approach Values'!$C$41+'Basel III Approach Values'!$G$10+'Basel III Approach Values'!$G$11","v":0},{"$f":"('Basel III Approach Values'!$C$15+'Basel III Approach Values'!$C$40+'Basel III Approach Values'!$C$41+'Basel III Approach Values'!$G$10+'Basel III Approach Values'!$G$11)*0.8","v":0},{"$f":"('Basel III Approach Values'!$C$15+'Basel III Approach Values'!$C$40+'Basel III Approach Values'!$C$41+'Basel III Approach Values'!$G$10+'Basel III Approach Values'!$G$11)*0.6","v":0},{"$f":"('Basel III Approach Values'!$C$15+'Basel III Approach Values'!$C$40+'Basel III Approach Values'!$C$41+'Basel III Approach Values'!$G$10+'Basel III Approach Values'!$G$11)*0.4","v":0},{"$f":"('Basel III Approach Values'!$C$15+'Basel III Approach Values'!$C$40+'Basel III Approach Values'!$C$41+'Basel III Approach Values'!$G$10+'Basel III Approach Values'!$G$11)*0.2","v":0}]
["Other Intangibles",{"$f":"VLOOKUP($B$2,data,22,FALSE)+VLOOKUP($B$2,data,60,FALSE)","v":{"$error":"#N/A"}},{"$f":"(VLOOKUP($B$2,data,22,FALSE)+VLOOKUP($B$2,data,60,FALSE))*0.8","v":{"$error":"#N/A"}},{"$f":"(VLOOKUP($B$2,data,22,FALSE)+VLOOKUP($B$2,data,60,FALSE))*0.6","v":{"$error":"#N/A"}},{"$f":"(VLOOKUP($B$2,data,22,FALSE)+VLOOKUP($B$2,data,60,FALSE))*0.4","v":{"$error":"#N/A"}},{"$f":"(VLOOKUP($B$2,data,22,FALSE)+VLOOKUP($B$2,data,60,FALSE))*0.2","v":{"$error":"#N/A"}},{"$f":"(VLOOKUP($B$2,data,22,FALSE)+VLOOKUP($B$2,data,60,FALSE))*0","v":{"$error":"#N/A"}}]
["MSA/DTA/Significant",{"$f":"-(('Basel III Approach Values'!$C$21+'Basel III Approach Values'!$C$24+'Basel III Approach Values'!$C$27-'Basel III Approach Values'!$C$30-'Basel III Approach Values'!$C$32)*2.5)+(('Basel III Approach Values'!$C$19+'Basel III Approach Values'!$C$22+'Basel III Approach Values'!$C$25)-(('Basel III Approach Values'!$C$20+'Basel III Approach Values'!$C$23+'Basel III Approach Values'!$C$26)*0)-IF(('Basel III Approach Values'!$C$21+'Basel III Approach Values'!$C$24+'Basel III Approach Values'!$C$27)>(0.15*'Basel III Approach Values'!$C$17),((('Basel III Approach Values'!$C$21+'Basel III Approach Values'!$C$24+'Basel III Approach Values'!$C$27)-(0.15*'Basel III Approach Values'!$C$17))*0),0)-'Basel III Approach Values'!$C$32)","v":0},{"$f":"-(('Basel III Approach Values'!$C$21+'Basel III Approach Values'!$C$24+'Basel III Approach Values'!$C$27-'Basel III Approach Values'!$C$30-'Basel III Approach Values'!$C$32)*2.5)+(('Basel III Approach Values'!$C$19+'Basel III Approach Values'!$C$22+'Basel III Approach Values'!$C$25)-(('Basel III Approach Values'!$C$20+'Basel III Approach Values'!$C$23+'Basel III Approach Values'!$C$26)*0.2)-IF(('Basel III Approach Values'!$C$21+'Basel III Approach Values'!$C$24+'Basel III Approach Values'!$C$27)>(0.15*'Basel III Approach Values'!$C$17),((('Basel III Approach Values'!$C$21+'Basel III Approach Values'!$C$24+'Basel III Approach Values'!$C$27)-(0.15*'Basel III Approach Values'!$C$17))*0.2),0)-'Basel III Approach Values'!$C$32)","v":0},{"$f":"-(('Basel III Approach Values'!$C$21+'Basel III Approach Values'!$C$24+'Basel III Approach Values'!$C$27-'Basel III Approach Values'!$C$30-'Basel III Approach Values'!$C$32)*2.5)+(('Basel III Approach Values'!$C$19+'Basel III Approach Values'!$C$22+'Basel III Approach Values'!$C$25)-(('Basel III Approach Values'!$C$20+'Basel III Approach Values'!$C$23+'Basel III Approach Values'!$C$26)*0.4)-IF(('Basel III Approach Values'!$C$21+'Basel III Approach Values'!$C$24+'Basel III Approach Values'!$C$27)>(0.15*'Basel III Approach Values'!$C$17),((('Basel III Approach Values'!$C$21+'Basel III Approach Values'!$C$24+'Basel III Approach Values'!$C$27)-(0.15*'Basel III Approach Values'!$C$17))*0.4),0)-'Basel III Approach Values'!$C$32)","v":0},{"$f":"-(('Basel III Approach Values'!$C$21+'Basel III Approach Values'!$C$24+'Basel III Approach Values'!$C$27-'Basel III Approach Values'!$C$30-'Basel III Approach Values'!$C$32)*2.5)+(('Basel III Approach Values'!$C$19+'Basel III Approach Values'!$C$22+'Basel III Approach Values'!$C$25)-(('Basel III Approach Values'!$C$20+'Basel III Approach Values'!$C$23+'Basel III Approach Values'!$C$26)*0.6)-IF(('Basel III Approach Values'!$C$21+'Basel III Approach Values'!$C$24+'Basel III Approach Values'!$C$27)>(0.15*'Basel III Approach Values'!$C$17),((('Basel III Approach Values'!$C$21+'Basel III Approach Values'!$C$24+'Basel III Approach Values'!$C$27)-(0.15*'Basel III Approach Values'!$C$17))*0.6),0)-'Basel III Approach Values'!$C$32)","v":0},{"$f":"-(('Basel III Approach Values'!$C$21+'Basel III Approach Values'!$C$24+'Basel III Approach Values'!$C$27-'Basel III Approach Values'!$C$30-'Basel III Approach Values'!$C$32)*2.5)+(('Basel III Approach Values'!$C$19+'Basel III Approach Values'!$C$22+'Basel III Approach Values'!$C$25)-(('Basel III Approach Values'!$C$20+'Basel III Approach Values'!$C$23+'Basel III Approach Values'!$C$26)*0.8)-IF(('Basel III Approach Values'!$C$21+'Basel III Approach Values'!$C$24+'Basel III Approach Values'!$C$27)>(0.15*'Basel III Approach Values'!$C$17),((('Basel III Approach Values'!$C$21+'Basel III Approach Values'!$C$24+'Basel III Approach Values'!$C$27)-(0.15*'Basel III Approach Values'!$C$17))*0.8),0)-'Basel III Approach Values'!$C$32)","v":0},{"$f":"-(('Basel III Approach Values'!$C$21+'Basel III Approach Values'!$C$24+'Basel III Approach Values'!$C$27-'Basel III Approach Values'!$C$30-'Basel III Approach Values'!$C$32)*2.5)+(('Basel III Approach Values'!$C$19+'Basel III Approach Values'!$C$22+'Basel III Approach Values'!$C$25)-(('Basel III Approach Values'!$C$20+'Basel III Approach Values'!$C$23+'Basel III Approach Values'!$C$26))-IF(('Basel III Approach Values'!$C$21+'Basel III Approach Values'!$C$24+'Basel III Approach Values'!$C$27)>(0.15*'Basel III Approach Values'!$C$17),((('Basel III Approach Values'!$C$21+'Basel III Approach Values'!$C$24+'Basel III Approach Values'!$C$27)-(0.15*'Basel III Approach Values'!$C$17))),0)-'Basel III Approach Values'!$C$32)","v":0}]
["Risk Weighted Assets (Adjusted)",{"$f":"$G$80+B78+B79+B77","v":{"$error":"#N/A"}},{"$f":"$G$80+C78+C79+C77","v":{"$error":"#N/A"}},{"$error":"#N/A"},{"$error":"#N/A"},{"$error":"#N/A"},{"$f":"'Basel III Approach Values'!$G$43","v":0},{"$f":"$G$80","v":0},{"$f":"$G$80","v":0},{"$f":"$G$80","v":0},{"$f":"$G$80","v":0}]
[]
["RWA (Basel III & Standardized)",{"$f":"B80+'Standardized Approach Values'!$I$30","v":{"$error":"#N/A"}},{"$f":"C80+'Standardized Approach Values'!$I$30","v":{"$error":"#N/A"}},{"$f":"D80+'Standardized Approach Values'!$I$30","v":{"$error":"#N/A"}},{"$f":"E80+'Standardized Approach Values'!$I$30","v":{"$error":"#N/A"}},{"$f":"F80+'Standardized Approach Values'!$I$30","v":{"$error":"#N/A"}},{"$f":"G80+'Standardized Approach Values'!$I$30","v":0},{"$f":"$G$82","v":0},{"$f":"$G$82","v":0},{"$f":"$G$82","v":0},{"$f":"$G$82","v":0}]
[]
["Average Assets",{"$f":"$C$11+B77+B78+(('Basel III Approach Values'!$C$19+'Basel III Approach Values'!$C$22+'Basel III Approach Values'!$C$25)-(('Basel III Approach Values'!$C$20+'Basel III Approach Values'!$C$23+'Basel III Approach Values'!$C$26)*0)-IF(('Basel III Approach Values'!$C$21+'Basel III Approach Values'!$C$24+'Basel III Approach Values'!$C$27)>(0.15*'Basel III Approach Values'!$C$17),((('Basel III Approach Values'!$C$21+'Basel III Approach Values'!$C$24+'Basel III Approach Values'!$C$27)-(0.15*'Basel III Approach Values'!$C$17))*0),0)-'Basel III Approach Values'!$C$32)","v":{"$error":"#N/A"}},{"$f":"$C$11+C77+C78+(('Basel III Approach Values'!$C$19+'Basel III Approach Values'!$C$22+'Basel III Approach Values'!$C$25)-(('Basel III Approach Values'!$C$20+'Basel III Approach Values'!$C$23+'Basel III Approach Values'!$C$26)*0.2)-IF(('Basel III Approach Values'!$C$21+'Basel III Approach Values'!$C$24+'Basel III Approach Values'!$C$27)>(0.15*'Basel III Approach Values'!$C$17),((('Basel III Approach Values'!$C$21+'Basel III Approach Values'!$C$24+'Basel III Approach Values'!$C$27)-(0.15*'Basel III Approach Values'!$C$17))*0.2),0)-'Basel III Approach Values'!$C$32)","v":{"$error":"#N/A"}},{"$f":"$C$11+D77+D78+(('Basel III Approach Values'!$C$19+'Basel III Approach Values'!$C$22+'Basel III Approach Values'!$C$25)-(('Basel III Approach Values'!$C$20+'Basel III Approach Values'!$C$23+'Basel III Approach Values'!$C$26)*0.4)-IF(('Basel III Approach Values'!$C$21+'Basel III Approach Values'!$C$24+'Basel III Approach Values'!$C$27)>(0.15*'Basel III Approach Values'!$C$17),((('Basel III Approach Values'!$C$21+'Basel III Approach Values'!$C$24+'Basel III Approach Values'!$C$27)-(0.15*'Basel III Approach Values'!$C$17))*0.4),0)-'Basel III Approach Values'!$C$32)","v":{"$error":"#N/A"}},{"$f":"$C$11+E77+E78+(('Basel III Approach Values'!$C$19+'Basel III Approach Values'!$C$22+'Basel III Approach Values'!$C$25)-(('Basel III Approach Values'!$C$20+'Basel III Approach Values'!$C$23+'Basel III Approach Values'!$C$26)*0.6)-IF(('Basel III Approach Values'!$C$21+'Basel III Approach Values'!$C$24+'Basel III Approach Values'!$C$27)>(0.15*'Basel III Approach Values'!$C$17),((('Basel III Approach Values'!$C$21+'Basel III Approach Values'!$C$24+'Basel III Approach Values'!$C$27)-(0.15*'Basel III Approach Values'!$C$17))*0.6),0)-'Basel III Approach Values'!$C$32)","v":{"$error":"#N/A"}},{"$f":"$C$11+F77+F78+(('Basel III Approach Values'!$C$19+'Basel III Approach Values'!$C$22+'Basel III Approach Values'!$C$25)-(('Basel III Approach Values'!$C$20+'Basel III Approach Values'!$C$23+'Basel III Approach Values'!$C$26)*0.8)-IF(('Basel III Approach Values'!$C$21+'Basel III Approach Values'!$C$24+'Basel III Approach Values'!$C$27)>(0.15*'Basel III Approach Values'!$C$17),((('Basel III Approach Values'!$C$21+'Basel III Approach Values'!$C$24+'Basel III Approach Values'!$C$27)-(0.15*'Basel III Approach Values'!$C$17))*0.8),0)-'Basel III Approach Values'!$C$32)","v":{"$error":"#N/A"}},{"$f":"$C$11","v":0},{"$f":"$C$11","v":0},0,0,0]
[]
[]
["Regulatory deductions due to insufficient tier 2",0,{"$f":"IF(('Basel III Approach Values'!$G$5+'Basel III Approach Values'!$G$6+'Basel III Approach Values'!$G$7-'Basel III Approach Values'!$G$8+('Basel III Approach Values'!$G$9*0.2)+C72)<(('Basel III Approach Values'!$G$10*0.2)+('Basel III Approach Values'!$G$11*0.2)),(('Basel III Approach Values'!$G$10*0.2)+('Basel III Approach Values'!$G$11*0.2))-('Basel III Approach Values'!$G$5+'Basel III Approach Values'!$G$6+'Basel III Approach Values'!$G$7-'Basel III Approach Values'!$G$8+('Basel III Approach Values'!$G$9*0.2)+C72),0)","v":{"$error":"#N/A"}},{"$f":"IF(('Basel III Approach Values'!$G$5+'Basel III Approach Values'!$G$6+'Basel III Approach Values'!$G$7-'Basel III Approach Values'!$G$8+('Basel III Approach Values'!$G$9*0.3)+D72)<(('Basel III Approach Values'!$G$10*0.4)+('Basel III Approach Values'!$G$11*0.4)),(('Basel III Approach Values'!$G$10*0.4)+('Basel III Approach Values'!$G$11*0.4))-('Basel III Approach Values'!$G$5+'Basel III Approach Values'!$G$6+'Basel III Approach Values'!$G$7-'Basel III Approach Values'!$G$8+('Basel III Approach Values'!$G$9*0.3)+D72),0)","v":{"$error":"#N/A"}},{"$f":"IF(('Basel III Approach Values'!$G$5+'Basel III Approach Values'!$G$6+'Basel III Approach Values'!$G$7-'Basel III Approach Values'!$G$8+('Basel III Approach Values'!$G$9*0.4)+E72)<(('Basel III Approach Values'!$G$10*0.6)+('Basel III Approach Values'!$G$11*0.6)),(('Basel III Approach Values'!$G$10*0.6)+('Basel III Approach Values'!$G$11*0.6))-('Basel III Approach Values'!$G$5+'Basel III Approach Values'!$G$6+'Basel III Approach Values'!$G$7-'Basel III Approach Values'!$G$8+('Basel III Approach Values'!$G$9*0.4)+E72),0)","v":{"$error":"#N/A"}},{"$f":"IF(('Basel III Approach Values'!$G$5+'Basel III Approach Values'!$G$6+'Basel III Approach Values'!$G$7-'Basel III Approach Values'!$G$8+('Basel III Approach Values'!$G$9*0.5)+F72)<(('Basel III Approach Values'!$G$10*0.8)+('Basel III Approach Values'!$G$11*0.8)),(('Basel III Approach Values'!$G$10*0.8)+('Basel III Approach Values'!$G$11*0.8))-('Basel III Approach Values'!$G$5+'Basel III Approach Values'!$G$6+'Basel III Approach Values'!$G$7-'Basel III Approach Values'!$G$8+('Basel III Approach Values'!$G$9*0.5)+F72),0)","v":{"$error":"#N/A"}},{"$f":"IF(('Basel III Approach Values'!$G$5+'Basel III Approach Values'!$G$6+'Basel III Approach Values'!$G$7-'Basel III Approach Values'!$G$8+('Basel III Approach Values'!$G$9*0.6)+G72)<(('Basel III Approach Values'!$G$10*1)+('Basel III Approach Values'!$G$11*1)),(('Basel III Approach Values'!$G$10*1)+('Basel III Approach Values'!$G$11*1))-('Basel III Approach Values'!$G$5+'Basel III Approach Values'!$G$6+'Basel III Approach Values'!$G$7-'Basel III Approach Values'!$G$8+('Basel III Approach Values'!$G$9*0.6)+G72),0)","v":{"$error":"#N/A"}},{"$f":"IF(('Basel III Approach Values'!$G$5+'Basel III Approach Values'!$G$6+'Basel III Approach Values'!$G$7-'Basel III Approach Values'!$G$8+('Basel III Approach Values'!$G$9*0.7)+H72)<(('Basel III Approach Values'!$G$10*1)+('Basel III Approach Values'!$G$11*1)),(('Basel III Approach Values'!$G$10*1)+('Basel III Approach Values'!$G$11*1))-('Basel III Approach Values'!$G$5+'Basel III Approach Values'!$G$6+'Basel III Approach Values'!$G$7-'Basel III Approach Values'!$G$8+('Basel III Approach Values'!$G$9*0.7)+H72),0)","v":0},{"$f":"IF(('Basel III Approach Values'!$G$5+'Basel III Approach Values'!$G$6+'Basel III Approach Values'!$G$7-'Basel III Approach Values'!$G$8+('Basel III Approach Values'!$G$9*0.8)+I72)<(('Basel III Approach Values'!$G$10*1)+('Basel III Approach Values'!$G$11*1)),(('Basel III Approach Values'!$G$10*1)+('Basel III Approach Values'!$G$11*1))-('Basel III Approach Values'!$G$5+'Basel III Approach Values'!$G$6+'Basel III Approach Values'!$G$7-'Basel III Approach Values'!$G$8+('Basel III Approach Values'!$G$9*0.8)+I72),0)","v":0},{"$f":"IF(('Basel III Approach Values'!$G$5+'Basel III Approach Values'!$G$6+'Basel III Approach Values'!$G$7-'Basel III Approach Values'!$G$8+('Basel III Approach Values'!$G$9*0.9)+J72)<(('Basel III Approach Values'!$G$10*1)+('Basel III Approach Values'!$G$11*1)),(('Basel III Approach Values'!$G$10*1)+('Basel III Approach Values'!$G$11*1))-('Basel III Approach Values'!$G$5+'Basel III Approach Values'!$G$6+'Basel III Approach Values'!$G$7-'Basel III Approach Values'!$G$8+('Basel III Approach Values'!$G$9*0.9)+J72),0)","v":0},{"$f":"IF(('Basel III Approach Values'!$G$5+'Basel III Approach Values'!$G$6+'Basel III Approach Values'!$G$7-'Basel III Approach Values'!$G$8+('Basel III Approach Values'!$G$9*1)+K72)<(('Basel III Approach Values'!$G$10*1)+('Basel III Approach Values'!$G$11*1)),(('Basel III Approach Values'!$G$10*1)+('Basel III Approach Values'!$G$11*1))-('Basel III Approach Values'!$G$5+'Basel III Approach Values'!$G$6+'Basel III Approach Values'!$G$7-'Basel III Approach Values'!$G$8+('Basel III Approach Values'!$G$9*1)+K72),0)","v":0}]
["Regulatory deductions due to insufficient AT1",0,{"$f":"IF(('Basel III Approach Values'!$C$36+'Basel III Approach Values'!$C$37-'Basel III Approach Values'!$C$39+C61)<(('Basel III Approach Values'!$C$40*0.2)+('Basel III Approach Values'!$C$41*0.2)+'Summary and Timeline'!C87),(('Basel III Approach Values'!$C$40*0.2)+('Basel III Approach Values'!$C$41*0.2)+'Summary and Timeline'!C87)-('Basel III Approach Values'!$C$36+'Basel III Approach Values'!$C$37-'Basel III Approach Values'!$C$39+C61),0)","v":{"$error":"#N/A"}},{"$f":"IF(('Basel III Approach Values'!$C$36+'Basel III Approach Values'!$C$37-'Basel III Approach Values'!$C$39+D61)<(('Basel III Approach Values'!$C$40*0.4)+('Basel III Approach Values'!$C$41*0.4)+'Summary and Timeline'!D87),(('Basel III Approach Values'!$C$40*0.4)+('Basel III Approach Values'!$C$41*0.4)+'Summary and Timeline'!D87)-('Basel III Approach Values'!$C$36+'Basel III Approach Values'!$C$37-'Basel III Approach Values'!$C$39+D61),0)","v":{"$error":"#N/A"}},{"$f":"IF(('Basel III Approach Values'!$C$36+'Basel III Approach Values'!$C$37-'Basel III Approach Values'!$C$39+E61)<(('Basel III Approach Values'!$C$40*0.6)+('Basel III Approach Values'!$C$41*0.6)+'Summary and Timeline'!E87),(('Basel III Approach Values'!$C$40*0.6)+('Basel III Approach Values'!$C$41*0.6)+'Summary and Timeline'!E87)-('Basel III Approach Values'!$C$36+'Basel III Approach Values'!$C$37-'Basel III Approach Values'!$C$39+E61),0)","v":{"$error":"#N/A"}},{"$f":"IF(('Basel III Approach Values'!$C$36+'Basel III Approach Values'!$C$37-'Basel III Approach Values'!$C$39+F61)<(('Basel III Approach Values'!$C$40*0.8)+('Basel III Approach Values'!$C$41*0.8)+'Summary and Timeline'!F87),(('Basel III Approach Values'!$C$40*0.8)+('Basel III Approach Values'!$C$41*0.8)+'Summary and Timeline'!F87)-('Basel III Approach Values'!$C$36+'Basel III Approach Values'!$C$37-'Basel III Approach Values'!$C$39+F61),0)","v":{"$error":"#N/A"}},{"$f":"IF(('Basel III Approach Values'!$C$36+'Basel III Approach Values'!$C$37-'Basel III Approach Values'!$C$39+G61)<(('Basel III Approach Values'!$C$40*1)+('Basel III Approach Values'!$C$41*1)+'Summary and Timeline'!G87),(('Basel III Approach Values'!$C$40*1)+('Basel III Approach Values'!$C$41*1)+'Summary and Timeline'!G87)-('Basel III Approach Values'!$C$36+'Basel III Approach Values'!$C$37-'Basel III Approach Values'!$C$39+G61),0)","v":{"$error":"#N/A"}},{"$f":"IF(('Basel III Approach Values'!$C$36+'Basel III Approach Values'!$C$37-'Basel III Approach Values'!$C$39+H61)<(('Basel III Approach Values'!$C$40*1)+('Basel III Approach Values'!$C$41*1)+'Summary and Timeline'!H87),(('Basel III Approach Values'!$C$40*1)+('Basel III Approach Values'!$C$41*1)+'Summary and Timeline'!H87)-('Basel III Approach Values'!$C$36+'Basel III Approach Values'!$C$37-'Basel III Approach Values'!$C$39+H61),0)","v":0},{"$f":"IF(('Basel III Approach Values'!$C$36+'Basel III Approach Values'!$C$37-'Basel III Approach Values'!$C$39+I61)<(('Basel III Approach Values'!$C$40*1)+('Basel III Approach Values'!$C$41*1)+'Summary and Timeline'!I87),(('Basel III Approach Values'!$C$40*1)+('Basel III Approach Values'!$C$41*1)+'Summary and Timeline'!I87)-('Basel III Approach Values'!$C$36+'Basel III Approach Values'!$C$37-'Basel III Approach Values'!$C$39+I61),0)","v":0},{"$f":"IF(('Basel III Approach Values'!$C$36+'Basel III Approach Values'!$C$37-'Basel III Approach Values'!$C$39+J61)<(('Basel III Approach Values'!$C$40*1)+('Basel III Approach Values'!$C$41*1)+'Summary and Timeline'!J87),(('Basel III Approach Values'!$C$40*1)+('Basel III Approach Values'!$C$41*1)+'Summary and Timeline'!J87)-('Basel III Approach Values'!$C$36+'Basel III Approach Values'!$C$37-'Basel III Approach Values'!$C$39+J61),0)","v":0},{"$f":"IF(('Basel III Approach Values'!$C$36+'Basel III Approach Values'!$C$37-'Basel III Approach Values'!$C$39+K61)<(('Basel III Approach Values'!$C$40*1)+('Basel III Approach Values'!$C$41*1)+'Summary and Timeline'!K87),(('Basel III Approach Values'!$C$40*1)+('Basel III Approach Values'!$C$41*1)+'Summary and Timeline'!K87)-('Basel III Approach Values'!$C$36+'Basel III Approach Values'!$C$37-'Basel III Approach Values'!$C$39+K61),0)","v":0}]

{"sheet":"Minority Interest","index":5,"n_rows":33,"n_cols":15,"rows_kept":33,"cut":false,"hidden":false,"merged":[]}
["Will likely not need to be completed by most institutions."]
["Calculations Related to Minority Interest","Subsidiary:"," ","  ","   ","     ","Amount to be included in capital:"]
[null,1,2,3,4,5]
["Common equity tier 1 capital of the subsidiary",0,0,0,0,0,null,null,null,null,null,null,null,null,{"$f":"'Scoping Questions'!I9","v":"Select"}]
["Percentage of the subsidiary's common equity tier 1 capital not owned by banking organization",0,0,0,0,0]
["Common equity tier 1 minority interest",{"$f":"B4*B5","v":0},{"$f":"C4*C5","v":0},{"$f":"D4*D5","v":0},{"$f":"E4*E5","v":0},{"$f":"F4*F5","v":0}]
["Total risk-weighted assets (RWAs) of the subsidiary",0,0,0,0,0]
["The amount of common equity tier 1 capital the subsidiary must hold to meet a 7 percent common equity tier 1 capital ratio",{"$f":"B7*0.07","v":0},{"$f":"C7*0.07","v":0},{"$f":"D7*0.07","v":0},{"$f":"E7*0.07","v":0},{"$f":"F7*0.07","v":0}]
["\"Surplus\" common equity tier 1 capital of the subsidiary ",{"$f":"MAX(B4-B8,0)","v":0},{"$f":"MAX(C4-C8,0)","v":0},{"$f":"MAX(D4-D8,0)","v":0},{"$f":"MAX(E4-E8,0)","v":0},{"$f":"MAX(F4-F8,0)","v":0}]
["\"Surplus\" common equity tier 1 minority interest ",{"$f":"B5*B9","v":0},{"$f":"C5*C9","v":0},{"$f":"D5*D9","v":0},{"$f":"E5*E9","v":0},{"$f":"F5*F9","v":0}]
["Common equity tier 1 minority interest includable in common equity tier 1 capital",{"$f":"MAX(B6-B10,0)","v":0},{"$f":"MAX(C6-C10,0)","v":0},{"$f":"MAX(D6-D10,0)","v":0},{"$f":"MAX(E6-E10,0)","v":0},{"$f":"MAX(F6-F10,0)","v":0},{"$f":"SUM(B11:F11)","v":0},"Enter in 'Basel III Approach Values 'tab, cell C8."]
[]
["Tier 1 capital of the subsidiary",{"$f":"B14+B4","v":0},{"$f":"C14+C4","v":0},{"$f":"D14+D4","v":0},{"$f":"E14+E4","v":0},{"$f":"F14+F4","v":0}]
["Additional tier 1 capital of the subsidiary",0,0,0,0,0]
["Additional tier 1 capital of the subsidiary not owned by the banking organization",0,0,0,0,0]
["Percentage of the subsidiary's tier 1 capital not owned by the banking organization",{"$f":"IF(B13=0,0,SUM(B6,B15)/B13 )","v":0},{"$f":"IF(C13=0,0,SUM(C6,C15)/C13 )","v":0},0,0,0]
["Tier 1 minority interest",{"$f":"B13*B16","v":0},{"$f":"C13*C16","v":0},{"$f":"D13*D16","v":0},{"$f":"E13*E16","v":0},{"$f":"F13*F16","v":0}]
["Total RWAs of the subsidiary",{"$f":"B7","v":0},{"$f":"C7","v":0},{"$f":"D7","v":0},{"$f":"E7","v":0},{"$f":"F7","v":0}]
["The amount of tier 1 capital the subsidiary must hold to meet an 8.5 percent tier 1 capital ratio",{"$f":"0.085*B18","v":0},{"$f":"0.085*C18","v":0},{"$f":"0.085*D18","v":0},{"$f":"0.085*E18","v":0},{"$f":"0.085*F18","v":0}]
["\"Surplus\" tier 1 capital of the subsidiary ",{"$f":"MAX(B13-B19,0)","v":0},{"$f":"MAX(C13-C19,0)","v":0},{"$f":"MAX(D13-D19,0)","v":0},{"$f":"MAX(E13-E19,0)","v":0},{"$f":"MAX(F13-F19,0)","v":0}]
["\"Surplus\" tier 1 minority interest ",{"$f":"B16*B20","v":0},{"$f":"C16*C20","v":0},{"$f":"D16*D20","v":0},{"$f":"E16*E20","v":0},{"$f":"F16*F20","v":0}]
["Tier 1 minority interest not included in common equity tier 1 capital ",{"$f":"MAX(B17-B21-B11,0)","v":0},{"$f":"MAX(C17-C21-C11,0)","v":0},{"$f":"MAX(D17-D21-D11,0)","v":0},{"$f":"MAX(E17-E21-E11,0)","v":0},{"$f":"MAX(F17-F21-F11,0)","v":0},{"$f":"SUM(B22:F22)","v":0},"Enter in 'Basel III Approach Values 'tab, cell C37."]
[]
["Total capital of  the subsidiary",{"$f":"B13+B25","v":0},{"$f":"C13+C25","v":0},{"$f":"D13+D25","v":0},{"$f":"E13+E25","v":0},{"$f":"F13+F25","v":0}]
["Tier 2 capital of the subsidiary",0,0,0,0,0]
["Tier 2 capital of the subsidiary not owned by the banking organization",0,0,0,0,0]
["Percentage of the subsidiary's total capital not owned by banking organization",{"$f":"IF(B24=0,0,SUM(B26, B15, B6)/B24)","v":0},{"$f":"IF(C24=0,0,SUM(C26, C15, C6)/C24)","v":0},{"$f":"IF(D24=0,0,SUM(D26, D15, D6)/D24)","v":0},{"$f":"IF(E24=0,0,SUM(E26, E15, E6)/E24)","v":0},{"$f":"IF(F24=0,0,SUM(F26, F15, F6)/F24)","v":0}]
["Total capital minority interest",{"$f":"B24*B27","v":0},{"$f":"C24*C27","v":0},{"$f":"D24*D27","v":0},{"$f":"E24*E27","v":0},{"$f":"F24*F27","v":0}]
["Total RWAs of the subsidiary",{"$f":"B18","v":0},{"$f":"C18","v":0},{"$f":"D18","v":0},{"$f":"E18","v":0},{"$f":"F18","v":0}]
["The amount of total capital the subsidiary must hold to meet a 10.5 percent total capital ratio",{"$f":"0.105*B29","v":0},{"$f":"0.105*C29","v":0},{"$f":"0.105*D29","v":0},{"$f":"0.105*E29","v":0},{"$f":"0.105*F29","v":0}]
["\"Surplus\" total capital of the subsidiary ",{"$f":"MAX(B24-B30,0)","v":0},{"$f":"MAX(C24-C30,0)","v":0},{"$f":"MAX(D24-D30,0)","v":0},{"$f":"MAX(E24-E30,0)","v":0},{"$f":"MAX(F24-F30,0)","v":0}]
["\"Surplus\" total capital minority interest ",{"$f":"B27*B31","v":0},{"$f":"C27*C31","v":0},{"$f":"D27*D31","v":0},{"$f":"E27*E31","v":0},{"$f":"F27*F31","v":0}]
["Total capital minority interest that is not included in tier 1 capital",{"$f":"MAX(B28-B32-B22,0)","v":0},{"$f":"MAX(C28-C32-C22,0)","v":0},{"$f":"MAX(D28-D32-D22,0)","v":0},{"$f":"MAX(E28-E32-E22,0)","v":0},{"$f":"MAX(F28-F32-F22,0)","v":0},{"$f":"SUM(B33:F33)","v":0},"Enter in 'Basel III Approach Values 'tab, cell G6."]

{"sheet":"Equity Investments","index":6,"n_rows":21,"n_cols":9,"rows_kept":21,"cut":false,"hidden":false,"merged":[[0,0,0,2]]}
["Equity Exposures"]
["Enter exposure amounts at carrying value",null,null,null,null,null,null,null,"Yes"]
["Equity Exposures ","Exposure","Change in Risk-Weighted Assets",null,null,null,null,{"$f":"'Scoping Questions'!I22","v":"Select"}]
["Equity exposures in unconsolidated SBICs and equity exposures held by consolidated SBICs",0,{"$f":"IF((($B$4+$B$5+$B$6)>(0.1*$C$17))*AND($B$4>(0.1*$C$17)),(($B$4-(0.1*$C$17))*3),0)","v":0}]
["Publicly traded equity exposures",0,{"$f":"IF((($B$4+$B$5+$B$6)>(0.1*$C$17))*AND(($B$4+$B$5)>(0.1*$C$17)),MIN(((($B$4+$B$5)-(0.1*$C$17))*2),($B$5*2)),0)","v":0}]
["Non-publicly traded equity exposures",0,{"$f":"IF((($B$4+$B$5+$B$6)>(0.1*$C$17))*AND(($B$4+$B$5+$B$6)>(0.1*$C$17)),MIN(((($B$4+$B$5+$B$6)-(0.1*$C$17))*3),($B$6*3)),0)","v":0}]
["600% Risk Weight exposures",0,{"$f":"$B$7*5","v":0}]
[]
["Equity Exposures to Investment Funds","Current Risk-Weighted Assets","Proposed Risk-Weighted Assets"]
["Full Look-Through Approach",0,0]
["Simple Modified Look-Through Approach",0,0]
["Alternative Modified Look-Through Approach",0,0]
[]
["Change in RWA for Equity Exposures Under Standardized Approach:",null,{"$f":"$C$4+$C$5+$C$6+$C$7-SUM(B10:B12)+SUM(C10:C12)","v":0},"Enter into 'Standardized Approach Values' tab, cell D32"]
[]
["Total Capital and Changes in RWA"," ","Values"]
["Total Capital",null,{"$f":"'Basel III Approach Values'!G19","v":0}]
["Change in RWA for SBIC exposures",null,{"$f":"IF((($B$4+$B$5+$B$6)>(0.1*$C$17))*AND($B$4>(0.1*$C$17)),(($B$4-(0.1*$C$17))*3),0)","v":0}]
["Change in RWA for publicly traded exposures",null,{"$f":"IF((($B$4+$B$5+$B$6)>(0.1*$C$17))*AND(($B$4+$B$5)>(0.1*$C$17)),MIN(((($B$4+$B$5)-(0.1*$C$17))*2),($B$5*2)),0)","v":0}]
["Change in RWA for non-publicly traded exposures",null,{"$f":"IF((($B$4+$B$5+$B$6)>(0.1*$C$17))*AND(($B$4+$B$5+$B$6)>(0.1*$C$17)),MIN(((($B$4+$B$5+$B$6)-(0.1*$C$17))*3),($B$6*3)),0)","v":0}]
["Change in RWA for 600% risk weight exposures",null,{"$f":"$B$7*5","v":0}]

{"sheet":"Data","index":7,"n_rows":1350,"n_cols":72,"rows_kept":1350,"cut":false,"hidden":true,"merged":[]}
[null,null,null,null,null,"HC-K  5.","HC-R 27.","HC 12.","HC-R 7a.","HC-R 7b.","HC-R 4.","HC-R 11.","HC-R 12.","HC-R 13.","HC-R 14.","HC 24.","HC 25.","HC 26a","HC 26b","HC 26c","HC-R 10","HC-M 12b","HC-F 2.","HC-M 12a","HC-R 9a","HC 23.","HC-R 6a.","HC-R 5.","HC-R 31.","HC-R 32.","HC-R 33.","HC-R 62.","HC-R 17","HC-R 21.","HC-N 11 col B","HC-N 11 col C","HC-N 10 col B","HC-N 10 col C","HC-N 12f. col B","HC-N 12f. col C","HC-N 11b col B","HC-N 11b col C","HC-N 1c.2a col B","HC-N 1c. 2b col B","HC-N 1c.2a col C","HC-N 1c.2b col C","HC-N 1c1. col B","HC-N 1c1. col C","HC 8","HC-R 61.","HC 4c.","HC-G 3.","HC 27b.","HC-R 16.","HC-M 12a1.","HC-R 60.","HC 10a.","HC-R 9b.","HC-R 15","HC-M 12c","HC-R 58","HC-R 59","HC-R 2","HC-R 3","HC-R 6b.","HC-R 6c.","HC-R memo 3a","HC-R memo 3b","HC-R memo 3d","HC-R memo 5b","HC-R memo 8d","HC-R memo 8c"]
[1,2,3,4,5,6,7,{"$f":"G2+1","v":8},{"$f":"H2+1","v":9},10,11,12,13,14,15,16,17,18,19,20,21,22,23,24,25,26,27,28,29,30,31,32,33,34,35,36,37,38,39,40,41,42,43,44,45,46,47,48,49,50,51,52,53,54,55,56,57,58,59,60,61,62,63,64,65,66,67,68,69,70,71,72]
["ID_RSSD","D_DT","NAME","CITY","STATE","BHCK3368","BHCKA224","BHCK2170","BHCKB590","BHCKF264","BHCK4336","BHCK8274","BHCKG217","BHCKG218","BHCK5310","BHCK3230","BHCK3240","BHCK3247","BHCKB530","BHCKA130","BHCKB592","BHCKB026","BHCK2148","BHCK3164","BHCKB591","BHCK3283","BHCKG214","BHCKB588","BHCK7204","BHCK7206","BHCK7205","BHCKA223","BHCK5311","BHCK3792","BHCKK037","BHCKK038","BHCK5525","BHCK5526","BHCKK103","BHCKK104","BHCKK043","BHCKK044","BHCKC237","BHCKC239","BHCKC229","BHCKC230","BHCK5399","BHCK5400","BHCK2130","BHCK3128","BHCK3123","BHCKB557","BHCK3000","BHCKB594","BHCK6438","BHCKA222","BHCK3163","BHCT5610","BHCK2221","BHCK5507","BHCK1651","BHCKB704","BHCK8434","BHCKA221","BHCKG215","BHCKG216","BHCK5479","BHCKC498","BHCKA507","BHCK5484","BHCKC502","BHCK5990"]
[1020180,20120630,"BREMER FNCL CORP              ","SAINT PAUL","MN",8040205,7994849,8060342,72075,0,-30036,819402,0,0,76326,2847,0,828631,-6165,0,0,0,29180,0,0,0,0,0,10.25,13.45,14.71,6090877,76326,895728,67,11175,778,52972,0,0,0,0,0,0,8657,4351,0,3548,1898,0,85515,6049,0,0,0,15238,84226,0,0,175,0,6106115,23872,0,60000,0,0,0,0,0,60000,0]
[1020667,20120630,"NORTHWEST INV CORP            ","DAVENPORT","IA",null,null,19601]
[1020676,20120630,"AMALGAMATED INV CO            ","CHICAGO","IL",826058,822197,974562,85,0,-5255,49005,0,0,5146,2,0,42864,-4513,0,0,0,8949,0,0,0,0,0,5.96,12.01,13.27,408042,5146,54151,0,0,909,24518,0,0,0,0,0,0,705,0,0,0,310,0,10225,0,0,0,0,5079,0,3776,0,86,0,413121,742,0,10000,0,0,0,0,0,10000,0]
[1020902,20120630,"FIRST NAT OF NE               ","OMAHA","NE",14976721,14809244,15199948,165498,0,-87350,1529656,180000,0,148722,1575,2365,1542994,-72552,0,0,39270,169780,19789,1979,0,199,0,10.33,13.03,15.84,11736733,329017,1858673,427,1536,2792,173590,0,0,0,0,644,49,17429,2450,92,1272,808,0,288927,19502,199,0,19789,159707,166188,0,295,2743,0,11896440,14798,0,150000,0,0,0,0,0,150000,0]
[1021682,20120630,"CITIZENS BSHRS                ","FARMINGTON","NM",682050,682050,687960,0,0,0,60847,0,0,3445,890,8278,60591,4980,-9752,0,0,0,0,0,0,0,0,8.92,21.53,22.75,282570,3445,64292,0,0,28,682,0,0,0,0,0,0,137,0,0,0,0,0,3103,342,0,0,0,0,0,0,0,0,0,282570,4980,4160,5000,0,0,0,0,9752,5000,0]
[1022764,20120630,"CENTRAL PACIFIC FC            ","HONOLULU","HI",4139304,4127327,4227070,10015,0,-21601,582879,0,0,32568,784512,67933,-372558,626,0,0,0,0,22985,1962,0,0,0,14.12,23.04,24.32,2530232,32577,615456,0,0,505,120949,0,0,0,0,156,0,39719,0,0,2327,3671,0,103814,3992,9969,0,23359,75238,0,0,9,16715,0,2605470,22227,0,114969,0,0,9969,0,0,105000,0]
[1023154,20120630,"NEW MEXICO BANQUEST CORP      ","SANTA FE","NM",747615,745196,759004,2419,0,-14,79627,87,0,6194,517,25520,42506,2022,-11,0,0,0,0,0,0,0,0,10.69,16.149999999999999,17.420000000000002,493151,6281,85908,0,0,0,5076,0,0,0,0,0,0,85,29,0,0,705,0,8427,106,57,0,0,2339,1287,0,0,1132,0,495490,2022,0,13500,0,0,0,0,11,13500,0]
[1023239,20120630,"MERCHANTS BSHRS               ","SOUTH BURLINGTON","VT",1636196,1636196,1601769,0,0,-3408,130840,0,0,11211,67,36649,89600,3248,-15476,0,0,4734,0,0,0,0,0,8,14.61,15.86,895512,11211,142051,0,0,0,2704,0,0,0,0,0,0,1279,52,0,904,619,0,11203,614,0,0,0,606,0,0,0,0,0,896118,6656,0,20000,0,0,0,0,15476,20000,0]
[1025309,20120630,"BANK OF HI CORP               ","HONOLULU","HI",13793545,13809211,13938403,31517,-198,2717,907599,0,0,70002,571,511729,1044588,32502,-585565,0,0,0,23254,2325,0,0,0,6.57,16.41,17.670000000000002,5532286,70002,977601,0,58,7168,38925,0,0,0,0,3616,178,24646,264,2114,2160,40864,0,132443,5419,0,0,23254,67860,31517,0,0,58,0,5600146,59865,0,0,0,0,0,0,585565,0,0]
[1025541,20120630,"WESTAMERICA BC                ","SAN RAFAEL","CA",4974619,4837294,4950068,137325,0,-197,407571,0,0,34216,260039,115693,169164,13030,0,0,0,43423,2,0,0,0,0,8.43,14.46,15.74,2818628,36079,443650,0,0,665,46454,112,8029,0,0,0,0,1603,3085,0,301,0,0,31523,2693,0,0,2,0,121673,0,1863,25888,0,2818628,13227,0,0,0,0,0,0,0,0,0]
[1025608,20120630,"BANCWEST CORP                 ","HONOLULU","HI",78188475,73048394,78655826,5269876,0,-137805,5934096,0,0,737132,1395,7235271,3856317,13220,0,0,0,523505,35208,0,0,0,0,8.1199999999999992,10.1,11.37,58765209,746814,6680910,1690,13611,21448,697177,0,0,0,0,5872,0,139056,3382,696,10534,0,0,917158,25325,17140,0,39757,205351,5197006,0,9682,72870,0,58970560,151026,0,110990,0,0,0,0,0,100000,0]
[1025662,20120630,"CENTRAL BC                    ","PROVO","UT",676584,675833,688725,751,0,0,104311,0,0,6143,254,0,104808,2673,0,0,0,5169,0,0,0,0,0,15.43,21.49,22.75,485475,6143,110454,0,26,2572,5026,0,0,0,0,11,25,663,232,19,0,0,0,12089,0,0,0,0,5946,751,0,0,0,0,491421,2673,0,0,0,0,0,0,0,0,0]
[1026632,20120630,"CHARLES SCHWAB CORP           ","SAN FRANCISCO","CA",110094000,null,111816000,null,null,null,null,null,null,null,15000,3870000,8280000,154000,-4072000,null,0,0,0,null,863000,null,null,null,null,null,null,null,null,0,0,0,44000,0,0,0,0,0,0,35000,0,0,9000,0,null,49000,1000,0,null,0,null,1165000,null,null,304000]
[1026801,20120630,"FREMONT BC                    ","FREMONT","CA",2408767,2405559,2427230,0,0,-2892,192608,91137,0,21575,5267,0,141595,3629,0,-2078,0,1879,11299,1130,0,0,0,8.01,11.28,17.88,1708068,112769,305377,0,0,16,23978,0,0,0,0,0,13,4078,3672,0,1831,1626,0,44190,1097,0,0,11299,23712,0,0,57,0,0,1731780,6521,0,48954,0,0,0,0,0,48954,0]
[1027004,20120630,"ZIONS BC                      ","SALT LAKE CITY","UT",53417545,52343139,53418819,1074406,0,-50278,6444579,252472,0,547486,4157525,0,1124561,-576147,-14441,9936,0,478776,6261,0,1800473,1015,0,12.31,15.03,16.89,42891173,800041,7244620,301,36425,99913,934331,60394,18413,0,0,12850,518,83962,4267,2192,14111,58762,0,973443,103586,-2608,0,7217,529543,1015129,0,83,59277,0,43420716,-521408,0,444377,0,1800473,0,0,0,448000,0]
[1027518,20120630,"CITY NAT CORP                 ","LOS ANGELES","CA",24362546,23787386,24801973,575113,0,139,1602397,329993,0,210618,53886,491439,1686163,82807,-58930,0,0,147503,423,47,0,0,0,6.74,9.58,12.91,16723001,557159,2159556,0,2110,192070,99078,152004,338,0,0,3188,39,14332,275,520,6237,155,0,312681,24350,0,16022,423,126413,556148,0,526,32965,0,16849414,82669,0,5000,0,0,0,0,58930,5000,0]
[1028533,20120630,"ORIENT BC                     ","SAN FRANCISCO","CA",556691,556691,544102,0,0,0,18480,9240,0,4189,9418,0,622,3398,0,0,0,0,0,0,3815,0,0,3.32,5.76,9.94,320860,13429,31909,0,0,0,20532,0,0,0,0,0,0,2243,307,0,62,0,0,18298,168,0,0,0,14277,0,0,0,0,0,335137,3393,0,4620,0,3815,0,0,0,4620,0]
[1029222,20120630,"CVB FC                        ","ONTARIO","CA",6472332,6411985,6523963,59376,0,0,729322,0,0,49907,483226,0,221443,43584,0,0,0,11047,0,0,0,0,0,11.37,18.510000000000002,19.77,3940949,49907,779229,0,0,25114,61865,20092,0,0,0,0,63,13587,152,255,385,2631,0,91892,9588,0,0,0,51573,55097,971,0,4279,0,3992522,43584,0,85000,0,0,0,0,0,85000,0]
[1029334,20120630,"NORTH VALLEY BC               ","REDDING","CA",907749,899868,907592,328,0,-858,102944,0,0,7526,96707,1667,-8549,3192,0,0,174,9525,844,258,0,0,0,11.44,17.22,18.489999999999998,597725,7583,110527,0,0,144,16627,0,0,0,0,0,0,941,0,0,111,961,0,11732,183,0,0,844,4389,0,7295,57,328,0,602114,4050,0,21000,0,0,0,0,0,21000,0]
[1029464,20120630,"WTB FC                        ","SPOKANE","WA",4145179,4132886,4171046,584,0,-21746,446413,0,0,40999,26052,32665,320778,-3824,-21641,0,0,27795,709,0,89142,0,0,10.8,13.73,15,3250370,40999,487412,0,971,1225,37772,324,445,0,0,426,24,5689,1070,473,368,14,0,74702,1000,0,0,1068,34703,0,0,0,584,0,3285073,17921,0,0,0,89142,0,0,21641,0,0]
[1029884,20120630,"PACIFIC CAP BC                ","SANTA BARBARA","CA",5797186,5718888,5883097,78059,0,0,760483,0,0,21025,33,651965,137007,26035,0,0,830,2249,1561,239,0,0,0,13.3,21.51,22.1,3535838,21025,781508,7576,0,57985,22410,0,0,0,0,11168,295,394,2713,0,7597,2096,0,6549,14476,0,0,2189,0,26550,0,0,56752,0,3535838,26035,0,49776,0,0,0,0,0,49776,0]
[1029893,20120630,"WEST COAST BC                 ","LAKE OSWEGO","OR",2381240,2381240,2408439,0,0,0,370329,0,0,22906,24118,207325,66775,8675,0,0,0,17385,0,0,21124,0,0,15.55,20.329999999999998,21.5,1821468,22906,391656,0,853,0,36030,0,0,0,0,0,0,5178,605,0,1473,1579,0,33132,768,0,0,0,10994,0,0,0,0,0,1832462,8674,14,51000,0,0,0,0,0,51000,21124]
[1030040,20120630,"BANK OF CMRC HOLD             ","REDDING","CA",933447,929639,962545,3808,0,-217,123333,0,0,11322,43163,0,48566,1450,-2995,0,0,7086,0,0,19931,0,0,13.27,13.64,14.89,904132,11322,134655,0,0,65,20505,0,0,0,0,0,65,13943,0,0,298,465,0,12497,499,3476,0,0,1674,3695,0,0,113,0,905806,1667,0,18476,0,19931,0,0,2995,15000,0]
[1030170,20120630,"TRICO BSHRS                   ","CHICO","CA",2509099,2491908,2525618,16715,0,-2291,242500,0,0,23557,84799,0,134893,3537,0,0,0,27045,4757,476,0,0,0,9.73,13.04,14.31,1859689,23557,266057,0,218,893,81984,0,0,0,0,0,0,7801,532,0,16412,0,0,45849,2590,0,0,4757,24882,15519,0,0,1196,0,1884571,5829,0,40000,0,0,0,0,0,40000,0]
[1030947,20120630,"PEOPLES BC                    ","LYNDEN","WA",1212319,1211970,1220007,0,0,0,135220,0,0,12181,1335,17937,98297,21,0,0,0,2415,2663,349,18000,0,0,11.16,13.89,15.14,973599,12181,147401,0,1100,41,10290,0,0,0,0,0,0,3351,309,0,497,0,0,13064,0,0,0,2571,883,0,0,0,0,0,974482,21,0,0,0,18000,0,0,0,0,0]
[1031449,20120630,"SVB FNCL GRP                  ","SANTA CLARA","CA",20793141,20079126,21291214,0,0,0,1621364,36771,0,121642,44,529113,1082126,104077,0,-34466,0,0,0,0,0,0,0,8.07,12.62,13.85,12850193,158413,1779777,0,0,25,27071,0,0,0,0,0,0,2111,0,0,443,1546,0,98166,23476,728965,0,0,0,0,0,0,0,0,12850193,109318,212,50000,0,0,0,0,0,50000,0]
[1031681,20120630,"FIRST CA FNCL GRP             ","WESTLAKE VILLAGE","CA",1948629,1879208,1979934,69421,0,0,187665,0,0,15010,292,174437,30572,91,-215,0,0,0,0,0,26000,0,0,9.99,15.68,16.93,1196979,15010,202675,0,1146,0,22978,0,7577,0,0,0,0,6931,699,0,76,805,0,18344,101,0,0,0,3435,60720,0,0,12743,0,1200414,91,0,26000,0,26000,0,0,215,26000,0]
[1032464,20120630,"FINANCIAL INST                ","WARSAW","NY",2460032,2428736,2622751,43857,0,-12220,200822,0,0,22060,142,67048,166496,2267,-6480,0,0,9024,1979,0,17473,0,0,8.27,11.39,12.64,1762715,22060,222882,0,4379,4,12480,0,0,0,0,0,0,3061,159,0,0,0,0,24120,0,0,0,2049,2060,42436,0,0,1421,0,1764775,14487,0,0,0,0,0,0,6480,0,17473]
[1032473,20120630,"DEUTSCHE BK TR CORP           ","NEW YORK","NY",59186000,58954000,64994000,40000,0,-1000,6026000,0,0,108000,0,2331000,3935000,-7000,0,-1000,0,911000,0,0,0,0,0,10.220000000000001,12.89,13.33,46761280,209000,6235000,0,0,2000,291000,0,0,0,0,2000,0,144000,0,0,0,0,0,84000,24000,244000,100000,0,0,0,192000,1000,40000,951000,46761280,1000,0,0,0,0,0,0,0,0,0]
[1035157,20120630,"473 BROADWAY HOLD CORP        ","SARATOGA SPRINGS","NY",928741,909796,954123,18945,0,-2315,84228,0,0,6258,120,346,51923,-194,0,0,0,0,1682,0,0,50784,0,9.26,16.920000000000002,18.18,497704,6258,90486,0,0,9,2240,0,0,0,0,0,0,885,0,0,416,0,0,9203,0,50784,0,1682,2945,13818,0,0,7089,0,500649,2121,0,0,0,0,0,0,0,0,0]
[1036967,20120630,"CIT GROUP                     ","LIVINGSTON","NJ",43576276,42993519,42796446,381584,0,-54167,7948974,0,0,435817,2007,8481497,14856,-100985,-16536,-43120,0,85060,0,0,0,0,0,18.489999999999998,17.96,18.86,44260286,397988,8346962,251065,26806,253090,454902,0,0,0,0,0,0,0,0,0,0,75659,0,414196,21621,4119,-37829,0,0,337994,59384,0,43590,0,44260286,1742,202,0,0,0,0,0,16536,0,0]
[1037003,20120630,"M&T BK CORP                   ","BUFFALO","NY",80090119,76322069,80807578,3626756,0,-249829,7241146,1565415,0,922796,63294,2874516,6098084,-277849,3429,-38527,0,981792,178404,0,868433,0,0,9.49,9.92,13.29,72977736,2454178,9695324,263228,52236,884387,977118,38590,1485,242244,21807,324014,7063,277128,7423,10241,42732,225514,0,917028,45490,0,-37410,253946,39722,3524625,132608,3377,143713,0,73017458,-8662,0,1150639,0,868433,0,0,0,1150639,0]
[1039454,20120630,"STERLING BC                   ","NEW YORK","NY",2533439,2510464,2551743,22975,0,-12231,240449,0,0,21370,35225,271058,19809,-11511,-86655,0,0,21499,0,0,0,0,0,9.58,11.81,12.89,2035478,21915,262364,0,0,664,5601,0,0,0,0,0,0,2268,0,0,0,806,0,21135,235,0,0,0,0,22901,0,545,74,0,2035478,720,0,23987,0,0,0,0,86655,23987,0]
[1039502,20120630,"JPMORGAN CHASE & CO           ","NEW YORK","NY",2258638000,2202487000,2290146000,47728000,2047000,-2453000,148425000,20065000,0,16691000,4105000,94201000,95518000,2272000,-12324000,-877000,466000,12496000,7118000,664000,7800000,2000,0,6.74,11.26,14.04,1318734400,36709000,185134000,547000,12585000,13081000,23021000,0,0,0,12429000,9658000,60000,17487000,219000,1394000,2145000,10344000,0,23791000,764000,733000,-56000,7118000,7864000,48131000,0,9000,2347000,168748000,1326598400,4814000,0,10528000,0,7800000,0,0,12324000,10199000,0]
[1048513,20120630,"TRUSTCO BC NY                 ","GLENVILLE","NY",4422787,null,4426537,null,null,null,null,null,null,null,98912,175773,125153,1585,-51516,null,0,27661,0,null,0,null,null,null,null,null,null,null,null,0,0,0,51214,0,0,0,0,0,0,32821,624,0,3676,0,null,48018,255,0,null,0,null,553,null,null,0]
[1048764,20120630,"CENTER BC                     ","UNION","NJ",1498258,1481380,1501022,16878,0,-3413,136660,0,0,10406,110056,4742,39663,-494,-17234,0,0,8697,0,0,11250,0,0,9.23,11.75,12.64,1163126,10406,147066,0,0,1026,3943,0,0,0,0,0,0,3054,216,0,32,0,0,10221,185,0,0,0,0,16804,0,0,74,0,1163126,2919,94,5155,0,11250,0,0,17234,5155,0]
[1048773,20120630,"VALLEY NAT BC                 ","WAYNE","NJ",15791048,15296921,16018244,435905,0,-43314,1239669,60000,0,132536,69308,1384729,92925,-43867,-22,0,37,157055,10476,1052,0,0,0,8.1,10.53,12.16,11774582,192536,1432205,0,6677,22084,278943,17305,78958,0,0,728,0,37417,3641,0,3295,5764,0,129854,2682,0,0,10476,0,420443,57170,0,16304,0,11774582,-1553,457,186313,0,0,0,0,22,186313,0]
[1048803,20120630,"HUDSON VALLEY HOLD CORP       ","YONKERS","NY",2793048,2767929,2816244,25119,0,-409,266562,0,0,21206,4186,348114,-2585,448,-57564,0,0,19379,0,0,0,0,0,9.6300000000000008,15.78,17.04,1688853,21206,287768,0,0,0,39049,0,0,0,0,0,0,8644,300,0,1626,0,0,28733,150,147,0,0,7677,23842,0,0,1277,0,1696530,1327,0,0,0,0,0,0,57564,0,0]
[1048812,20120630,"ARROW FC                      ","GLENS FALLS","NY",1983757,1964084,1966976,19601,0,-13055,178609,0,0,14809,16094,209354,28951,-6289,-76170,0,0,0,722,72,0,53,0,9.09,15.08,16.34,1184278,14854,193463,0,0,504,6822,0,0,0,0,476,0,2793,159,0,147,620,0,15211,0,53,0,722,402,22003,0,45,3886,0,1184680,6766,0,20000,0,0,53,0,73920,20000,0]
[1048867,20120630,"COMMUNITY BK SYS              ","DEWITT","NY",6950383,6617943,7166331,332440,0,-24039,594551,0,0,42119,40273,379315,431226,57167,-22922,0,0,0,1483,0,0,116,0,8.98,16.350000000000001,17.510000000000002,3635691,42119,636670,0,478,3436,28569,0,0,0,0,2889,102,10130,750,234,594,0,0,42119,0,116,0,1484,0,345050,0,0,13385,0,3635691,81205,0,98982,0,0,116,0,17533,98982,0]
[1048894,20120630,"FIRST OF LONG ISLAND CORP     ","GLEN HEAD","NY",2040672,2040452,2007538,220,0,-5435,180586,0,0,11093,891,40178,139737,16506,0,0,0,0,0,0,0,0,0,8.85,20.5,21.76,880735,11093,191679,0,0,0,2418,0,0,0,0,0,0,708,71,0,269,0,0,17823,0,137,0,0,6730,220,0,0,0,0,887465,21941,0,0,0,0,0,0,0,0,0]
[1049341,20120630,"COMMERCE BSHRS                ","KANSAS CITY","MO",20306487,20176329,20765287,125601,0,-20373,1964129,0,0,166058,446387,1033523,671297,136732,-61388,-360,0,3025,574,57,0,328,0,9.73,14.8,16.13,13271055,176694,2140823,0,3106,11296,62178,0,0,0,0,1904,215,7054,562,680,555,0,0,178533,1082,4218,0,574,13557,125585,0,10636,5807,0,13284612,157105,0,0,0,0,328,0,61388,0,0]
[1049828,20120630,"UMB FC                        ","KANSAS CITY","MO",13202046,12925850,13182662,270206,0,0,894558,0,0,74518,55057,726708,756835,81244,-367846,0,5990,0,0,5990,0,0,0,6.92,11.63,12.59,7694660,74518,969076,143,2833,6198,30642,0,0,0,0,13,126,1727,92,113,463,0,0,72652,1866,0,0,0,0,211114,0,0,70614,0,7694660,81244,0,0,0,0,0,0,367846,0,0]
[1050646,20120630,"FIRST YORK BC                 ","YORK","NE",1144052,1136403,1154077,7649,0,0,87304,0,0,9336,99,17467,77387,492,0,0,0,0,0,0,0,0,0,7.68,11.08,12.26,788078,9336,96640,0,0,36,4543,0,0,0,0,0,0,62,0,0,0,3300,0,9336,0,0,0,0,0,4172,0,0,3477,0,788078,492,0,0,0,0,0,0,0,0,0]
[1050712,20120630,"VALLEY VIEW BSHRS             ","OVERLAND PARK","KS",3272620,3199085,3265767,72249,0,0,407913,0,0,26026,84363,2009,391281,10686,-1525,0,0,16638,0,0,5453,0,0,12.75,19.73,20.99,2067222,26026,433939,0,196,0,45840,0,0,0,0,0,0,2231,280,0,303,0,0,40895,0,0,0,0,14869,72313,1286,0,322,0,2082091,10686,133,0,0,0,0,0,1525,0,5453]
[1050909,20120630,"CITIZENS BSHRS CO             ","CHILLICOTHE","MO",861302,850789,863849,272,0,0,65927,0,0,7489,6,1718,71238,1925,-22262,0,0,12875,0,0,25740,0,0,7.75,11.03,12.28,597707,7489,73416,0,1775,116,28425,0,0,0,0,94,0,1994,0,12,66,0,0,9279,0,0,0,0,1790,0,10241,0,272,0,599497,1925,0,0,0,25677,0,0,22262,0,0]
[1051081,20120630,"FIRST NE BANCS                ","SIDNEY","NE",534617,530006,528971,4611,0,0,46800,0,0,3615,276,5860,38775,3771,0,0,0,0,0,0,0,0,0,8.83,16.27,17.53,287646,3615,50415,0,0,246,2717,0,0,0,0,246,0,377,0,0,48,181,0,5149,0,0,0,0,1534,4569,0,0,622,0,289180,3771,0,6500,0,0,0,0,0,6500,0]
[1051465,20120630,"CENTRAL SVC CORP              ","ENID","OK",548565,547344,554740,1221,0,0,42553,8348,0,4038,695,7288,25139,406,0,0,0,0,0,0,0,0,0,7.77,11.22,14.48,379320,12386,54939,0,0,975,12026,0,0,0,0,13,0,278,8,0,0,375,0,4038,0,62,0,0,0,1165,0,0,56,0,379320,406,0,10652,0,0,0,0,0,10652,0]
[1051979,20120630,"WHITCORP FC                   ","LEOTI","KS",676979,674902,681065,2077,0,0,103742,0,0,5632,1297,8745,104964,5104,-9187,0,0,0,0,0,0,0,0,15.37,23.19,24.45,447262,5632,109374,0,0,512,4475,0,0,0,0,0,0,502,5,0,9,0,0,8909,0,0,0,0,3277,0,0,0,2077,0,450539,5104,0,0,0,0,0,0,9187,0,0]
[1052220,20120630,"AMERICAN BC                   ","SAPULPA","OK",791721,790300,792617,1421,0,0,79149,0,0,4186,6000,214,95216,3852,-20860,4689,0,0,0,0,0,0,0,10.02,23.75,25.01,333248,4186,83335,0,0,0,2923,0,0,0,0,0,0,1557,39,0,0,0,0,5802,0,0,0,0,1616,1380,0,0,41,0,334864,8541,0,0,0,0,0,0,20860,0,0]
[1053272,20120630,"PINNACLE BC                   ","CENTRAL CITY","NE",6548655,6459819,6634061,88830,0,0,606914,0,0,57101,0,608,695142,55295,0,0,0,0,55,6,0,0,0,9.4,13.36,14.67,4541268,59363,666277,0,0,2562,66365,0,0,0,0,336,167,7232,842,0,1152,873,0,83909,0,1313,0,55,26808,76793,0,2262,12037,0,4568076,55295,0,0,0,0,0,0,0,0,0]
[1053496,20120630,"CCB FNCL CORP                 ","KANSAS CITY","MO",1128010,1117791,1157092,10219,0,0,87473,0,0,7818,1893,14621,72720,6681,-3042,0,0,0,0,0,0,0,0,7.83,14.07,15.33,621685,7818,95291,0,0,0,5337,0,0,0,0,0,0,837,81,0,303,357,0,11589,0,0,0,0,3771,9219,0,0,1040,0,625456,6681,0,11500,0,0,0,0,3042,11500,0]
[1053580,20120630,"FARMERS & MRCH INV            ","LINCOLN","NE",2547430,2538403,2544625,9027,0,0,288402,0,0,24495,30,0,247408,3546,0,0,0,7009,0,0,581,49158,0,11.36,14.78,15.64,1951261,26422,305116,9617,0,10327,5281,0,0,0,0,296,73,1484,86,0,0,9708,0,32798,0,49410,0,0,8303,10463,0,1927,80,0,1959564,3546,0,252,0,0,0,0,0,0,581]
[1054514,20120630,"LANDRUM CO                    ","COLUMBIA","MO",1701813,1698103,1767375,3662,0,0,145930,0,0,15927,5,12088,61955,7996,0,0,0,0,484,48,20000,21851,0,8.59,11.5,12.76,1268529,15927,161857,0,0,0,7701,0,0,0,0,0,0,3262,62,0,0,1053,0,21004,534,21851,0,484,5611,3662,0,0,0,0,1274140,7996,0,33741,0,20000,0,0,0,33741,0]
[1054813,20120630,"WASHINGTON INV CO             ","YUMA","CO",522261,521718,517613,543,0,0,58669,0,0,4981,4,30493,29815,88,-1100,0,0,3693,0,0,0,0,0,11.25,14.97,16.25,391809,4981,63650,0,0,0,42269,0,0,0,0,0,0,782,0,0,0,0,0,11681,0,0,0,0,6700,0,0,0,543,0,398509,88,0,0,0,0,0,0,1100,0,0]
[1054840,20120630,"MIDLAND FC                    ","CASPER","WY",642149,641466,611273,683,0,0,59473,0,0,3072,394,2685,57078,5838,-1,0,0,0,0,0,0,0,0,9.27,21.34,22.45,278662,3077,62550,0,0,65,1390,0,0,0,0,0,0,23,0,0,0,0,0,3072,0,0,0,0,0,683,0,5,0,0,278662,5838,0,0,0,0,0,0,1,0,0]
[1055007,20120630,"CITYWIDE BKS CO               ","DENVER","CO",1042240,1041254,1044887,986,0,-161,102931,1268,0,10350,961,10790,66434,1181,0,0,0,0,0,0,0,0,0,9.89,12.44,13.84,827692,11618,114549,0,0,599,12616,0,0,0,0,0,0,441,237,50,676,836,0,16764,0,0,0,0,6414,986,0,0,0,0,834106,1342,0,25732,0,0,0,0,0,27000,0]
[1055089,20120630,"HERITAGE GROUP                ","AURORA","NE",553713,545830,551685,7883,0,0,70370,0,0,4118,482,12119,65652,2756,0,0,0,0,0,0,0,0,0,12.89,20.94,22.16,336111,4118,74488,0,0,813,0,0,0,0,0,0,0,0,0,0,0,23,0,4118,0,0,0,0,0,7883,0,0,0,0,336111,2756,0,0,0,0,0,0,0,0,0]
[1055155,20120630,"FARMERS ENT                   ","GREAT BEND","KS",652691,650649,660705,2042,0,0,75772,12000,0,5208,29,7027,71811,5927,-1127,0,0,18,0,0,0,0,0,11.65,18.23,22.37,415668,17208,92980,0,0,12,16168,0,0,0,0,0,0,697,0,0,0,0,0,5585,1058,96,0,0,1435,829,0,0,1213,0,417103,5926,23,96,0,0,0,0,1127,0,0]
[1055315,20120630,"F&M BC                        ","TULSA","OK",2121489,2121489,2146519,0,0,-3561,205201,0,0,22090,34,53269,73252,-2818,-1321,0,0,8193,0,0,38222,0,0,9.67,10.54,11.67,1947403,22090,227291,0,0,0,19604,0,0,0,0,0,0,2016,120,0,580,1555,0,22090,0,0,0,0,0,0,0,0,0,0,1947403,743,0,41745,0,38222,0,0,1321,41745,0]
[1055623,20120630,"ADBANC                        ","OGALLALA","NE",535405,534722,543377,500,0,0,76275,0,0,5798,1000,2284,51769,0,0,0,0,183,0,0,21905,0,0,14.26,16.5,17.75,462312,5798,82073,0,0,72,9244,0,0,0,0,0,0,420,0,0,0,0,0,7309,0,34,0,0,1511,500,183,0,0,0,463823,0,0,0,0,21905,0,0,0,0,0]
[1056161,20120630,"TRINITY CAP CORP              ","LOS ALAMOS","NM",1547323,1546657,1544458,61,0,0,160008,0,0,15012,6836,0,93273,-137,-10974,0,0,5950,6639,605,35539,0,0,10.35,13.44,14.7,1190811,15012,175020,0,0,0,46151,0,0,0,0,0,0,8268,1449,0,925,2309,0,25071,75,0,0,6704,10134,0,0,0,63,0,1200945,-137,0,36000,0,35539,0,0,10974,36000,0]
[1057588,20120630,"COMMERCE BK & TR HC           ","TOPEKA","KS",1135387,1135387,1126973,0,0,0,75542,9446,0,9412,3036,9493,69636,2901,-24123,0,0,529,0,0,0,0,0,6.65,10.15,12.69,743918,18858,94400,0,0,744,41089,0,0,0,0,639,0,7213,12,0,317,2145,0,19743,0,0,0,0,10331,0,0,0,0,0,754249,2901,0,17500,0,0,0,0,24123,17500,0]
[1058165,20120630,"MORRILL BSHRS                 ","MERRIAM","KS",665951,657791,656940,8160,0,0,58539,136,0,4074,1000,18593,47886,11096,-20644,0,0,0,0,0,0,0,0,8.9,15.52,16.64,377154,4210,62749,0,0,0,3,0,0,0,0,0,0,0,0,0,0,620,0,4074,0,0,0,0,0,7887,0,0,273,0,377154,11096,0,19864,0,0,0,0,20644,19864,0]
[1058398,20120630,"DURANT BC                     ","DURANT","OK",2175643,2158392,2201859,15832,0,0,207134,0,0,17928,42,17432,175992,10057,-3085,-478,0,0,14188,1419,0,0,0,9.6,14.48,15.74,1430164,17928,225062,59,760,1145,35023,0,0,0,547,0,90,4007,194,0,185,901,0,22025,0,0,0,14188,4097,11327,0,0,4505,0,1434261,10057,1,34483,0,0,0,0,3085,35730,0]
[1058558,20120630,"WOOD & HUSTON BC              ","MARSHALL","MO",498755,498755,505104,0,0,0,53081,0,0,4740,8,6964,57517,3629,-11408,0,0,0,0,0,0,0,0,10.64,14.11,15.6,376322,5637,58718,0,0,4,3993,0,0,0,0,0,0,652,0,0,13,0,0,7645,11,0,0,0,2916,0,0,897,0,0,379238,3629,0,0,0,0,0,0,11408,0,0]
[1058594,20120630,"COPPERMARK BSHRS              ","OKLAHOMA CITY","OK",1281137,1281105,1296536,0,0,0,129737,0,0,11777,57,17240,103149,19,-709,0,0,4034,0,0,0,0,0,10.130000000000001,12.66,13.81,1024465,11777,141514,0,0,188,2563,0,0,0,0,0,0,594,42,0,0,310,0,11777,0,0,0,0,0,0,0,0,0,0,1024465,19,0,10000,0,0,0,0,709,10000,0]
[1059715,20120630,"AMERICAN NAT CORP             ","OMAHA","NE",2063836,2048303,2058396,15533,0,-761,207595,0,0,17411,386,54013,168731,15788,0,0,0,208,0,0,0,0,0,10.130000000000001,14.89,16.14,1394362,17411,225006,0,442,302,8045,0,0,0,0,139,0,799,267,37,468,0,0,18050,302,0,0,0,941,12818,0,0,2715,0,1395303,16551,0,0,0,0,0,0,0,0,0]
[1060328,20120630,"COBIZ FNCL                    ","DENVER","CO",2461726,2451912,2530133,3340,0,-5897,300232,20984,0,25331,390,177703,4523,3481,0,-8,0,30921,0,0,57338,0,0,12.24,15.01,17.32,2000695,46315,346547,0,2154,4,26722,0,0,0,0,0,0,179,521,0,677,11558,0,51101,35,0,0,0,25805,0,6375,0,3439,0,2026500,9377,0,70000,0,57337,0,0,0,70000,0]
[1060627,20120630,"FIRSTBANK HC                  ","LAKEWOOD","CO",11847149,11833955,12079007,12681,0,0,999879,0,0,72215,45592,5962,862005,70210,0,0,0,0,570,513,4515,0,0,8.4499999999999993,17.420000000000002,18.68,5740500,72215,1072094,0,943,4614,55182,0,0,0,0,386,1856,12190,1971,68,517,2938,0,90575,2240,0,0,570,20600,12640,0,0,41,0,5761100,70211,0,95000,0,1900,0,0,0,95000,0]
[1061679,20120630,"ALPINE BK OF CO               ","GLENWOOD SPRINGS","CO",2269449,2224411,2281165,18077,0,0,245784,1797,0,20634,53,5282,144826,353,0,0,0,31664,0,0,72275,0,0,11.05,15.06,16.440000000000001,1631952,22504,268288,0,0,0,64000,0,0,0,0,0,0,5135,1053,0,3732,2320,0,39409,0,1004,0,0,18775,17631,26961,73,446,0,1650727,353,0,68386,0,72275,0,0,0,67382,0]
[1062135,20120630,"SPIRIT BC                     ","BRISTOW","OK",1139933,1122336,1078079,3225,0,0,75204,2450,2000,10221,12,24672,14732,1197,-42,0,0,15972,0,0,32696,731,2000,6.7,9.4600000000000009,11.3,795091,14671,89875,0,0,1482,46716,0,0,0,0,250,0,2323,40,0,0,6220,0,32823,0,731,0,0,22602,3225,14372,0,0,0,817693,1197,0,22000,0,30696,0,0,42,22000,0]
[1062621,20120630,"SOUTHWEST BC                  ","STILLWATER","OK",2279433,2269640,2269720,9596,0,0,382263,0,0,21799,19447,98899,125373,2044,0,0,0,35500,1975,197,68837,0,0,16.84,22.24,23.52,1719058,21989,404252,0,76,245,25507,0,4026,0,0,31,175,820,116,0,75,2463,0,43898,2726,0,0,1976,24825,6811,0,190,2785,0,1743883,2044,0,79500,0,0,0,0,0,79500,68837]
[1063552,20120630,"SOUTHWEST MO BC               ","CARTHAGE","MO",618296,618296,619163,0,0,0,54417,0,0,4785,997,27265,33569,2419,-7414,0,0,3012,0,0,0,0,0,8.8000000000000007,14.21,15.46,382942,4785,59202,0,0,90,1129,0,0,0,0,0,0,592,8,0,65,0,0,4822,0,0,0,0,37,0,0,0,0,0,382979,2419,0,0,0,0,0,0,7065,0,0]
[1064278,20120630,"INTRUST FC                    ","WICHITA","KS",4003898,4006042,3968133,13650,0,-15875,356367,29520,0,35762,11629,19463,293674,-6947,-50229,3307,0,1438,0,0,0,0,0,8.9,12.49,14.78,2853716,65282,421649,0,140,560,13069,0,0,0,0,52,0,332,125,0,0,3873,0,42992,0,0,0,0,7230,12346,0,0,1304,0,2860946,8928,0,92173,0,0,0,0,50229,92173,0]
[1064429,20120630,"CENTRAL OF KS                 ","JUNCTION CITY","KS",904239,900409,893598,2881,0,0,96735,0,0,6299,1821,10583,88419,3114,-258,0,0,0,9487,949,0,0,0,10.74,19.329999999999998,20.58,500556,6299,103034,433,177,434,8196,0,0,184,0,434,0,643,0,0,26,0,0,9672,0,0,0,9487,3373,2881,0,0,0,0,503929,3114,0,0,0,0,0,0,258,0,0]
[1064652,20120630,"MIDWEST BANC HC               ","PIERCE","NE",510114,508222,523895,1892,0,0,51957,0,0,4847,8,7361,46469,1436,0,0,0,500,0,0,10,0,0,10.220000000000001,13.4,14.65,387747,4847,56804,0,30,0,148,0,0,0,0,0,0,95,0,0,0,0,0,5363,0,0,0,0,516,2052,0,0,0,0,388263,1435,0,0,0,10,0,0,0,0,0]
[1064728,20120630,"FIRST FIDELITY BC             ","OKLAHOMA CITY","OK",1163834,1143069,1153530,20765,0,0,101565,969,0,9292,101,74766,20432,10449,0,0,0,0,0,0,0,0,0,8.89,13.7,15.08,741360,10261,111826,0,0,2119,11532,0,0,0,0,0,1,3104,158,0,3,0,0,10972,550,0,0,0,2230,14206,0,0,6568,0,743590,10449,0,27031,0,0,0,0,0,27031,0]
[1064915,20120630,"GN BSHRS                      ","GIRARD","KS",531805,523445,536531,8218,0,-643,54255,0,0,5225,2167,1149,47298,267,0,0,0,0,1423,142,0,0,0,10.36,13,14.25,417410,5225,59480,0,272,189,6986,0,0,0,0,123,0,736,0,0,0,0,0,5846,0,0,0,1429,621,8892,0,0,999,0,418031,909,0,12000,0,0,0,0,0,12000,0]
[1066209,20120630,"LAURITZEN CORP                ","OMAHA","NE",1645637,1588419,1652447,57218,0,0,548850,0,0,10000,472,0,600967,-22053,0,0,0,2851,0,0,536,4093,0,34.549999999999997,40.99,41.74,1339001,10000,558850,0,0,381,1577,0,0,0,0,114,0,118,36,0,0,463292,0,10000,0,4093,0,0,0,57216,0,0,2,0,1339001,-22053,0,0,0,489,47,0,0,0,0]
[1066414,20120630,"NODAWAY VALLEY BSHRS          ","MARYVILLE","MO",747679,731609,776427,16573,0,-2550,61247,9678,0,7007,104,10472,61258,-1544,-9296,-40,0,0,0,0,0,0,0,8.3699999999999992,10.97,13.96,558413,16685,77932,0,0,70,9028,0,0,0,0,70,0,121,0,0,0,774,0,9180,0,0,0,0,2173,16573,0,0,225,0,560586,1006,0,15322,0,0,0,0,9296,15322,0]
[1066441,20120630,"AMERICAN ST BSHRS             ","GREAT BEND","KS",660995,648194,629682,12801,0,0,50976,1199,0,3302,10696,24126,15908,-140,-54,0,0,0,0,0,6800,0,0,7.86,12.39,13.48,411574,4501,55477,0,0,0,9071,0,0,0,0,0,0,1673,0,0,0,467,0,3302,0,0,0,0,0,11372,0,0,2242,0,411574,-140,0,6301,0,0,0,0,54,6301,6800]
[1066713,20120630,"SUNFLOWER FNCL                ","SALINA","KS",1726353,1710589,1743730,15721,0,0,152044,0,0,11090,98,1,169102,13675,-1393,0,0,6,433,43,0,0,0,8.89,16.63,17.850000000000001,914398,11198,163242,0,121,67,8323,0,0,0,97,52,0,576,17,0,26,0,0,11090,0,0,0,433,0,15702,0,108,19,0,914398,13675,0,0,0,0,0,0,1393,0,0]
[1068025,20120630,"KEYCORP                       ","CLEVELAND","OH",86071849,84731957,86741424,930905,0,-382875,9615391,1644495,0,968740,1016970,4120449,6594963,-72161,-1796110,-56080,0,60868,186149,0,290484,0,0,11.35,12.45,15.83,77236354,2613406,12228797,0,0,215417,662509,0,0,0,0,12318,4134,100082,14240,13261,79570,59323,0,966853,50688,21817,0,237347,48801,916393,0,171,14512,1042586,77285155,274332,0,339238,0,290484,0,0,1796110,339238,0]
[1068191,20120630,"HUNTINGTON BSHRS              ","COLUMBUS","OH",55839292,55268875,56622959,551001,0,-131303,5714205,587000,0,602929,8596,7569481,-2168861,-135975,-10393,-3401,40338,232428,128297,16015,386292,50092,0,10.34,11.93,14.42,47890156,1190082,6904287,85937,11974,181353,484643,0,0,85678,463,103099,3739,112935,7499,8612,25822,0,0,859646,50978,50092,0,128381,307695,444268,0,153,159195,0,48197851,-4672,0,449415,0,386292,0,50000,10393,449415,0]
[1069778,20120630,"PNC FNCL SVC GROUP            ","PITTSBURGH","PA",295609592,285788459,299712018,9609556,null,-35578,28926928,4084472,null,3200708,2687480,12097479,19148941,402020,-451064,-66290,325,0,979924,82103,3120553,6066,null,10.119999999999999,11.35,14.21,254876654,7285180,36212108,2341236,7180,3369973,3682060,0,0,1992576,0,2756251,7449,1025314,120039,44706,450715,5410155,null,4156248,224444,3208493,null,997615,1179984,9157767,null,null,823602,3077000,256056638,471983,null,1676764,433043,3120517,1345787,null,451064,330977,36]
[1070345,20120630,"FIFTH THIRD BC                ","CINCINNATI","OH",117653643,114986899,117542579,2438241,0,-21376,13092596,2845679,0,1341585,2051041,2751715,8201403,454383,-83332,-13004,2311,0,735713,73802,398363,50605,0,11.39,12.31,16.239999999999998,106398496,4188755,17281351,359022,14132,561704,1401603,0,0,352537,0,436188,5962,257320,15613,58297,47708,638693,0,2016392,253496,50605,0,735713,928303,2416593,0,1491,30198,115424,107326799,475758,0,2247847,0,398363,0,50605,83332,2247847,0]
[1070420,20120630,"TRADITIONAL BC                ","MOUNT STERLING","KY",1075086,1074831,1065988,255,0,0,96824,0,0,10006,6013,0,92064,10439,-998,0,0,0,0,0,0,0,0,9.01,12.14,13.4,797359,10006,106830,0,3,8,11445,0,0,0,0,0,0,1798,155,0,175,0,0,14050,0,0,0,0,4044,255,0,0,40,0,801403,10439,0,0,0,0,0,0,998,0,0]
[1070448,20120630,"WESBANCO                      ","WHEELING","WV",5562723,5297785,5528491,279278,0,-14481,473536,0,0,45245,55558,191926,403746,-843,-1275,0,0,31248,1501,141,0,0,0,8.94,13.11,14.37,3610772,45245,518781,0,5361,3777,39952,0,0,0,0,1847,22,16620,209,902,933,3196,0,53610,445,0,0,1511,8810,274058,0,0,8031,0,3619582,13638,0,103000,0,0,0,0,61,103000,0]
[1070569,20120630,"NEXTIER INC                   ","BUTLER","PA",506990,502835,509093,4155,0,-4469,36432,0,0,3994,1038,12701,18136,-3098,0,0,0,0,0,0,0,0,0,7.25,11.49,17.010000000000002,317128,17501,53933,0,0,0,10467,0,0,0,0,0,0,1156,49,0,0,196,0,6386,0,0,13433,0,2392,2641,0,74,1514,0,319520,1371,0,8712,0,0,0,0,0,8712,0]
[1070578,20120630,"PEOPLES BC                    ","MARIETTA","OH",1813968,1759558,1831716,57454,0,-5977,179183,0,0,14135,0,166401,62920,430,-15128,0,0,12661,1741,174,0,0,0,10.18,15.93,17.27,1124983,15124,194307,0,0,51,16567,0,0,0,0,0,0,3742,0,0,215,357,0,19925,0,0,0,1936,5790,62852,0,989,790,0,1130773,6407,0,22618,0,0,0,0,15128,22618,0]
[1070644,20120630,"COMMUNITY TR BC               ","PIKEVILLE","KY",3629668,3562918,3635727,66500,0,0,367723,0,0,31564,77845,159176,137952,12360,0,0,0,0,2503,250,0,0,0,10.32,14.54,15.8,2529788,32006,399729,318,328,14811,20500,0,0,0,0,4530,155,3561,276,368,265,1841,0,33134,180,0,0,2503,1750,65490,0,442,1010,0,2531538,12360,0,59500,0,0,0,0,0,59500,0]
[1070756,20120630,"NB&T FNCL GROUP               ","WILMINGTON","OH",695045,691553,687297,3492,0,0,74661,null,null,4508,1000,12274,59375,2802,-4496,0,0,0,181,0,0,null,0,10.8,18.11,19.2,412303,4508,79169,0,559,165,11962,0,1483,0,0,134,0,2078,369,15,145,0,0,4508,0,0,0,293,0,3625,0,0,692,0,412303,2802,0,10000,null,null,null,null,4496,10000]
[1070765,20120630,"COMMUNITY BSHRS               ","MCARTHUR","OH",742792,737924,747108,4868,0,0,75632,0,0,5874,32697,636,50264,-1765,0,0,0,1557,0,0,0,0,0,10.25,14.89,16.04,507989,5874,81506,0,0,1332,9258,0,0,0,0,939,0,2554,37,43,0,0,0,5874,0,0,0,0,0,4155,0,0,713,0,507989,1332,0,0,0,0,0,0,0,0,0]
[1070804,20120630,"FIRSTMERIT CORP               ","AKRON","OH",14468468,13999487,14622613,467318,0,0,1150259,0,0,126489,127937,472138,1157422,-18425,-138257,0,0,14256,17785,1663,0,0,0,8.2200000000000006,11.4,12.65,10093465,126489,1276748,3,0,298295,46686,227133,0,0,0,39458,14830,8691,1012,6446,1517,0,0,146455,5666,0,0,17913,25632,460044,0,0,7274,0,10119097,-18425,0,0,0,0,0,0,138257,0,0]
[1070831,20120630,"KENTUCKY BSHRS INC            ","PARIS","KY",679699,665827,670583,13865,0,0,60446,0,0,5783,12470,0,54848,5047,0,0,0,0,994,7,0,0,0,9.08,13.07,14.33,462383,5800,66246,0,0,471,6640,0,0,0,0,470,0,1130,0,0,319,0,0,5789,75,0,0,1097,81,13117,0,17,649,0,462464,5047,0,7000,0,0,0,0,0,7000,0]
[1071191,20120630,"FARMERS NAT BC                ","CANFIELD","OH",1102808,1096571,1116833,6237,0,0,103517,0,0,7906,0,104504,5250,9184,0,0,0,0,0,0,0,0,0,9.44,16.399999999999999,17.670000000000002,631363,8027,111544,0,0,304,9596,0,0,0,0,100,94,2584,291,0,288,0,0,9048,0,0,0,0,1142,3709,0,121,2528,0,632505,9184,0,0,0,0,0,0,0,0,0]
[1071276,20120630,"FIRST FNCL BC                 ","CINCINNATI","OH",6334973,6274094,6282677,94316,0,-33437,640644,0,0,47379,584054,991,331315,-18172,-181400,0,0,0,592,0,0,0,0,10.210000000000001,17.14,18.420000000000002,3737920,47757,688401,0,682,191475,79562,153066,5028,0,0,14567,1705,10270,691,170,4615,738,0,99279,494,0,0,630,52394,95050,0,378,8603,0,3790314,15265,0,0,0,0,0,0,173284,0,0]
[1071306,20120630,"FIRST COMMONWEALTH FNCL CORP  ","INDIANA","PA",5939669,5742561,5946816,163057,0,332,675049,0,0,60710,105563,365541,307466,2834,-8914,0,0,63898,1,0,0,0,0,11.76,13.91,15.16,4853687,60710,735759,85,2910,10587,78692,0,0,0,0,3788,309,1299,784,864,1840,11988,0,61676,2147,0,0,1,3113,159956,34051,0,3101,0,4856800,2501,0,102500,0,0,0,0,8314,102500,0]
[1071397,20120630,"S&T BC                        ","INDIANA","PA",4309928,4135510,4347392,174216,0,-23041,369547,70000,0,39201,76011,65805,422731,-13389,-40582,0,0,29425,2019,202,0,0,0,8.94,11.82,15.33,3126534,109812,479359,0,4282,0,69113,0,0,0,0,0,0,11416,373,0,572,9429,0,46689,2090,0,0,2019,9578,171457,0,611,5769,0,3136112,9652,0,20000,0,0,0,0,40581,20000,0]
[1071454,20120630,"RURBAN FNCL CORP              ","DEFIANCE","OH",643859,623816,633977,17887,0,0,42619,0,0,5798,12569,15349,22453,1672,-1769,0,0,2820,3358,336,0,0,0,6.83,9.1999999999999993,11.74,463034,11760,54379,0,0,0,5315,0,0,0,0,0,0,2147,265,0,275,598,0,6619,0,0,5962,3358,821,16353,1820,0,1534,0,463855,1672,0,14060,0,0,0,0,1769,14060,0]
[1071623,20120630,"CITIZENS NAT CORP             ","PAINTSVILLE","KY",556117,538854,557070,16227,0,0,44539,4451,0,4096,0,11605,38648,3336,0,0,0,2918,12,1,0,0,0,8.27,13.38,15.94,332976,8547,53086,0,0,112,5191,0,0,0,0,92,0,2466,94,0,7,0,0,4096,0,0,0,12,0,15605,1035,0,622,0,332976,3336,0,11549,0,0,0,0,0,11549,0]
[1071669,20120630,"LNB BC                        ","LORAIN","OH",1200097,1177758,1207945,22246,0,-1818,103452,0,11260,11359,8272,39688,46226,2166,-5946,7415,163,3902,767,93,25129,0,11260,8.7799999999999994,11.46,13.96,902765,22619,126071,0,0,0,34993,0,0,0,0,0,0,6724,829,0,3423,0,0,17300,0,0,0,767,5941,21582,0,0,664,0,908706,3984,0,16267,0,0,0,0,5946,16267,25129]
[1071726,20120630,"CROGHAN BSHRS                 ","FREMONT","OH",624276,608508,626292,15756,0,0,44066,0,0,4383,23926,236,43897,5025,-8225,0,0,0,119,12,0,0,0,7.24,12.57,13.82,350602,4383,48449,0,63,414,3597,0,0,0,0,320,8,2344,91,35,17,0,0,4452,0,0,0,119,69,14629,0,0,1127,0,350671,5025,0,0,0,0,0,0,8225,0,0]
[1073757,20120630,"BANK OF AMER CORP             ","CHARLOTTE","NC",2190236319,2100899643,2162083396,72850240,-3070682,-7051326,164665335,27734071,0,15162510,107769,157893621,62712132,-3499870,-204,-291339,1902199,30419478,5879879,597097,18761620,0,2917609,7.84,13.8,17.510000000000002,1193422178,44271083,208936418,34406058,3296664,43333156,29144231,0,0,31534681,2903580,40370620,119460,18942242,540422,125322,3673525,5579601,0,30287817,575630,484790,1364998,5869758,15700937,69976284,15598000,9504,5433261,58970742,1209123115,3916602,0,14739146,0,15843254,130332,209278,0,14399536,757]
[1074156,20120630,"BB&T CORP                     ","WINSTON-SALEM","NC",176637036,170042175,178529372,6950179,0,-754727,12383355,2516704,0,1532697,3493973,5913556,9433806,-540979,0,-5211,0,391421,705241,59795,559212,0,0,7.28,10.16,13.48,121922402,4049401,16432756,670153,64525,1430594,1646563,613124,0,452709,0,864089,6759,439520,40854,22622,29914,1207043,0,2126353,99739,66588,0,717162,693395,6427557,0,0,682892,95957,122615797,215755,0,0,0,559212,0,0,0,0,0]
[1075612,20120630,"FIRST CITIZENS BSHRS          ","RALEIGH","NC",21085228,20993028,21240990,91813,0,-79479,2143496,50000,0,169182,10271,143765,1838160,-62406,0,0,0,76384,3875,387,0,0,0,10.210000000000001,15.97,17.66,13422954,226503,2369999,299,0,267487,340786,203664,205298,0,0,43499,101,35257,258,5095,0,15139,0,272929,7869,0,-508,3875,111616,102625,0,7829,5175,0,13534570,17073,0,243500,0,0,0,0,0,243500,0]
[1075694,20120630,"SOUTHERN BSHRS NC             ","MOUNT OLIVE","NC",1933098,1923595,2016171,9503,0,-7892,194639,0,0,12152,500,36250,142503,11777,0,0,0,0,1383,0,1889,0,0,10.119999999999999,20.09,22.49,968961,23288,217927,302,0,4551,153127,2517,119389,0,0,1346,212,20814,1667,272,1917,1067,0,15345,0,192,0,2469,3193,7713,0,11136,1790,0,972154,19669,0,23000,0,1889,0,0,0,23000,0]
[1075881,20120630,"CHESAPEAKE FNCL SHARES        ","KILMARNOCK","VA",638195,638195,635649,0,0,0,66202,0,0,6204,16449,0,34753,6203,0,0,0,582,0,0,0,0,0,10.37,13.38,14.63,494945,6204,72406,0,0,91,3420,0,0,0,0,36,55,837,25,0,230,0,0,7583,0,0,0,0,1379,0,0,0,0,0,496324,6203,0,15000,0,0,0,0,0,15000,0]
[1075911,20120630,"FIRST CITIZENS BC             ","COLUMBIA","SC",8152921,7966957,8240134,184747,0,-21489,676889,44859,0,52009,4221,65081,680461,9479,0,0,0,0,12168,1217,3090,0,0,8.5,16.350000000000001,18.690000000000001,4140584,96868,773757,0,239,11644,103967,244,0,0,0,2331,105,49582,1196,7328,0,0,0,68950,3209,0,0,12168,20150,188107,0,0,4961,0,4160734,30968,0,110000,0,0,0,0,0,110000,3090]
[1075984,20120630,"PALMETTO BSHRS                ","GREENVILLE","SC",1210357,1210357,1181535,0,0,-9048,98728,0,0,10175,127,142846,-44245,-8956,0,0,0,0,2541,0,0,0,0,8.16,12.25,13.52,805725,10175,108903,0,0,0,24176,0,0,0,0,0,0,4786,317,0,891,0,0,18278,196,0,0,3032,8299,0,0,0,0,0,814024,92,0,0,0,0,0,0,0,0,0]
[1076002,20120630,"NEWBRIDGE BC                  ","GREENSBORO","NC",1736280,1724472,1748436,3437,0,-6279,183599,0,0,17163,78279,87209,-46552,-856,-468,0,0,28126,0,0,51939,0,0,10.65,13.45,14.73,1364969,17465,201064,0,0,65,29385,0,0,0,0,0,0,11430,531,0,2315,774,0,25231,0,0,0,0,8068,0,8371,302,3437,0,1373037,5423,0,25000,0,51939,0,0,468,25000,0]
[1076105,20120630,"BANK OF SOUTHSIDE VA CORP     ","CARSON","VA",572291,570909,561576,1382,0,-2513,110888,0,0,4061,551,2000,108130,4153,0,0,0,1710,0,0,0,0,0,19.420000000000002,32.369999999999997,33.56,342517,4061,114949,0,0,243,4914,0,0,0,0,185,0,1576,253,0,0,0,0,7148,0,0,0,0,3087,0,0,0,1381,0,345604,5077,0,0,0,0,0,0,0,0,0]
[1076123,20120630,"FIRST NAT CORP                ","STRASBURG","VA",529222,529080,531230,142,0,-2175,53633,0,0,4980,6127,6814,17221,199,0,0,0,0,0,0,14335,0,0,10.14,13.79,15.07,388994,4980,58613,0,0,1229,10641,0,0,0,0,0,0,1059,189,0,200,279,0,13999,5,0,0,0,9024,0,0,0,142,0,398018,2375,0,9279,0,14335,0,0,0,9279,0]
[1076217,20120630,"UNITED BSHRS                  ","CHARLESTON","WV",8516071,8197863,8457009,373122,0,-30638,864380,0,0,75525,127169,237686,702927,-66383,-20218,0,0,55257,0,0,0,0,0,10.54,12.89,14.15,6704266,84325,948705,544,0,10029,64706,0,0,0,0,4298,780,11959,1744,691,553,6749,0,73413,2112,0,8800,0,0,371650,0,0,11472,0,6704266,-35745,62,190000,0,0,0,0,20218,190000,0]
[1076262,20120630,"CITY HC                       ","CROSS LANES","WV",2806997,2732905,2895728,64971,0,-4732,264972,0,0,19473,46249,103449,298156,-2477,-124755,0,0,34716,0,0,0,0,0,9.6999999999999993,12.41,13.32,2135133,19473,284445,0,0,1776,21726,0,0,0,0,305,0,3757,0,30,149,495,0,19452,21,0,0,0,0,62903,9121,0,2258,0,2135133,2255,35,16000,0,0,0,0,124754,16000,0]
[1076431,20120630,"FIRST BC                      ","TROY","NC",3313764,3244477,3329441,69287,0,-10815,323948,0,0,27430,0,105437,179298,-8161,0,0,0,22017,0,0,63500,0,0,9.98,14.94,16.2,2168379,27430,351378,0,0,0,112994,0,31260,0,0,0,0,25453,3134,0,4441,0,0,53454,0,0,0,0,26024,65835,0,0,3452,0,2194403,2654,0,45000,0,63500,0,0,0,45000,0]
[1076495,20120630,"F&M BK CORP                   ","TIMBERVILLE","VA",554709,552039,553873,2670,0,-2072,46875,9825,0,5319,12481,0,37063,-2040,0,0,0,1887,0,0,0,0,0,8.49,11.08,14.65,423238,15144,62019,0,0,3509,13442,0,0,0,0,671,0,1165,160,165,20,0,0,7607,0,267,0,0,2288,2670,0,0,0,0,425526,31,0,0,0,0,0,0,0,0,0]
[1076600,20120630,"FAUQUIER BSHRS                ","WARRENTON","VA",587969,587969,582554,0,0,-309,53255,0,0,5557,11467,0,37789,-1721,0,0,0,5209,0,0,0,0,0,9.06,12.08,13.35,440675,5557,58812,0,0,201,7674,0,0,0,0,0,0,2463,0,201,387,0,0,9449,0,0,0,0,3892,0,0,0,0,0,444567,-1411,0,4000,0,null,null,null,null,4000]
[1076619,20120630,"F&M FC                        ","GRANITE QUARRY","NC",555234,554815,553864,353,0,0,74307,0,0,5111,7715,40,50019,43,0,0,0,5525,664,66,17000,0,0,13.39,18.38,19.649999999999999,404250,5111,79418,0,0,3834,25828,0,0,0,0,799,0,4525,17,428,1091,0,0,10103,0,0,0,664,4992,331,0,0,22,0,409242,43,48,0,0,17000,0,0,0,0,0]
[1076673,20120630,"OLD POINT FC                  ","HAMPTON","VA",862213,862213,872319,0,0,-1876,87490,0,0,7053,24795,16365,46330,-100,0,0,0,2191,0,0,0,0,0,10.15,15.52,16.77,563618,7053,94543,20,0,135,8848,0,0,0,0,130,0,496,201,0,368,0,0,7671,0,0,0,0,618,0,0,0,0,0,564236,1776,0,0,0,0,0,0,0,0,0]
[1076691,20120630,"AMERICAN NAT BSHRS            ","DANVILLE","VA",1294089,1248718,1290892,44854,0,-2002,134949,0,0,11359,7836,56825,86642,7121,0,0,0,6654,0,0,0,0,0,10.81,14.87,16.12,907750,11359,146308,0,0,0,7995,0,0,0,0,0,0,2843,252,0,551,1918,0,12099,206,0,0,0,946,39352,0,0,5502,0,908696,9123,0,28500,0,0,0,0,0,28500,0]
[1078529,20120630,"BBVA USA BSHRS                ","HOUSTON","TX",64767349,59591340,66013042,5136060,0,-39458,5713494,753403,null,636045,2173,15026863,-4312398,44099,0,-638,302,157467,7965,796,0,28919,0,9.59,11.32,14.07,50491991,1389448,7102942,0,40031,175717,1236995,116253,8963,0,0,100164,962,184776,9333,6623,25410,3424,0,957279,70359,28919,0,7965,391593,4971645,0,0,217807,470511,50883584,88126,0,110000,null,0,24663,0,0,110000]
[1078846,20120630,"SYNOVUS FC                    ","COLUMBUS","GA",26533058,26471300,26294110,31124,0,-13437,2822487,360000,0,266727,792269,2215201,-999001,7003,-114176,-2423,2144,1985,352,352,952093,0,0,10.66,13.35,16.309999999999999,21146174,626727,3449214,0,2321,5863,786467,0,0,0,0,2198,24,92718,8244,97,24181,7217,0,453325,5564,94,0,352,192162,24431,0,0,6693,0,21338336,20440,0,10000,0,952093,0,0,114176,10000,0]
[1079562,20120630,"TRUSTMARK CORP                ","JACKSON","MS",9826939,9524451,9890846,298130,0,-40448,1012353,39884,0,82941,13496,283023,958322,3654,0,0,0,43915,43580,4358,0,0,0,10.63,15.26,17.12,6631887,122825,1135178,35270,4561,47854,100731,3926,579,35270,0,37503,303,21440,789,871,2213,1856,0,86335,0,0,0,43580,3394,291104,0,0,19356,0,6635281,44102,0,60000,0,0,0,0,0,60000,0]
[1080139,20120630,"TRUST NO 3 UNDER THE WILL OF  ","TROY","AL",824421,821529,884319,2892,0,0,80528,0,0,7003,204,997,43758,22956,0,0,0,1844,0,0,0,31461,0,9.8000000000000007,14.41,16.78,558792,13218,93746,0,0,6257,10992,0,0,0,0,262,0,2421,75,31,0,0,0,8438,0,31461,0,0,1435,2892,0,6215,0,0,560227,22956,0,7000,0,0,0,0,0,7000,0]
[1080595,20120630,"COMMUNITY BSHRS OF MS         ","BRANDON","MS",2245438,2237418,2284956,8020,0,0,243536,0,0,18754,18285,10746,120000,-409,-350,0,0,11834,0,0,52779,418,0,10.88,16.27,17.53,1496389,18754,262290,343,2205,8842,20026,0,0,0,0,1871,171,4032,484,106,190,1548,0,22396,0,418,0,0,3642,7719,0,0,302,0,1500031,-409,322,50000,0,52779,0,0,350,50000,0]
[1081118,20120630,"FIDELITY SOUTHERN CORP        ","ATLANTA","GA",2269452,2267004,2414935,2448,0,0,230921,7158,0,24747,71950,5105,51070,3882,0,0,6355,18038,15945,0,46902,0,0,10.19,11.68,13.3,1976871,31905,262826,0,10022,111,77562,84,11810,0,0,0,0,6196,428,0,2273,2027,0,27205,421,0,0,16031,2879,0,0,0,2448,0,1979750,3882,0,58342,0,46902,0,0,0,58342,0]
[1081239,20120630,"CREWS BKG CORP                ","WAUCHULA","FL",1200472,1199250,1200377,1222,0,0,121254,0,0,9646,99,2555,119822,3563,0,0,0,0,0,0,0,0,0,10.11,16.059999999999999,17.34,754954,9646,130900,0,0,0,28481,0,0,0,0,0,0,8954,767,0,763,997,0,26374,0,0,0,0,16728,0,0,0,1222,0,771682,3563,0,0,0,0,0,0,0,0,0]
[1081613,20120630,"BPC CORP                      ","COOKEVILLE","TN",654133,652763,654249,1232,0,-1831,51146,0,0,3032,202,2560,40754,-52,0,0,0,136,0,0,0,0,0,7.84,21.12,22.37,242157,3032,54178,0,0,1707,648,0,0,0,0,995,0,0,0,0,0,279,0,3469,0,0,0,0,437,1232,138,0,0,0,242594,1779,0,9000,0,0,0,0,0,9000,0]
[1081716,20120630,"FIRST VOLUNTEER CORP          ","CHATTANOOGA","TN",897320,890430,903607,4780,0,0,67808,0,0,7502,5741,7266,58083,1038,0,0,0,5260,0,0,0,0,0,7.62,10.81,12,627507,7519,75327,0,0,254,7472,0,0,0,0,5,0,1164,253,77,234,109,0,7502,0,0,0,0,0,0,2110,17,4779,0,627507,1039,0,3609,0,0,0,0,0,3609,0]
[1082067,20120630,"AMERIS BC                     ","MOULTRIE","GA",2966528,2961805,2930945,4723,0,120,329412,0,0,21340,25155,166685,61082,7804,-10831,0,0,0,0,0,51044,0,0,11.12,19.32,20.57,1705350,21340,350752,0,1401,1269,195647,1015,120982,0,0,77,2,48039,3088,0,2083,1269,0,26198,0,0,0,0,4858,956,0,0,3767,0,1710208,7684,0,41000,0,51044,0,0,10831,41000,0]
[1082209,20120630,"BANCINDEPENDENT               ","SHEFFIELD","AL",1062907,1040412,1073540,22495,0,-6739,113672,1582,null,9375,201,42299,43650,-6388,-7514,0,0,5130,0,0,30000,null,0,10.93,13.28,14.56,855993,10957,124629,0,0,2348,9170,0,0,0,0,0,0,1547,400,83,197,928,0,9375,0,0,0,0,0,23764,0,0,1646,0,855993,351,887,28418,null,30000,null,null,7514,28418]
[1082393,20120630,"FIRST PULASKI NAT CORP        ","PULASKI","TN",658684,658684,660578,0,0,0,60874,0,0,5251,1572,1692,57610,2209,0,0,0,3176,0,0,0,0,0,9.24,14.56,15.81,418200,5251,66125,0,0,0,8233,0,0,0,0,0,0,3652,7,0,0,0,0,7188,77,0,0,0,2014,0,0,0,0,0,420214,2209,0,0,0,0,0,0,0,0,0]
[1082777,20120630,"UNITED BC                     ","BARNESVILLE","GA",1039869,1037053,1060650,2625,0,0,103208,0,0,6586,15761,6270,71038,6816,-1445,0,0,0,1906,191,0,0,0,9.9499999999999993,20,21.29,516059,6651,109859,0,0,1801,24540,1544,8072,0,0,246,0,6961,491,0,79,0,0,17406,0,0,0,1906,10820,2485,0,65,140,0,526879,6816,0,14400,0,0,0,0,1445,14400,0]
[1083475,20120630,"CITIZENS HC                   ","PHILADELPHIA","MS",835185,832035,844782,3150,0,0,80082,0,0,5992,972,3561,78698,5166,0,0,0,828,0,0,0,0,0,9.6199999999999992,16.739999999999998,17.989999999999998,478467,5992,86074,0,0,552,10632,0,0,0,0,536,0,1863,164,0,125,18,0,7211,0,0,0,0,1219,3150,0,0,0,0,479686,5165,0,0,0,0,0,0,0,0,0]
[1083729,20120630,"ONE AMER CORP                 ","VACHERIE","LA",720325,720325,710044,0,0,0,83931,0,0,5672,7500,5000,89778,3944,-18347,0,0,572,0,0,0,0,0,11.65,18.71,19.97,448684,5672,89603,0,0,14,3924,0,0,0,0,0,0,1479,0,0,24,0,0,10737,0,0,0,0,5065,0,0,0,0,0,453749,3944,0,0,0,0,0,0,18347,0,0]
[1083783,20120630,"FIRST FARMERS & MRCH CORP     ","COLUMBIA","TN",1046227,1037209,1046560,9018,0,0,101705,0,0,8034,53300,0,57328,2548,0,0,0,5500,0,0,0,95,0,9.81,15.73,16.98,646374,8034,109739,0,246,34,10969,0,0,0,0,0,34,2180,427,0,1056,0,0,8772,0,95,0,0,738,9018,0,0,0,0,647112,2548,0,0,0,0,0,0,0,0,0]
[1084511,20120630,"COMMUNITY BK OF S FL          ","HOMESTEAD","FL",527588,520894,527602,0,0,0,37357,0,0,4988,2489,5393,36169,1329,0,0,0,7580,0,0,0,0,0,7.17,9.42,10.68,396604,4988,42345,0,0,0,16999,0,0,0,0,0,0,2095,48,0,0,12,0,7493,0,0,0,0,2505,0,6694,0,0,0,399109,1329,0,0,0,0,0,0,0,0,0]
[1084575,20120630,"PRIORITYONE CAP CORP          ","MAGEE","MS",533857,533397,535148,460,0,0,48959,0,0,4974,423,155,48841,539,0,0,0,0,0,0,0,0,0,9.18,12.41,13.69,394569,5042,54001,0,0,76,12725,0,0,0,0,0,0,1086,10,0,0,32,0,8100,0,0,0,0,3126,460,0,68,0,0,397695,539,0,0,0,0,0,0,0,0,0]
[1085013,20120630,"SEACOAST BKG CORP OF FL       ","STUART","FL",2133713,2127333,2106514,1205,0,0,208154,0,0,15273,9477,222391,-117423,2919,-32,0,0,18272,0,0,48121,0,0,9.7799999999999994,17.170000000000002,18.43,1212484,15273,223427,0,0,0,48482,0,0,0,0,0,0,17136,1095,0,2215,1610,0,24635,29,0,0,0,9391,0,5175,0,1892,0,1221875,2919,0,52000,0,48121,0,0,32,52000,0]
[1085170,20120630,"COLONY BC                     ","FITZGERALD","GA",1146229,1137866,1133170,241,0,0,110432,0,0,8887,8439,29145,29967,1714,0,0,0,8614,0,0,27744,0,0,9.7100000000000009,15.67,16.940000000000001,704544,8887,119319,0,0,213,35606,0,0,0,0,31,0,3099,132,0,0,729,0,15293,0,0,0,0,6406,0,8122,0,241,0,710950,1714,0,23500,0,27744,0,0,0,23500,0]
[1085255,20120630,"WEST AL CAP CORP              ","REFORM","AL",575231,568205,589690,7026,0,-2258,53587,4103,0,4586,48,3475,44780,-676,-1087,0,0,2919,0,0,0,0,0,9.43,14.62,16.989999999999998,366652,8689,62276,0,85,1,2169,0,0,0,0,0,0,452,16,0,92,542,0,4847,0,0,0,0,261,7026,0,0,605,0,366913,1582,0,13397,0,0,0,0,1087,13397,0]
[1085330,20120630,"SEQUATCHIE VALLEY BSHRS       ","DUNLAP","TN",601466,595130,602920,6336,0,0,53233,5000,0,4192,89,116,53364,3476,0,0,0,0,0,0,0,0,0,8.94,16.03,18.79,332172,9192,62425,0,0,1709,17825,0,0,0,0,737,16,4829,145,0,121,289,0,7386,0,0,0,0,3194,5143,0,0,1193,0,335366,3476,0,6000,0,0,0,0,0,6000,0]
[1085509,20120630,"CAPITAL CITY BK GRP           ","TALLAHASSEE","FL",2606455,2513773,2628759,82299,0,-24593,241323,0,0,21388,172,38260,234573,-23983,0,0,0,29932,0,0,0,0,0,9.6,14.17,15.54,1702482,23275,264598,0,0,170,74771,0,0,0,0,0,0,15077,327,0,2860,4124,0,29929,0,0,1887,0,8541,84810,10383,0,458,0,1711023,610,0,61000,0,0,0,0,0,61000,0]
[1085527,20120630,"OLD FLORIDA BSHRS             ","ORLANDO","FL",622590,620076,625548,404,0,0,74015,0,0,6719,58,64755,-979,31,0,0,0,4609,0,0,12695,0,0,11.94,13.8,15.06,536237,6719,80734,0,2334,0,7294,0,0,0,0,0,0,418,0,0,0,0,0,7986,0,18,0,0,1267,404,2110,0,0,0,537504,31,0,0,0,12695,0,0,0,0,0]
[1086122,20120630,"FIRST FARMERS BSHRS           ","PORTLAND","TN",516219,513649,511972,2570,0,-2525,51374,0,0,4143,0,2175,51769,1275,0,0,0,1887,0,0,0,0,0,10,15.6,16.86,329226,4143,55517,0,0,726,19384,0,0,0,0,439,0,4333,306,189,263,1533,0,6343,0,0,0,0,2200,2363,0,0,207,0,331426,3800,0,0,0,0,0,0,0,0,0]
[1086131,20120630,"FIRST NAT BKR BSHRS           ","BATON ROUGE","LA",872861,872412,884075,449,0,0,150645,0,0,5363,3,102964,11927,1355,0,0,0,4973,0,0,28200,0,0,17.27,35.31,36.56,426693,5363,156008,0,0,861,19084,0,0,0,0,0,0,472,0,0,0,248,0,11462,0,0,0,0,6099,449,0,0,0,0,432792,1355,0,8000,0,28200,0,0,0,8000,0]
[1086168,20120630,"UNITED SCTY BSHRS             ","THOMASVILLE","AL",603620,598648,603285,0,0,0,58422,0,0,5049,73,9259,75225,3346,-21150,0,0,9598,0,0,0,-12,0,9.76,15.03,16.32,388830,5049,63471,0,0,1661,17534,0,0,0,0,860,0,504,169,0,75,5,0,20154,0,-12,0,0,15105,0,4972,0,0,0,403935,3347,0,0,0,0,0,0,21150,0,0]
[1086270,20120630,"CNB BSHRS                     ","SEVIERVILLE","TN",850700,850519,848650,181,0,-1789,73355,0,0,7917,8043,821,61223,2652,-8551,0,0,632,0,0,0,0,0,8.6199999999999992,11.63,12.88,630958,7917,81272,0,0,0,20329,0,0,0,0,0,0,84,0,0,0,7932,0,10274,11,0,0,0,2368,181,0,0,0,0,633326,4441,0,12000,0,0,0,0,8551,12000,0]
[1086533,20120630,"HANCOCK HC                    ","GULFPORT","MS",18987398,18151674,18789536,824395,0,-84969,1581101,120000,0,142367,282297,1674160,493517,-17462,-33149,0,9731,144430,207,994,0,0,0,8.7100000000000009,12.18,14.2,12984334,262944,1844045,0,0,11813,181016,56,5288,0,0,3993,610,38118,0,875,5853,17317,0,140767,1600,0,0,207,0,628878,10335,577,195517,0,12984334,67507,0,0,0,0,0,0,33149,0,0]
[1086654,20120630,"MIDSOUTH BC                   ","LAFAYETTE","LA",1378594,1347021,1394827,31573,0,0,140753,0,0,7410,1063,98963,28586,8514,-3286,0,0,0,0,0,32000,0,0,10.45,16.510000000000002,17.38,852725,7410,148163,0,763,62,7370,0,0,0,0,36,0,1559,0,0,24,465,0,7222,188,0,0,0,0,24824,0,0,6749,0,852725,8514,0,15000,0,32000,0,0,3286,15000,0]
[1086748,20120630,"LIBERTY SHARES                ","HINESVILLE","GA",817995,815294,814687,2701,0,0,19088,4553,0,6588,3522,4783,-10023,610,-84,0,0,0,0,0,18144,0,0,2.34,3.71,5.88,514289,11141,30229,0,1851,9,55588,0,0,0,0,4,0,12776,363,0,943,310,0,19316,0,0,0,0,12728,0,0,0,2701,0,527017,610,0,5447,0,18144,0,0,84,5447,0]
[1086814,20120630,"FMB BSHRS                     ","LAKELAND","GA",605206,604907,612603,0,0,0,14650,7325,0,5046,838,27187,-16353,29,-460,0,0,299,0,0,0,0,0,2.42,3.45,6.36,425134,12371,27021,0,0,4897,37899,0,0,0,0,1463,109,6435,930,535,397,372,0,10041,0,113,0,0,4995,0,299,0,79,0,430129,29,0,3737,0,0,0,0,460,3624,0]
[1090987,20120630,"MB FNCL                       ","CHICAGO","IL",9412297,9001969,9489566,409777,0,0,941888,50000,0,76859,549,732297,466812,39035,-3353,-551,0,0,532,0,0,0,0,10.46,15.45,17.53,6096732,126859,1068747,0,0,290453,113077,229149,0,0,0,8232,1822,11525,9314,1835,8699,28416,0,121756,7084,2411,0,532,51981,387069,0,0,26986,0,6148713,39035,0,155911,0,0,0,0,3353,153500,0]
[1094314,20120630,"CENTRAL BANCOMPANY            ","JEFFERSON CITY","MO",10217517,9980700,10248812,235579,0,-32390,1059385,0,0,85959,5956,5250,1363483,18967,-78487,0,0,24710,17660,1238,0,0,0,10.61,15.5,16.89,6836383,95395,1154780,0,5260,949,93562,0,5698,0,0,73,0,16673,1888,232,1813,0,0,124089,2203,0,0,18247,40333,243746,0,9436,13121,0,6876716,51357,0,0,0,0,0,0,78487,0,0]
[1094613,20120630,"DELTA BSHRS CO                ","SAINT LOUIS","MO",536305,529921,529197,14,0,0,53516,0,0,5220,600,2985,60578,89,-4263,0,0,6369,0,0,0,0,0,10.1,12.99,14.26,411930,5220,58736,0,0,403,11816,0,0,0,0,0,0,512,0,0,0,0,0,11078,0,0,0,0,5858,14,6370,0,0,0,417788,89,0,0,0,0,0,0,4263,0,0]
[1094640,20120630,"FIRST HORIZON NAT CORP        ","MEMPHIS","TN",24903459,24873986,25493925,133541,0,-186262,2626688,318600,349,251209,155506,1528161,658157,-122583,0,-464,0,254977,129291,8872,0,294816,0,10.56,13.12,15.97,20022430,570159,3196847,38708,0,89215,418454,0,0,26566,0,57475,7374,145399,3793,20401,25650,6254,0,321051,4434,295165,0,129291,74276,134242,67075,1,24659,749047,20096706,63679,0,200000,0,0,294816,0,0,200000,0]
[1094828,20120630,"SIMMONS FIRST NAT CORP        ","PINE BLUFF","AR",3265359,3218124,3257144,47235,0,0,389677,0,0,22910,170,105825,300917,501,0,0,0,0,0,0,0,0,0,12.11,21.34,22.6,1825857,22925,412602,3275,1092,6015,20801,1785,9424,0,0,540,11,3569,312,0,72,930,0,28397,1525,0,0,0,7012,60605,0,15,1431,0,1832869,501,0,30000,0,0,0,0,0,30000,0]
[1095414,20120630,"AMERICAN CENTRAL BANCORP      ","SPRINGFIELD","IL",668605,668043,675563,335,0,0,67934,0,0,4607,176,2272,66135,0,-87,0,0,0,2268,227,0,0,0,10.17,14.66,15.65,463502,4607,72541,0,0,324,2298,0,0,0,0,121,0,835,0,0,0,0,0,4607,0,0,0,2268,0,0,0,0,335,0,463502,0,0,0,0,0,0,0,87,0,0]
[1095674,20120630,"ARVEST BK GRP                 ","BENTONVILLE","AR",13104170,12868476,13657922,235694,0,0,908360,120000,0,105782,15,104468,921645,12905,0,0,0,12152,356809,0,0,2926,0,7.06,10.82,13.51,8392753,225782,1134142,0,0,20490,304134,13755,0,0,0,5,202,52324,6688,842,2352,3557,0,193524,0,853,0,452853,87742,246363,0,0,10164,0,8480495,12905,0,115000,0,0,0,167,0,115000,0]
[1095722,20120630,"TOWN & COUNTRY BSHRS          ","SALEM","MO",522433,517632,523326,4801,0,0,49390,0,0,3739,245,6843,38353,3125,-2250,0,0,0,0,0,0,0,0,9.5399999999999991,16.579999999999998,17.84,297816,3739,53129,0,0,184,1763,0,0,0,0,6,0,1178,0,0,0,341,0,5349,0,0,0,0,1610,4815,0,0,0,0,299426,3125,0,11000,0,0,0,0,2250,11000,0]
[1095889,20120630,"FIRST IL BANCORP              ","EAST SAINT LOUIS","IL",551326,535006,554023,16320,0,0,61043,0,0,2804,282,5271,79688,3175,-7878,0,0,0,0,0,0,0,0,11.41,28.84,30.16,211666,2804,63847,0,0,521,3403,0,0,0,0,5,0,20,0,0,0,0,0,15475,0,0,0,0,12671,13903,0,0,3585,0,224337,3175,0,0,0,0,0,0,7878,0,0]
[1095982,20120630,"FIRST M&F CORP                ","KOSCIUSKO","MS",1573795,1565835,1561496,2742,0,-3482,132037,0,0,14712,47115,39994,16699,434,-8523,0,0,12483,0,0,18198,0,0,8.43,11.22,12.47,1176372,14712,146749,0,0,1604,7082,0,0,0,0,81,0,1446,302,0,116,3281,0,15310,0,0,0,0,598,0,8700,0,4373,0,1176970,3920,0,30000,0,18198,0,0,8523,30000,0]
[1096484,20120630,"PLANTERS HOLDING COMPANY      ","INDIANOLA","MS",685163,684870,696870,293,0,0,58207,0,0,5408,4167,2964,51369,5454,0,0,0,0,0,0,0,0,0,8.5,13.48,14.73,431768,5408,63615,0,0,0,2955,0,0,0,0,0,0,1106,38,0,0,0,0,6316,0,0,0,0,908,0,0,0,293,0,432676,5454,0,0,0,0,0,0,0,0,0]
[1096505,20120630,"FIRST SECURITY BANCORP        ","SEARCY","AR",4297715,4270444,4363552,27271,0,0,492860,0,0,32676,717,21741,531935,74567,-34262,0,0,0,0,0,0,0,0,11.54,18,19.2,2737792,32676,525536,0,0,0,15676,0,0,0,0,0,0,2752,172,0,0,10773,0,43832,0,0,0,0,11156,19339,0,0,7932,0,2748948,74567,0,0,0,0,0,0,34262,0,0]
[1096550,20120630,"FIRST ARKANSAS BSHRS          ","JACKSONVILLE","AR",688492,645282,700934,43081,0,0,53396,18233,0,5188,1,4347,76491,5028,0,0,1290,0,0,129,0,0,0,8.27,10.68,15.37,499914,23421,76817,0,119,393,7453,0,0,0,0,35,0,2578,88,0,401,2942,0,5795,0,0,0,0,607,33538,0,0,9543,0,500521,5028,0,15767,0,0,0,0,0,15767,0]
[1096952,20120630,"GUARANTY CAPITAL CORP         ","BELZONI","MS",562659,559230,567171,3429,0,0,46949,0,0,5623,670,13995,29713,-3194,0,0,0,0,0,0,0,0,0,8.4,10.47,11.72,448387,5623,52572,0,0,70,10983,0,0,0,0,0,0,1919,232,0,0,0,0,7067,0,0,0,0,1444,899,0,0,2530,0,449831,-3194,0,6000,0,0,0,0,0,6000,0]
[1097025,20120630,"REPUBLIC BANCORP              ","LOUISVILLE","KY",3727092,3716885,3278800,10207,0,0,607329,0,0,22510,4948,132491,397058,5216,0,41800,0,0,5351,0,0,0,0,16.34,29.48,29.43,2059807,22510,606226,0,0,0,23383,0,0,0,0,0,0,12398,694,0,2677,3467,0,22510,0,0,0,6260,0,10168,0,0,103,0,2059807,5217,0,41240,0,0,0,0,0,41240,0]
[1097089,20120630,"BANK OF THE OZARKS            ","LITTLE ROCK","AR",3765343,3754154,3764860,11189,0,0,499949,0,0,34573,346,54897,392895,11452,0,0,0,0,0,0,0,0,0,13.32,18.100000000000001,19.36,2761563,34573,534522,0,0,0,159385,0,119643,0,0,0,0,28057,1958,0,517,1950,0,38862,0,3418,0,0,4289,5243,0,0,5946,0,2765852,11452,0,63000,0,0,0,0,0,63000,0]
[1097173,20120630,"LINCOLN CTY BC                ","TROY","MO",664637,661978,656197,2659,0,0,44893,0,0,5426,4034,4739,28915,2283,-136,0,0,0,565,0,0,0,0,6.78,10.54,11.81,426083,5426,50319,0,0,192,27766,0,0,0,0,0,0,1548,18,0,15,316,0,13399,0,0,0,991,7973,2633,0,0,26,0,434056,2283,0,10000,0,0,0,0,136,10310,0]
[1097182,20120630,"UNITED CMNTY BC               ","CHATHAM","IL",1261792,1251637,1259163,9736,0,0,98813,22262,0,8190,2795,1392,98926,13910,0,0,0,33,4187,419,0,0,0,7.89,13.53,17.7,730513,30521,129334,79,0,2943,5022,0,0,0,0,583,212,1517,29,0,21,150,0,8190,0,0,0,4187,0,6383,0,69,3353,0,730513,13756,0,5701,0,0,0,0,0,5701,0]
[1097306,20120630,"BANCPLUS CORP                 ","RIDGELAND","MS",2313761,2310988,2325094,2773,0,0,226078,16902,34190,18845,7579,0,156649,3092,-6335,654,0,667,0,0,80914,0,34190,9.7799999999999994,15.05,19.78,1502122,70998,297076,397,211,6610,50067,0,0,0,0,820,116,7661,468,123,401,1238,0,24331,0,0,0,0,5486,2616,0,1061,157,0,1507608,2610,0,23098,0,80914,0,0,6335,23098,0]
[1097566,20120630,"CITIZENS UNION BANCORP        ","SHELBYVILLE","KY",772008,762076,760518,3539,0,0,61589,3571,0,7173,84,3951,50457,1066,0,0,0,6393,0,0,0,0,0,8.08,10.7,12.56,575746,10744,72333,0,0,1472,22384,0,0,0,0,286,0,3868,595,21,0,0,0,11152,0,0,0,0,3979,3404,6393,0,135,0,579725,1066,0,17029,0,0,0,0,0,17029,0]
[1097614,20120630,"BANCORPSOUTH                  ","TUPELO","MS",13022096,12732273,13152123,286406,0,-41192,1282653,0,0,119629,236091,310388,870498,1334,0,0,0,0,34167,3417,0,0,0,10.07,13.4,14.66,9569782,119920,1402573,663,7657,1632,240245,0,0,0,7448,1141,0,33811,1848,0,2995,4812,0,175847,679,0,0,34167,56897,271297,0,291,15109,0,9626679,42527,0,155500,0,0,0,0,0,160312,0]
[1097771,20120630,"STATE CAPITAL CORP            ","GREENWOOD","MS",918736,886400,919791,28686,0,-739,94306,0,0,6831,4316,54709,26371,-44,-845,0,0,5877,0,0,26350,0,0,10.64,12.57,13.48,750047,6831,101137,31,1036,42,8663,0,0,0,0,11,0,1936,505,0,124,479,0,6831,0,744,0,0,0,26606,3650,0,2080,0,750047,695,3,15744,0,10600,0,0,845,15000,0]
[1097922,20120630,"MONTICELLO BSHRS              ","MONTICELLO","KY",583225,582159,586739,1066,0,0,46518,0,0,4879,19785,3234,25072,4240,-665,0,0,0,0,0,158,0,0,7.99,11.94,13.19,389737,4879,51397,0,0,3362,8047,0,0,0,0,270,0,2311,34,0,295,0,0,5466,0,0,0,0,587,1066,0,0,0,0,390324,4240,0,0,0,158,0,0,665,0,0]
[1097986,20120630,"COMMUNITY FINANCIAL SERVICES  ","BENTON","KY",565519,565459,568542,0,0,0,54134,0,0,5831,1507,5395,50149,1166,-7857,0,0,202,600,60,0,0,0,9.57,11.64,12.9,464905,5831,59965,0,0,0,2559,0,0,0,0,0,0,814,75,0,0,155,0,7366,0,0,0,600,1535,0,0,0,0,0,466440,1166,0,5000,0,0,0,0,7857,5000,0]
[1098303,20120630,"OLD NAT BC                    ","EVANSVILLE","IN",8572374,8245754,8689607,274290,0,-13289,742233,0,0,58019,94687,836477,121670,22342,-1449,0,0,96285,0,0,0,0,0,9,14.55,15.7,5099772,58659,800892,0,6525,866,240541,474,112491,0,0,0,6,32940,2400,0,3175,496,0,54760,3259,0,0,0,0,253177,52330,640,30205,0,5099772,31163,0,13000,0,0,0,0,1449,13000,0]
[1098509,20120630,"SECURITY CAPITAL CORP         ","BATESVILLE","MS",538988,535114,533280,3874,0,0,68398,0,0,3693,14454,40735,-790,2461,-37,0,0,0,0,0,17910,0,0,12.78,22.36,23.57,305851,3693,72091,0,0,11,4926,0,0,0,0,0,0,657,186,0,0,0,0,3693,0,0,0,0,0,3734,0,0,140,0,305851,2461,0,0,0,0,0,0,37,0,17910]
[1098620,20120630,"GERMAN AMER BC                ","JASPER","IN",1917091,1895126,1944848,21965,0,-225,148108,21250,0,15692,12626,95330,57472,11722,0,0,0,1036,0,0,0,0,0,7.82,11.27,14.08,1314204,36942,185050,0,450,99,13398,0,0,0,0,0,0,559,160,0,55,248,0,15692,0,0,0,0,0,18865,0,0,3482,0,1314204,11947,7,4652,0,0,0,0,0,4652,0]
[1098648,20120630,"CASS INFO SYS                 ","BRIDGETON","MO",1318853,1303211,1291260,15642,0,-15577,156512,0,0,11233,5445,82455,98192,-3720,-13877,0,0,1647,0,0,0,0,0,12.01,17.440000000000001,18.7,897250,11233,167745,0,424,0,5939,0,0,0,0,0,0,0,0,0,0,0,0,12623,0,0,0,0,1390,11590,0,0,4052,0,898640,11918,0,0,0,0,0,0,12411,0,0]
[1098732,20120630,"FARMERS CAPITAL BK CORP       ","FRANKFORT","KY",1895963,1889541,1847656,1901,0,-2247,197280,0,0,14452,932,50929,75018,7534,0,0,0,14175,725,0,29323,0,0,10.44,17.25,18.52,1143529,14453,211733,0,0,29,54598,0,0,0,0,0,28,9454,509,0,129,1559,0,27113,0,0,0,994,12661,0,4521,1,1901,0,1156190,9781,0,47500,0,29323,0,0,0,47500,0]
[1098796,20120630,"FIRST CITIZENS BSHRS          ","DYERSBURG","TN",1045039,1033214,1082807,11825,0,0,98134,0,0,7544,3718,15332,81623,10078,-3023,0,0,0,0,0,0,0,0,9.5,16.27,17.52,603155,7556,105690,35,1679,493,8907,0,0,0,0,189,0,1154,628,151,62,2901,0,7926,0,2055,0,0,382,11825,0,12,0,0,603537,10079,0,12310,0,0,0,0,3023,10310,0]
[1098844,20120630,"RENASANT CORP                 ","TUPELO","MS",4123373,3930638,4112377,191618,0,-7510,380320,0,0,36280,133579,217640,174874,-8521,-26038,0,0,27053,1241,1117,0,0,0,9.68,13.14,14.39,2894517,36280,416600,0,0,4063,104157,159,52309,0,0,2134,18,14854,1250,27,3817,2260,0,44779,0,0,0,1241,8499,184878,0,0,6740,0,2903016,-1011,0,73000,0,0,0,0,26038,73000,0]
[1099074,20120630,"SOUTHERN BSHRS CORP           ","SAINT LOUIS","MO",515681,515657,519462,0,0,0,50413,0,0,4528,750,508,42045,2756,-1769,0,0,3152,239,24,0,8903,0,9.7799999999999994,14.15,15.42,356330,4528,54941,0,0,0,10656,0,0,0,0,0,0,1773,52,0,64,0,0,10421,0,8903,0,239,5893,0,0,0,0,0,362223,2756,0,0,0,0,0,0,1769,0,0]
[1099328,20120630,"MERCANTILE BANCORP            ","QUINCY","IL",677600,677171,667169,330,0,-95,-35108,0,0,5597,3648,9315,-45882,1365,-1759,0,0,0,993,99,0,0,0,-5.18,-8.02,-8.02,437688,5597,-35108,0,0,1107,20194,0,0,0,0,118,13,2902,25,0,174,1858,0,16153,0,0,0,993,10556,0,0,0,300,0,448244,1461,0,0,0,0,0,0,1759,0,0]
[1099382,20120630,"COMMERCIAL HC                 ","PARIS","TN",659267,655126,662355,4141,0,0,63504,0,0,5811,3000,2268,62377,2990,0,0,0,110,0,0,0,0,0,9.69,13.7,14.96,463452,5811,69315,0,0,36,1303,0,0,0,0,31,0,505,398,0,0,0,0,7241,0,0,0,0,1430,4141,0,0,0,0,464882,2990,0,0,0,0,0,0,0,0,0]
[1099672,20120630,"FARMERS & MERCHANTS BSHRS     ","STUTTGART","AR",624019,606245,618947,17774,0,0,66278,0,0,5071,1,21677,62189,2205,-2815,0,0,0,0,0,0,0,0,10.93,15.68,16.88,422659,5071,71349,0,0,0,2499,0,0,0,0,0,0,587,61,0,0,0,0,5071,0,0,0,0,0,16006,0,0,1768,0,422659,2205,0,3000,0,null,null,null,2815,3000]
[1099766,20120630,"CMNTY FIRST FNCL GROUP        ","CHAPEL HILL","NC",null,null,26818]
[1099908,20120630,"PADUCAH BSHRS                 ","PADUCAH","KY",541433,538106,550064,3327,0,0,56308,0,0,4296,9803,0,50433,6283,-601,0,0,0,0,0,0,0,0,10.46,16.46,17.72,342056,4296,60604,0,0,0,1464,0,0,0,0,0,0,509,0,0,0,0,0,6117,0,0,0,0,1821,3327,0,0,59,0,343877,6283,0,0,0,0,0,0,0,0,0]
[1099917,20120630,"FIRST ST BSHRS                ","FARMINGTON","MO",1305783,1275524,1300597,30259,0,0,105884,0,0,11610,106,39062,91437,1023,-4424,0,0,0,0,0,0,0,0,8.3000000000000007,11.42,12.67,927576,11610,117494,0,0,1911,9785,0,0,0,0,356,49,2431,252,0,0,0,0,12828,0,14,0,0,1218,21757,0,0,8502,0,928794,1023,38,10000,0,0,0,0,4424,10000,0]
[1100813,20120630,"FIRST TX BC                   ","GEORGETOWN","TX",866553,866553,871116,0,0,0,118098,0,0,2194,673,10719,109542,1368,-2836,0,0,3395,0,0,0,0,0,13.63,29.44,29.99,401167,2194,120292,0,0,0,5453,0,0,0,0,0,0,0,0,0,0,0,0,2194,0,0,0,0,0,0,0,0,0,0,401167,1368,0,0,0,0,0,0,2836,0,0]
[1102312,20120630,"FIRST FNCL BSHRS              ","ABILENE","TX",4117078,4054303,4291804,62775,0,-7345,419898,0,0,30522,315,276801,205554,51593,0,0,0,0,0,0,0,0,0,10.36,17.23,18.48,2437551,30637,450535,0,1192,117,26608,0,0,0,0,12,0,4078,143,0,189,0,0,34747,0,0,0,0,4225,71864,0,115,175,0,2441776,58935,0,0,0,0,0,0,0,0,0]
[1102367,20120630,"CULLEN/FROST BKR              ","SAN ANTONIO","TX",20094313,19556189,20937978,537624,0,11291,1691673,80000,0,105648,614,692625,1416097,253275,0,-40,0,0,0,0,0,0,0,8.65,14.07,15.61,12026422,185648,1877321,0,5633,11424,92255,0,0,0,0,1501,651,2735,990,111,64,6198,0,105648,0,0,0,0,0,535559,0,0,10039,0,12026422,241983,0,120000,0,0,0,0,0,120000,0]
[1102451,20120630,"BRISCOE RANCH                 ","UVALDE","TX",1046797,1045211,1067445,1586,0,2003,304773,0,0,3159,452,1959,276941,10659,0,1157,0,0,0,null,0,32116,0,29.16,112.12,113.79,271832,4559,309332,0,0,22,4033,0,0,0,0,0,0,0,0,0,0,11464,0,3491,0,32116,0,0,332,1498,0,1400,89,0,272164,11810,3112,0,0,null,null,null,0,0,0]
[1102581,20120630,"CU BK SHARES                  ","DALLAS","TX",664847,664847,682559,0,0,0,71172,0,0,3791,4879,78657,-12364,-7628,0,0,0,3930,0,0,0,0,0,10.71,20.38,21.47,349147,3791,74963,0,0,148,10615,0,0,0,0,0,39,327,307,0,0,13242,0,3791,0,0,0,0,0,0,0,0,0,0,349147,-7628,0,0,0,0,0,0,0,0,0]
[1103177,20120630,"AMERICAN ST FNCL CORP         ","LUBBOCK","TX",3141824,3118555,3157492,23269,0,0,273108,0,0,19284,40246,41696,274642,1396,-60207,0,0,13180,0,0,0,0,0,8.76,17.78,19.04,1536034,19284,292392,0,1176,2,22513,0,0,0,0,0,0,810,321,0,0,0,0,26000,0,0,0,0,6716,23253,0,0,16,0,1542750,1396,0,0,0,0,0,0,60207,0,0]
[1103766,20120630,"LONGVIEW FC                   ","LONGVIEW","TX",1464013,1461622,1473602,2391,0,0,138873,0,0,13248,407,2274,138416,1741,-2479,0,0,4906,0,0,2646,0,0,9.5,13.21,14.46,1051307,13250,152065,0,0,16,9677,0,0,0,0,0,0,2052,24,0,0,660,0,21770,0,0,0,0,8522,3321,0,2,357,0,1059829,1741,0,0,0,0,0,0,2233,0,0]
[1103878,20120630,"TEXAS INDEPENDENT BSHRS       ","TEXAS CITY","TX",751631,741356,763897,10275,0,0,87680,0,0,5121,628,407,107760,1897,-10840,0,0,0,0,0,0,0,0,11.83,20.329999999999998,21.52,431186,5121,92801,0,0,169,4850,0,0,0,0,154,0,21,0,0,0,0,0,6301,0,4678,0,0,1180,10275,0,0,596,0,432366,1897,0,0,0,0,0,0,10840,0,0]
[1104231,20120630,"INTERNATIONAL BSHRS CORP      ","LAREDO","TX",11560233,11267596,11555996,292533,0,0,1446129,0,0,72655,95723,163050,1339053,84273,-257764,-3868,0,0,1038,104,211846,0,0,12.83,23.12,24.29,6254932,73066,1519195,630,2797,13680,73155,0,0,0,0,10116,249,1727,214,24,0,8080,0,70378,2277,654,0,1537,0,282532,0,411,10001,0,6254932,84273,0,190726,0,211846,0,0,257764,190726,0]
[1104660,20120630,"DIBOLL ST BSHRS               ","DIBOLL","TX",825406,818072,823977,7334,0,0,69182,0,0,6383,889,10791,69063,4076,-4227,0,0,0,0,0,0,0,0,8.4600000000000009,13.31,14.54,519592,6387,75569,0,0,653,1564,0,0,0,0,210,91,315,194,0,0,0,0,6202,181,0,0,0,0,7334,0,4,0,0,519592,4076,0,0,0,0,0,0,4227,0,0]
[1104923,20120630,"EXTRACO CORP                  ","WACO","TX",1201026,1200848,1216757,178,0,-1071,124626,0,0,8464,4443,1653,126273,1113,-7565,0,0,0,0,0,0,0,0,10.38,18.72,19.989999999999998,665785,8481,133107,0,0,399,3225,0,0,0,0,387,5,996,15,0,0,0,0,19802,0,0,0,0,11338,0,0,17,178,0,677123,2184,0,0,0,0,0,0,7565,0,0]
[1105014,20120630,"WESTEX BC                     ","DEL RIO","TX",null,null,55508]
[1105470,20120630,"FIRST CITIZENS BSHRS          ","WAXAHACHIE","TX",588047,584195,595917,3852,0,-2408,60280,0,0,5368,1154,1637,51889,-2327,-4927,0,0,0,910,0,0,0,0,10.32,14.08,15.71,428227,6989,67269,407,0,3583,21368,0,0,0,0,0,0,456,0,0,0,744,0,6532,37,0,1621,910,1201,3852,0,0,0,0,429428,81,0,14379,0,0,0,0,4927,16000,0]
[1105751,20120630,"FIRST BAIRD BSHRS             ","BEDFORD","TX",586474,586232,586132,242,0,-1141,46387,3671,0,4231,5,3605,30878,-1071,0,0,0,285,0,0,0,812,0,7.91,12.44,14.56,372937,7902,54289,0,1421,1399,9346,0,0,0,0,400,0,106,0,0,0,464,0,4231,0,812,0,0,0,242,0,0,0,0,372937,70,0,11329,0,0,0,0,0,11329,0]
[1106132,20120630,"CENTRABANC CORP               ","WACO","TX",596683,596683,608389,0,0,0,47575,0,0,5123,322,1115,46138,2426,0,0,0,0,0,0,0,0,0,7.97,11.61,12.86,409848,5123,52698,0,0,635,3509,0,0,0,0,321,32,0,0,0,0,0,0,5596,0,0,0,0,473,0,0,0,0,0,410321,2426,0,0,0,0,0,0,0,0,0]
[1106516,20120630,"FIRST NB GROUP                ","EDINBURG","TX",3573331,3523455,3528560,7579,0,0,132556,17500,0,31755,3147,58157,77550,-228,-124,0,0,57072,206,21,0,0,0,3.76,5.29,9.44,2505171,104042,236598,0,0,1011,368558,0,0,0,0,91,0,26969,212,0,0,3407,0,67584,1450,0,54787,206,37279,8584,42276,0,0,0,2542450,-228,11,43713,0,0,0,0,124,43713,0]
[1106879,20120630,"BROADWAY BSHRS                ","SAN ANTONIO","TX",2557869,2536393,2601264,21476,0,0,276940,0,0,18078,4563,582,294942,43247,0,0,0,0,0,0,0,0,0,10.92,18.309999999999999,19.5,1512570,18078,295018,0,0,2018,24267,0,0,0,0,20,35,0,0,69,0,0,0,17123,955,0,0,0,0,20167,0,0,1309,0,1512570,43248,1670,0,0,0,0,0,0,0,0]
[1107193,20120630,"AMERICO BSHRS                 ","WOLFFORTH","TX",713444,713144,644324,300,0,0,57302,0,0,5633,640,3058,50747,4233,-2843,0,0,1516,0,0,0,0,0,8.0399999999999991,12.75,14,449563,5633,62935,0,498,0,4224,0,0,0,0,0,0,144,0,0,0,579,0,6530,0,0,0,0,897,0,0,0,300,0,450460,4233,0,6000,0,0,0,0,2843,6000,0]
[1107205,20120630,"AMARILLO NAT BC               ","AMARILLO","TX",3132312,3132312,3095934,0,0,-1845,378778,0,0,32108,24068,4113,350597,944,0,0,0,0,4688,0,0,0,0,12.09,14.04,15.27,2698297,33193,411971,0,0,325,10192,0,0,0,0,248,0,252,0,0,0,10893,0,32108,0,0,0,8778,0,0,0,1085,0,0,2698297,2789,0,0,0,0,0,0,0,0,0]
[1107308,20120630,"SECURITY HC                   ","FREDERICKSBURG","TX",659800,658456,661089,1344,0,0,103799,0,0,4316,9,2065,101121,1342,-6431,0,0,657,0,0,0,8379,0,15.76,23.57,24.56,440293,4342,108141,0,667,287,11036,0,0,0,0,200,0,590,33,0,0,0,0,4316,0,8379,0,0,0,1344,0,26,0,0,440293,1342,0,0,0,0,0,0,6431,0,0]
[1107522,20120630,"MOODY BSHRS                   ","GALVESTON","TX",902947,902947,904674,0,0,-4821,100333,0,0,6530,22,3887,94444,1646,-79,0,0,791,0,0,0,2059,0,11.11,18.29,19.48,548674,6530,106863,0,0,4,13015,0,0,0,0,4,0,576,71,0,0,10395,0,6530,0,2059,0,0,0,0,0,0,0,0,548674,6467,0,0,0,0,0,0,79,0,0]
[1108042,20120630,"SABINE BSHRS                  ","MANY","LA",691438,690362,688892,808,0,0,62484,0,0,6605,100,2623,60837,2909,0,0,0,0,2679,268,0,0,0,9.0500000000000007,11.83,13.08,528259,6605,69089,0,0,123,942,0,0,0,0,123,0,282,0,0,0,0,0,6759,0,0,0,2679,154,0,0,0,808,0,528413,2909,0,0,0,0,0,0,0,0,0]
[1108097,20120630,"FIRST CMNTY BSHRS             ","KILLEEN","TX",1282257,1280096,1266456,2161,0,0,107039,0,0,3983,704,9327,99170,24879,0,0,0,0,0,0,0,0,0,8.36,30.11,31.23,355492,3983,111022,0,0,14,9124,0,0,0,0,0,0,89,0,0,0,0,0,3983,0,0,0,0,0,2161,0,0,0,0,355492,24880,0,0,0,0,0,0,0,0,0]
[1108163,20120630,"PLAINS BC                     ","DIMMITT","TX",1075031,1065801,1089992,9230,0,0,89234,0,0,8121,44,16413,78899,8680,-16892,0,0,0,0,0,0,0,0,8.3699999999999992,13.73,14.98,649750,8121,97355,0,0,272,8072,0,0,0,0,16,0,105,0,0,0,3228,0,8664,0,0,0,0,543,8557,0,0,673,0,650293,8680,0,20000,0,0,0,0,16892,20000,0]
[1108350,20120630,"AUSTIN BC                     ","JACKSONVILLE","TX",1337049,1322404,1336008,14645,0,0,134757,0,0,11753,1140,26447,121911,1178,-96,0,0,6916,0,0,0,0,0,10.19,14.34,15.59,939977,11753,146510,0,125,44,5128,0,0,0,0,0,0,1799,0,0,0,0,0,11945,59,0,0,0,251,11560,0,0,3086,0,940228,1178,0,0,0,0,0,0,96,0,0]
[1108707,20120630,"FIRSTPERRYTON BC              ","PERRYTON","TX",822711,819691,829665,3020,0,-2109,57877,0,0,3574,68,12141,74849,273,-38161,0,0,0,0,0,0,0,0,7.06,12.22,12.97,473752,3574,61451,0,0,0,529,0,0,0,0,0,0,146,17,0,0,372,0,3574,0,0,0,0,0,2999,0,0,21,0,473752,2382,0,12000,0,0,0,0,38161,12000,0]
[1108967,20120630,"FIRST ARTESIA BSHRS           ","ARTESIA","NM",882354,877303,910506,5051,0,0,72629,10000,0,6581,52,29457,49207,7223,-8036,0,0,0,415,0,0,0,0,8.2799999999999994,13.89,17.059999999999999,522784,16581,89210,0,483,0,11041,0,2510,0,0,0,0,4246,34,0,98,217,0,10265,35,0,0,415,3719,3865,0,0,1186,0,526503,7223,0,7000,0,0,0,0,8036,7000,0]
[1109094,20120630,"INDEPENDENT BKR FC            ","IRVING","TX",2537872,2530207,2468773,6560,0,-12742,209734,0,16802,10581,11644,30911,121309,-3254,0,333,2236,10590,8817,1105,40005,0,16802,8.2899999999999991,24.97,28.23,839967,27383,237117,0,47,311,7486,0,0,0,0,0,0,1183,0,0,0,6279,0,17060,0,0,0,8817,6479,1000,0,0,5560,0,846446,9489,0,30000,0,0,0,0,0,30000,23203]
[1109290,20120630,"JEFFERSON BSHRS               ","SAN ANTONIO","TX",1007868,1002989,1056567,4848,0,-6624,83177,0,0,6951,2000,0,93482,-2096,-7428,0,0,0,307,31,0,0,0,8.2899999999999991,11.56,12.52,719773,6951,90128,0,0,87,8493,0,0,0,0,59,0,5065,48,0,123,0,0,6951,0,0,0,307,0,2011,0,0,2836,0,719773,4526,0,0,0,0,0,0,7428,0,0]
[1109496,20120630,"HERRING BC                    ","AMARILLO","TX",557242,551545,545428,320,0,-3403,52209,2045,0,4189,805,7023,36377,1921,-1676,0,0,0,0,0,0,0,0,9.4700000000000006,15.57,17.43,335284,6234,58443,0,0,3489,5031,1842,4216,0,0,908,0,542,0,0,0,310,0,4348,0,1,0,0,159,128,0,0,193,0,335443,5324,0,10000,0,0,0,0,1676,10000,0]
[1109599,20120630,"PROSPERITY BSHRS              ","HOUSTON","TX",10919189,9968518,10740022,950671,0,0,766691,0,0,50382,47511,906546,678857,11511,-607,0,0,0,0,0,0,0,0,7.69,16.420000000000002,17.489999999999998,4670402,50382,817073,0,40,0,1625,0,0,0,0,0,0,376,245,0,0,2555,0,50382,0,0,0,0,0,932965,0,0,17706,0,4670402,11511,0,85055,0,0,0,0,607,85055,0]
[1109834,20120630,"FIRST-WEST TX BSHRS           ","MIDLAND","TX",744751,731213,747918,8987,0,0,44003,15999,0,5955,443,47313,-5699,4551,-68,0,0,0,0,0,0,0,0,6.02,9.06,13.64,485532,22237,66240,0,0,0,3120,0,0,0,0,0,0,230,0,0,0,2316,0,5670,285,0,0,0,0,8987,0,283,0,0,485532,4551,0,11001,0,0,0,0,68,11001,0]
[1109898,20120630,"NORTHSTAR FC                  ","DENTON","TX",956065,955546,959646,519,0,0,80024,0,0,7758,773,30704,36435,1199,-369,0,0,0,0,0,0,0,0,8.3699999999999992,12.97,14.23,617024,7758,87782,0,0,0,13876,0,0,0,0,0,0,5508,122,0,0,403,0,11352,0,0,0,0,3594,519,0,0,0,0,620618,1199,0,13000,0,0,0,0,369,13000,0]
[1109964,20120630,"AMERICAN BK HOLDING CORP      ","CORPUS CHRISTI","TX",1067097,1064758,1089714,2339,0,0,95515,0,0,8161,930,21260,69951,9233,-288,0,0,0,0,0,0,0,0,8.9700000000000006,14.65,15.9,651908,8161,103676,0,522,18,9623,0,0,0,0,9,0,2878,184,0,51,186,0,11620,270,0,0,0,3729,2339,0,0,0,0,655637,9232,0,6000,0,0,0,0,288,6186,0]
[1109991,20120630,"NORTH AMER BSHRS              ","SHERMAN","TX",1939656,1910820,1949869,28836,0,0,232579,6300,0,16880,3,9181,194551,4233,-1019,0,0,14042,0,0,0,0,0,12.17,17.309999999999999,19.04,1343512,23180,255759,0,131,42,32676,0,0,0,0,0,0,822,131,0,0,2012,0,25984,0,0,0,0,9104,26597,0,0,2239,0,1352616,4234,0,58700,0,0,0,0,1019,58700,0]
[1111088,20120630,"CENTURY BC                    ","MEDFORD","MA",2904270,2901427,3000274,2843,0,-7696,200124,0,0,17441,5548,11711,153526,-77,0,0,0,13448,129,0,0,0,0,6.9,14.34,15.59,1395315,17441,217565,51,272,57,5313,0,0,0,0,0,0,1286,0,0,99,1083,0,17979,0,0,0,129,538,2714,0,0,0,0,1395853,10437,0,35000,0,0,0,0,0,35000,0]
[1111435,20120630,"STATE STREET CORP             ","BOSTON","MA",188623258,181516247,200368976,7240140,0,-246589,13975756,1259326,0,39102,503931,9623403,10845729,-536977,-1039384,-265,0,0,0,0,500100,0,0,7.7,19.940000000000001,21.52,70105426,1299339,15088302,0,0,22,4993,0,0,0,0,0,0,0,0,0,0,715727,0,21600,17502,2553,0,0,0,5611133,0,911,2333833,523737,70105426,-122760,0,950010,0,500100,0,0,1039384,950010,0]
[1114940,20120630,"UNION BSHRS                   ","MORRISVILLE","VT",551250,544899,534260,3746,0,-5016,41373,0,0,4580,9848,293,38822,-4099,-3836,0,6,2881,871,4,0,0,0,7.59,10.99,12.22,376310,4606,45979,0,88,1308,4111,0,0,0,0,889,129,2742,37,0,14,0,0,4580,0,0,0,963,0,2223,0,26,1523,0,376310,917,4,0,0,0,0,0,3836,0,0]
[1115013,20120630,"CAMBRIDGE BC                  ","CAMBRIDGE","MA",1354749,1354333,1353344,413,0,-6641,99344,0,0,8909,3846,23808,72129,536,0,0,0,7898,32,3,0,0,0,7.34,13.98,15.23,710813,8909,108253,0,0,204,1129,0,0,0,0,0,0,654,93,0,327,0,0,10790,0,0,0,32,1881,413,0,0,0,0,712694,7177,23,0,0,0,0,0,0,0,0]
[1115040,20120630,"COMMUNITY BC                  ","DERBY","VT",553285,542134,553378,11046,0,0,41522,2025,0,3960,12467,27750,1717,320,-2623,0,0,3062,1052,105,2500,0,0,7.66,11.13,12.74,373164,6017,47539,32,2741,922,6707,0,0,0,0,705,71,1630,32,0,309,600,0,3926,34,0,0,1052,0,11574,0,32,1534,0,373164,320,0,10862,0,2500,0,0,2623,10862,0]
[1115349,20120630,"WASHINGTON TR BC              ","WESTERLY","RI",2999400,2937004,3041975,62311,0,-12601,264372,0,0,27807,1022,90022,203726,-2036,0,0,68,16515,783,85,0,0,0,9,11.9,13.15,2221705,27807,292179,0,227,0,16509,0,0,0,0,0,0,8658,371,0,695,993,0,30448,243,0,0,783,2884,58114,0,0,6528,0,2224589,10565,0,31998,0,0,0,0,0,31998,0]
[1115385,20120630,"BAR HARBOR BSHRS              ","BAR HARBOR","ME",1236198,1233040,1242241,3158,0,-16,112801,5000,0,8460,9051,26602,90112,8595,-9806,0,0,0,82,0,0,0,0,9.15,14.31,16.010000000000002,788455,13460,126261,0,0,207,10729,0,0,0,0,206,0,3381,209,0,252,0,0,8354,106,0,0,118,0,3158,0,0,0,0,788455,8611,0,0,0,0,0,0,9806,0,0]
[1116609,20120630,"UNIVEST CORP OF PA            ","SOUDERTON","PA",2173698,2107821,2188727,58993,0,-13360,243890,0,0,21320,91332,61327,160633,-5895,-30081,0,0,11262,3276,328,0,0,0,11.57,14.38,15.65,1696204,21492,265382,223,430,384,36762,0,0,0,0,0,58,312,105,0,72,624,0,30502,228,0,0,3341,9410,56238,0,172,2724,0,1705614,7465,0,20000,0,0,0,0,27158,20000,0]
[1117026,20120630,"NATIONAL PENN BSHRS           ","BOYERTOWN","PA",8411804,8106015,8395864,271364,0,-15161,1008052,0,0,72756,0,1386177,-193715,25435,-18137,0,0,55145,0,0,0,0,0,12.44,17.45,18.71,5776538,72756,1080808,0,361,3426,52551,0,0,0,0,1134,99,5729,1907,1001,1074,10109,0,116650,0,0,0,0,43894,258279,34425,0,13085,0,5820432,40596,0,139516,0,0,0,0,18137,139516,0]
[1117129,20120630,"FULTON FNCL CORP              ","LANCASTER","PA",16339754,15799988,16320210,536221,0,-17596,1666936,120000,0,159232,541587,1425037,313970,482,-239892,0,0,99362,35453,3545,0,0,0,10.55,13.17,15.38,12659699,279828,1946764,0,0,30333,208377,0,0,0,0,15441,1804,26448,3916,2410,6401,5136,0,235737,1579,0,0,35453,78084,535980,0,596,6642,0,12737783,18078,0,166000,0,0,0,0,239892,166000,0]
[1117156,20120630,"SUSQUEHANNA BSHRS             ","LITITZ","PA",17813352,16523183,18040009,1290169,0,-36063,1644082,64185,0,163110,372848,1643474,572818,-43128,-1282,0,0,47914,0,0,0,0,0,9.9499999999999993,12.63,14.38,13017840,227549,1871631,0,356,11203,127250,0,0,0,0,3703,213,24431,2624,1295,3383,3,0,190628,3432,0,0,0,30950,1269205,0,254,47831,0,13048790,-7065,0,346393,0,0,0,0,1282,346393,0]
[1117213,20120630,"PALM BC                       ","PALMERTON","PA",694418,694418,689518,0,0,0,94559,0,0,4143,363,1063,93133,11843,0,0,0,0,0,0,0,0,0,13.62,28.57,29.84,330952,4181,98740,0,0,784,21529,0,0,0,0,51,61,2265,193,0,6670,0,0,4648,7,0,0,0,512,0,0,38,0,0,331464,11843,0,0,0,0,0,0,0,0,0]
[1117316,20120630,"AMERISERV FNCL                ","JOHNSTOWN","PA",975093,960008,993079,12613,0,-8213,111366,0,0,9250,264,145070,21401,-3623,-73302,0,0,11364,0,0,21000,0,0,11.6,15.15,16.41,735158,9250,120616,0,0,0,4139,0,0,0,0,0,0,1673,0,0,0,1067,0,13317,800,0,0,0,4867,12613,2472,0,0,0,740025,4590,0,12018,0,21000,0,0,73302,12018,0]
[1117455,20120630,"DNB FNCL CORP                 ","DOWNINGTOWN","PA",619986,619674,635775,312,0,-1406,63429,0,0,5756,2895,35127,7844,-1017,-4087,0,0,3379,97,0,12970,0,0,10.24,13.78,15.03,460373,5756,69185,0,0,0,9004,0,0,0,0,0,0,2324,404,0,0,279,0,6214,99,0,0,120,557,0,0,0,215,0,460930,388,9,9000,0,12970,0,0,4087,9000,0]
[1117464,20120630,"ACNB CORP                     ","GETTYSBURG","PA",1026752,1017714,1047319,9038,0,-5122,90128,0,0,8394,15045,9117,75630,846,-728,0,0,1611,0,0,0,0,0,8.86,13.56,14.83,664497,8440,98568,0,0,892,7730,0,0,0,0,863,29,1107,64,0,45,0,0,15322,73,0,0,0,7001,6308,0,46,2730,0,671498,5866,0,0,0,0,0,0,728,0,0]
[1117491,20120630,"FNB BC                        ","NEWTOWN","PA",812707,812707,816488,0,0,-5999,82653,0,0,4932,10800,1400,104567,866,-34114,0,0,843,0,0,0,0,0,10.17,21.01,22.26,393478,4932,87585,0,0,573,13194,0,0,0,0,0,1,0,926,0,0,0,0,6053,0,0,0,0,1121,0,0,0,0,0,394599,6865,0,0,0,0,0,0,34114,0,0]
[1117688,20120630,"PENNS WOODS BC                ","JERSEY SHORE","PA",804224,793725,818433,3032,0,-4133,74197,0,0,6841,33486,18136,39874,2925,-6310,-490,0,5960,0,0,0,0,0,9.35,13.57,14.91,546762,7321,81518,0,0,0,8725,0,0,0,0,0,0,255,153,0,2,0,0,7438,0,0,0,0,597,3032,7467,480,0,0,547359,7058,0,0,0,0,0,0,6310,0,0]
[1118238,20120630,"FRANKLIN FNCL SVC CORP        ","CHAMBERSBURG","PA",1053266,1043309,1057477,9926,0,-5878,84471,0,0,9618,4472,35385,61775,-4620,-7084,0,0,7535,312,31,0,0,0,8.1,10.94,12.19,772042,9618,94089,0,0,1714,27770,0,0,0,0,345,45,3951,388,0,494,290,0,9627,0,0,0,312,9,9016,0,0,1340,0,772051,1258,120,0,0,0,0,0,7084,0,0]
[1118265,20120630,"FIRST KEYSTONE CORP           ","BERWICK","PA",827406,807419,806669,19943,0,0,67873,0,0,5824,11377,30142,52383,10758,-6042,0,0,0,440,44,0,0,0,8.41,12.6,13.7,538886,5941,73814,0,0,189,4264,0,0,0,0,114,0,1400,0,0,0,0,0,5824,0,0,0,440,0,19133,0,117,810,0,538886,10758,0,0,0,0,0,0,6042,0,0]
[1118283,20120630,"CCFNB BC                      ","BLOOMSBURG","PA",612772,603414,613819,9358,0,0,61568,0,0,4207,2885,28672,42707,2286,-3371,0,72,0,666,0,0,0,0,10.199999999999999,18.37,19.63,335145,4221,65789,0,0,0,3729,0,0,0,0,0,0,1356,377,0,0,0,0,5429,65,0,0,666,1287,7937,0,14,1421,0,336432,2253,0,0,0,0,0,0,3371,0,0]
[1118340,20120630,"CNB FNCL CORP                 ","CLEARFIELD","PA",1719054,1708157,1721059,10821,0,-1157,134900,0,0,12245,0,44099,84619,13218,-2289,0,0,0,838,76,0,0,0,7.9,13.79,15.05,978130,12260,147160,0,0,110,18611,0,0,0,0,82,0,1724,265,0,232,620,0,13690,0,0,0,847,1445,10821,0,15,0,0,979575,15007,0,20000,0,0,0,0,2289,20000,0]
[1118368,20120630,"CITIZENS FNCL SVC             ","MANSFIELD","PA",886123,877809,881350,8288,0,-1619,80737,0,0,6436,3133,15364,68813,4990,-5759,0,0,0,261,26,0,0,0,9.1999999999999993,15.69,16.98,514566,6647,87384,0,669,258,8403,0,0,0,0,58,20,5226,101,0,0,1892,0,6650,135,0,0,261,349,10256,0,211,7,0,514915,6609,0,7500,0,0,0,0,5759,7500,0]
[1118434,20120630,"QNB CORP                      ","QUAKERTOWN","PA",871956,871956,890136,0,0,0,70038,0,0,7360,2104,12205,58205,4641,-2476,0,0,1220,483,0,0,0,0,8.0299999999999994,11.94,13.21,586705,7460,77498,0,0,475,18279,0,0,0,0,0,0,1442,300,0,0,0,0,9467,0,0,0,532,2107,0,0,100,0,0,588812,4641,0,0,0,0,0,0,2476,0,0]
[1118797,20120630,"FIRST BKS                     ","SAINT LOUIS","MO",6581583,6455616,6549667,125967,0,-3318,43700,21850,0,47924,5915,12480,-180029,33884,0,0,0,0,15182,0,320376,0,0,0.68,1.1599999999999999,2.33,3758803,69774,87400,64,5374,2311,150372,0,0,0,0,325,7,26383,1477,445,6917,10678,0,120227,2779,93507,0,15182,75082,125967,0,0,0,0,3833885,37202,0,10925,0,320376,0,0,0,10925,0]
[1118854,20120630,"INDEPENDENCE BSHRS            ","OWENSBORO","KY",1164624,1164418,1197841,0,0,0,89349,0,0,9761,21393,374,48288,5725,0,0,0,0,2059,206,0,6000,0,7.67,11.13,12.35,802683,9761,99110,0,0,0,2237,0,0,0,0,0,0,1339,43,0,114,7661,0,9761,0,6000,0,2059,0,0,0,0,0,0,802683,5725,0,13500,0,0,6000,0,0,13500,0]
[1118948,20120630,"COMMONWEALTH BSHRS            ","LOUISVILLE","KY",916635,911226,924317,5239,0,0,70327,13453,0,7641,14836,0,28228,2516,0,0,0,0,1700,170,0,0,0,7.72,10.58,13.75,664927,21094,91421,0,0,1005,21695,0,0,0,0,379,0,1363,148,0,468,373,0,7641,0,0,0,1700,0,5239,0,0,0,0,664927,2516,275,32947,0,0,0,0,0,12287,0]
[1119383,20120630,"FIRST PARAGOULD BSHRS         ","PARAGOULD","AR",778903,778903,704923,0,0,0,83459,0,0,6559,2400,1600,82273,2754,-2814,0,0,2462,0,0,0,0,0,10.71,16.02,17.28,521053,6559,90018,0,0,423,661,0,0,0,0,0,0,235,3,0,0,0,0,9992,195,0,0,0,3628,0,0,0,0,0,524681,2754,0,0,0,0,0,0,2814,0,0]
[1119404,20120630,"FIRST BRECKINRIDGE BSHRS      ","IRVINGTON","KY",716075,716075,721260,0,0,0,116070,0,0,3804,500,1000,119955,336,-5385,0,0,0,0,0,0,0,0,16.21,38.159999999999997,39.409999999999997,304187,3804,119874,0,0,200,5254,0,0,0,0,111,34,3989,0,0,0,0,0,3993,0,0,0,0,189,0,0,0,0,0,304376,336,0,0,0,0,0,0,5385,0,0]
[1119495,20120630,"MONTGOMERY BC                 ","SIKESTON","MO",881434,880814,880677,620,0,0,63207,9198,0,8823,240,26178,21607,-6,0,0,0,0,0,0,0,0,0,7.18,8.9,11.44,710161,18021,81228,0,0,0,11501,0,0,0,0,0,0,517,170,0,99,796,0,11144,132,0,0,0,2453,620,0,0,0,0,712614,-6,0,15802,0,0,0,0,0,15802,0]
[1119794,20120630,"U S BC                        ","MINNEAPOLIS","MN",339436000,330335000,353136000,9043000,0,-1423000,30044000,2861000,0,3517000,21000,8176000,32687000,-830000,-7031000,-16000,280000,0,1594000,159000,4769000,0,0,9.1,10.73,13.01,279972100,6385000,36429000,3067000,57000,4378000,2491000,522000,456000,2851000,0,3612000,11000,693000,39000,43000,122000,101000,0,4572000,292000,1082000,0,1594000,1347000,8934000,0,7000,838000,401000,281319100,638000,0,685000,0,4769000,667000,0,7031000,0,0]
[1120754,20120630,"WELLS FARGO & CO              ","SAN FRANCISCO","CA",1312130000,1274184000,1336204000,29937000,0,-1366000,117856000,19011000,0,12780000,9054000,57997000,70456000,4629000,-5854000,-583000,145000,0,13211000,724000,11788000,0,0,9.25,11.69,14.85,1008591100,31957000,149813000,21513000,268000,29435000,20696000,0,0,19545000,0,26617000,84000,9698000,644000,161000,2984000,4379000,0,18320000,326000,1367000,0,13531000,5866000,25406000,0,166000,7983000,10440000,1014457100,5941000,0,5605000,0,10572000,780000,0,4638000,4825000,0]
[1121229,20120630,"DACOTAH BKS                   ","ABERDEEN","SD",1885974,1877495,1876000,8479,0,0,180343,0,0,18758,5714,10188,184600,2511,-11680,0,0,5599,0,0,0,0,0,9.61,12.02,13.27,1500223,18758,199101,0,0,4675,18882,0,0,0,0,96,58,2357,351,0,258,0,0,19166,0,0,0,0,408,7542,0,0,937,0,1500631,2511,0,0,0,0,0,0,11680,0,0]
[1122075,20120630,"INTER-MOUNTAIN BC             ","BOZEMAN","MT",567187,556170,574200,11017,0,0,49772,0,0,4780,96,15297,68838,1191,-23443,0,0,0,0,0,0,0,0,8.9499999999999993,13.12,14.38,379422,4780,54552,0,0,369,14466,0,0,0,0,0,0,3491,2093,0,0,0,0,8253,0,0,0,0,3473,11100,0,0,0,0,382895,1190,0,0,0,0,0,0,23443,0,0]
[1122851,20120630,"EASTWOOD FC                   ","ROCHESTER","MN",548655,547153,545144,1356,0,-313,44173,3000,0,4796,10,6155,31549,6168,-39,0,0,0,2139,146,0,0,0,8.07,11.57,13.61,381732,7796,51969,0,109,841,7588,0,0,0,0,310,0,1343,591,0,303,248,0,6550,168,0,0,2214,1922,0,0,0,1355,0,383654,6481,0,8000,0,0,0,0,39,8000,0]
[1123072,20120630,"FISHBACK FC                   ","BROOKINGS","SD",1646710,1624729,1656761,21863,0,0,174363,0,0,16925,239,7665,165448,8086,-7007,0,0,0,1179,118,0,0,0,10.73,12.88,14.13,1353902,16925,191288,37,28,1967,21200,0,0,0,0,261,59,1059,300,0,6,2776,0,17037,0,0,0,1179,112,23702,0,0,989,0,1354014,8087,0,30000,0,0,0,0,7007,30000,0]
[1123193,20120630,"MARQUETTE FNCL CO             ","MINNEAPOLIS","MN",1288696,1288396,1348280,300,0,-6805,156736,60606,0,12211,3760,205565,-91131,-4687,0,-456,0,0,0,0,0,0,0,12.17,16.16,23.67,969736,72817,229553,0,0,0,21686,0,0,0,0,0,0,477,102,0,454,3086,0,19246,105,0,0,0,7140,300,0,0,0,0,976876,1697,421,39298,0,0,0,0,0,39298,0]
[1123670,20120630,"FIRST INTRST BANCSYSTEM       ","BILLINGS","MT",7327326,7162619,7306257,164707,0,0,683363,35000,0,60617,269698,0,448372,18265,0,0,0,5017,11985,0,50000,0,0,9.5399999999999991,14.22,16.2,4807161,95617,778980,122,0,7631,129923,0,0,0,0,1995,43,16706,9895,70,0,8047,0,102794,0,0,0,14180,42177,183673,0,0,6678,0,4849338,18265,0,80000,0,50000,0,0,0,80000,0]
[1123876,20120630,"FIRST BEMIDJI HC              ","BEMIDJI","MN",564607,564183,567573,0,0,0,73154,null,null,2262,7,1686,71885,7497,0,0,0,0,424,424,0,null,0,12.97,22.6,23.31,323625,2278,75432,0,0,301,2784,0,0,0,0,25,0,740,207,0,0,0,0,2262,0,0,0,424,0,0,0,16,0,0,323625,7497,0]
[1123885,20120630,"FARMERS ST CORP               ","MANKATO","MN",580664,570284,567663,10380,0,0,46769,1329,0,5687,12,0,45216,1962,0,0,0,0,0,0,0,0,0,8.1999999999999993,10.3,11.85,453912,7016,53770,0,0,0,2952,0,0,0,0,0,0,37,34,0,61,15,0,6753,0,0,0,0,1066,9464,0,0,916,0,454978,1962,0,11921,0,0,0,0,0,11921,0]
[1123915,20120630,"KLEIN FNCL                    ","CHASKA","MN",1526144,1500941,1526017,25203,0,0,134311,2400,0,11334,144,3821,155550,17330,0,0,0,0,0,0,0,0,0,8.9499999999999993,14.92,16.440000000000001,900494,13734,148045,0,636,0,16563,0,0,0,0,0,0,2319,1124,0,158,0,0,17548,20,0,0,0,6234,23176,0,0,2027,0,906728,17331,0,0,0,0,0,0,0,0,0]
[1123933,20120630,"MACKINAC FC                   ","MANISTIQUE","MI",510659,502006,524366,0,0,0,51003,0,0,5083,3420,40105,5131,696,0,0,0,10271,525,53,11000,0,0,10.16,11.61,12.77,439170,5083,56086,0,0,0,5325,0,0,0,0,0,0,614,8,0,0,0,0,5083,0,0,0,525,0,0,8600,0,0,0,439170,696,0,0,0,11000,0,0,0,0,0]
[1124060,20120630,"SOUTH DAKOTA BSHRS            ","PIERRE","SD",749935,749253,768655,682,0,0,51232,7293,0,7530,554,3418,49308,-1553,-14208,0,0,580,150,0,0,0,0,6.84,8.5399999999999991,11.01,600079,14823,66055,0,0,66,4806,0,0,0,0,0,0,61,0,0,0,0,0,9822,0,0,0,253,2292,547,0,0,135,0,602371,-1553,0,12842,0,0,0,0,14160,12842,0]
[1124097,20120630,"DORSET BSHRS                  ","PARK RAPIDS","MN",null,null,13084]
[1125030,20120630,"CHOICE FNCL HOLD              ","GRAFTON","ND",610518,608272,611703,2246,0,0,54645,6323,0,5374,19,10338,32857,2831,0,0,0,0,0,0,0,0,0,8.98,10.76,13.07,507619,11713,66358,0,0,70,13854,0,0,0,0,0,0,94,0,0,265,620,0,5374,0,0,0,0,0,2184,0,16,62,0,507619,2831,0,13677,0,0,0,0,0,13677,0]
[1125740,20120630,"HOPKINS FC                    ","MITCHELL","SD",660045,658377,652493,1614,0,0,74303,0,0,5427,630,989,42081,5510,0,0,0,109,3629,54,0,14271,0,11.29,17.16,18.420000000000002,432951,5427,79730,0,0,5226,4278,249,2092,0,0,0,326,0,0,16,0,0,0,6554,75,14271,0,3972,1202,1614,0,0,0,0,434153,5510,0,18000,0,0,0,0,0,18000,0]
[1125843,20120630,"COMMUNITY BANC CORP SHEBOYGAN ","SHEBOYGAN","WI",538755,536190,540498,0,0,0,23705,11852,0,5499,13502,164,2448,719,-26,0,1300,2742,0,130,2446,0,0,4.42,5.46,9.4600000000000009,434092,17351,41056,0,1365,21,7985,0,0,0,0,0,0,1159,1918,0,0,232,0,11343,0,0,0,0,5844,0,2435,0,0,0,439936,-470,0,6547,0,0,0,0,26,6547,21]
[1126046,20120630,"STOCKMAN FC                   ","MILES CITY","MT",2121337,2105988,2146739,15349,0,0,193621,0,0,19673,0,8383,200586,2843,0,0,0,0,0,0,0,0,0,9.19,12.34,13.6,1568889,19673,213294,233,365,809,10097,0,0,0,0,0,52,175,0,0,117,0,0,24619,0,-19,0,0,4946,15349,0,0,0,0,1573835,2842,0,0,0,0,0,0,0,0,0]
[1126354,20120630,"MINNEHAHA BSHRS               ","SIOUX FALLS","SD",1070962,1070962,1057473,0,0,-96,135957,0,0,8385,115,7508,124077,9389,-10743,0,0,0,326,0,0,0,0,12.69,20.54,21.81,661778,8385,144342,0,0,618,7962,0,0,0,0,618,0,951,98,0,22,464,0,16524,941,0,0,326,9080,0,0,0,0,0,670858,9485,0,15000,null,0,0,0,10743,15000,0]
[1126475,20120630,"ANCHOR BC                     ","WAYZATA","MN",1293579,1291658,1304105,1745,0,-1485,114403,5982,0,12804,983,5295,85765,2469,0,0,0,6777,0,0,10046,0,0,8.86,11.22,13.06,1020067,18786,133189,0,2900,265,13050,0,0,0,0,0,0,774,471,0,1096,440,0,17029,0,0,0,0,4225,1745,176,0,3,0,1024292,3954,0,14235,0,3515,0,0,0,14235,6531]
[1126729,20120630,"STARION BC                    ","BISMARCK","ND",953157,951494,940393,1663,0,0,74456,0,0,8469,494,3842,64783,6784,0,0,0,0,0,0,0,0,0,7.83,11.04,12.3,674152,8469,82925,0,0,2731,2867,0,0,0,0,33,0,23,81,0,6,202,0,11854,0,0,0,0,3385,1230,0,0,433,0,677537,6784,0,7000,0,0,0,0,0,7000,0]
[1127146,20120630,"ALLIANCE FS                   ","SAINT PAUL","MN",591717,588453,587414,3164,0,0,60182,0,0,6215,0,2313,48896,977,-123,0,0,0,1016,100,0,0,0,10.23,12.3,13.57,489149,6215,66397,0,0,166,24440,0,0,0,0,0,0,1284,1563,0,778,0,0,14246,0,0,0,1016,8031,3164,0,0,0,0,497180,977,0,12360,0,0,0,0,123,0,0]
[1127294,20120630,"CAPITOL BC                    ","BRITTON","SD",712106,706400,710824,5706,0,0,160998,0,0,5617,43,1116,141597,1992,0,0,0,7927,0,0,0,3948,0,22.79,33.17,34.36,485411,5796,166794,57,0,679,5744,0,0,0,0,0,32,154,0,0,0,992,0,30657,1163,3948,0,0,26203,5706,0,179,0,0,511614,1992,0,20000,0,0,0,0,0,20000,0]
[1127650,20120630,"WESTBRAND                     ","MINOT","ND",734993,728575,758291,6418,0,0,61209,0,0,5507,46,2298,52396,1601,0,0,0,1438,0,0,0,0,0,8.4,13.2,14.39,463704,5515,66724,0,0,70,3545,0,0,0,0,56,0,98,0,0,0,387,0,5507,0,0,0,0,0,6404,0,8,14,0,463704,1601,0,12887,0,0,0,0,0,12887,0]
[1127913,20120630,"DUKE FNCL GROUP               ","MINNEAPOLIS","MN",576886,576437,580912,357,0,-100,55115,18198,0,4990,817,302,40643,8835,0,0,0,92,0,0,0,0,0,9.56,13.97,19.84,394579,23188,78303,0,186,0,24098,0,0,0,0,0,0,2443,753,0,302,620,0,9619,28,0,0,302,4657,357,92,0,0,0,399236,8935,0,13802,0,0,0,0,0,13802,0]
[1128219,20120630,"BERESFORD BC                  ","BRITTON","SD",null,null,135650]
[1128358,20120630,"FRANDSEN FC                   ","ARDEN HILLS","MN",1445670,1376910,1440047,68760,0,0,112626,0,0,12195,37,55767,111532,2973,0,0,0,0,0,0,0,0,0,8.18,11.6,12.86,970917,12195,124821,43,0,1234,21543,0,0,0,0,202,24,3041,912,112,466,0,0,16859,0,0,0,0,4664,66897,0,0,1934,0,975581,2973,0,14050,0,0,0,0,0,14050,0]
[1128769,20120630,"MERCHANTS FNCL GROUP          ","WINONA","MN",1279424,1262644,1272348,15640,0,0,118663,10214,0,12136,68,9809,96646,5141,-1366,0,0,0,12048,1140,0,0,0,9.4,11.86,14.09,1000601,22350,141013,0,2250,6,13120,0,0,0,0,0,0,2684,847,0,2268,1254,0,12136,0,0,0,12120,0,23061,0,0,2165,0,1000601,5141,0,30286,0,0,0,0,1366,30286,0]
[1129382,20120630,"POPULAR                       ","SAN JUAN","PR",36202000,35123000,36612000,670000,0,-208000,3894000,0,0,305000,1000,4127000,-100000,-57000,0,-1000,1000,573000,156000,0,50000,0,0,11.09,16.309999999999999,17.59,23874500,305000,4199000,271000,30000,1328000,1826000,806000,68000,174000,0,473000,12000,379000,21000,0,8000,238000,0,766000,62000,0,0,156000,523000,648000,393000,0,59000,0,24397500,181000,0,910000,0,50000,0,0,0,910000,0]
[1129533,20120630,"AUBURN NBC                    ","AUBURN","AL",758337,758254,766265,0,0,0,70218,0,0,5720,40,3754,66149,5096,-6642,0,0,1613,1319,83,0,0,0,9.26,15.39,16.649999999999999,456157,5720,75938,0,0,5,8501,0,0,0,0,0,0,2014,28,0,117,217,0,6503,0,0,0,1319,783,0,0,0,0,0,456940,5096,0,7000,0,0,0,0,6642,7000,0]
[1130098,20120630,"ALPINE BC                     ","BELVIDERE","IL",1072316,1071906,1096501,0,0,0,89037,0,0,8363,5150,3028,68229,11887,0,0,0,0,4103,410,0,0,0,8.31,13.42,14.7,663641,8487,97524,0,0,14,21634,0,0,0,0,14,0,1750,81,0,719,414,0,14146,0,0,0,4103,5783,0,0,124,0,0,669424,11887,0,13040,0,0,0,0,0,13450,0]
[1130249,20120630,"CAMDEN NAT CORP               ","CAMDEN","ME",2348294,2303664,2403857,44630,0,-9767,222143,0,0,18608,0,49273,174500,2315,0,0,0,8531,688,0,0,0,0,9.64,14.97,16.22,1483952,18608,240751,0,1960,562,24310,0,0,0,0,0,0,9513,687,0,2848,1331,0,23262,43,0,0,976,4697,41455,0,0,3175,0,1488649,12082,0,43000,0,0,0,0,0,43000,0]
[1130548,20120630,"LIBERTY FNCL SVC              ","NEW ORLEANS","LA",551852,551852,543114,0,0,0,33400,0,0,3537,1236,2047,20442,4289,-1268,0,0,0,0,0,11334,0,0,6.05,11.76,13.01,283961,3537,36937,0,0,73,6316,0,0,0,0,0,0,4499,50,0,0,2794,0,4489,0,0,0,0,952,0,0,0,0,0,284913,4680,0,0,0,11334,0,0,1268,7000,0]
[1130584,20120630,"RCB HC                        ","CLAREMORE","OK",2046136,2009512,2038394,36624,0,0,146530,0,0,12964,100,4836,178905,30582,-687,0,0,0,0,0,0,0,0,7.29,14.16,15.41,1034746,12964,159494,0,2,0,9953,0,0,0,0,0,0,2530,95,0,60,0,0,15488,0,0,0,0,2524,31689,0,0,4935,0,1037270,30582,0,0,0,0,0,0,687,0,0]
[1130865,20120630,"SUFFOLK BC                    ","RIVERHEAD","NY",1516754,1505562,1558402,814,0,-15198,133897,0,0,11909,34330,24101,96671,-5985,-10013,0,0,16915,1624,162,0,0,0,8.89,14.32,15.59,934999,11909,145806,0,0,0,61579,0,0,0,0,0,0,4781,1066,0,3560,0,0,29227,418,0,0,1624,17736,814,10216,0,0,0,952735,9213,0,0,0,0,0,0,10013,0,0]
[1130904,20120630,"QUEENSBOROUGH CO              ","LOUISVILLE","GA",851537,848914,839808,2623,0,0,76789,0,0,7106,1264,7315,46470,2927,0,0,0,6059,0,0,12399,0,0,9.0500000000000007,13.71,14.98,560118,7106,83895,191,878,5520,32395,0,0,0,0,1983,34,4081,438,239,226,767,0,16103,0,0,0,0,8997,2623,0,0,0,0,569115,2927,36,12000,0,12399,0,0,0,12000,0]
[1130931,20120630,"CORTLAND BC                   ","CORTLAND","OH",515118,513163,522699,0,0,0,53348,0,0,3422,23641,20850,9596,-2356,-3594,0,0,6827,0,0,0,0,0,10.4,13.2,14.04,404229,3422,56770,0,0,0,6554,0,0,0,0,0,0,656,3,0,74,155,0,3338,84,0,0,0,0,0,1955,0,0,0,404229,-2356,190,5000,0,0,0,0,3594,5000,0]
[1131077,20120630,"CITIZENS BSHRS                ","BATESVILLE","AR",545244,544783,544259,461,0,-999,57381,0,0,3905,14,2441,42887,1311,0,0,0,2148,0,0,0,0,0,10.53,18.559999999999999,19.82,309135,3905,61286,0,0,109,13821,0,0,0,0,71,0,2272,119,0,0,387,0,7740,11,0,0,0,3846,0,0,0,461,0,312981,2310,0,12500,0,0,0,0,0,12500,0]
[1131406,20120630,"LEACKCO BHC                   ","WOLSEY","SD",541350,533096,544273,8254,0,-254,37837,0,0,4054,194,12100,31797,2479,0,0,0,0,0,0,0,0,0,7.1,10.220000000000001,11.31,370357,4054,41891,0,393,35,1132,0,0,0,0,35,0,0,0,0,224,62,0,4054,0,0,0,0,0,6877,0,0,1377,0,370357,2733,0,2000,0,0,0,0,0,2000,0]
[1131787,20120630,"SUNTRUST BK                   ","ATLANTA","GA",174778246,169102406,178307292,6278624,29257,-312005,13773712,1584228,0,1704414,549921,9217743,9443017,1743341,-772795,-11256,4533,0,865391,86992,275008,0,0,8.15,10.15,12.84,135707508,3656941,17430653,2082021,20444,2150405,2457894,0,0,1158646,0,1191268,1307,1320904,79575,278,246702,77215,0,2300000,50000,111655,0,865391,645586,6376341,0,368299,69396,1215992,136353094,1327421,0,739022,0,275008,102361,9294,772795,627367,0]
[1132104,20120630,"FIRST SOUTH BC                ","LEXINGTON","TN",2120920,2066249,2160247,54671,0,0,182349,10075,0,16772,172,111552,56386,20059,0,0,0,1130,0,0,0,0,0,8.83,13.68,15.7,1332605,26875,209224,0,0,1487,53510,0,0,0,0,529,11,4273,124,129,1139,930,0,38378,0,2,0,0,21606,46903,0,28,7768,0,1354211,20059,0,68910,0,0,0,0,0,30000,0]
[1132243,20120630,"RED RIVER BC                  ","GAINESVILLE","TX",615570,611449,618781,4121,0,-6381,44848,0,0,3752,2000,6430,46454,3422,-5915,0,0,0,0,0,0,0,0,7.33,14.21,15.39,315698,3752,48600,0,0,3,1514,0,0,0,0,0,0,582,0,0,0,0,0,3752,0,0,0,0,0,3306,0,0,815,0,315698,9803,0,0,0,0,0,0,5915,0,0]
[1132449,20120630,"RBS CITIZENS FNCL GRP         ","PROVIDENCE","RI",128692579,117977228,129313757,10702915,0,-677609,13804239,0,0,1256570,0,18567725,5645866,-360000,0,0,0,0,152000,12436,0,0,0,11.7,13.77,15.02,100262214,1257836,15062075,32364,158450,46991,1624182,0,0,0,27420,10829,0,516946,198193,0,122821,1500,0,1486420,33521,0,0,155071,263371,11311133,0,1266,12152,12555,100525585,317610,0,306000,0,0,0,0,0,306000,0]
[1132672,20120630,"FIRST UNITED CORP             ","OAKLAND","MD",1373122,1351643,1348439,9322,0,-955,132945,5124,0,14507,62,21531,64334,-20716,0,0,0,28159,190,0,29892,0,0,9.84,11.68,13.4,1138396,19631,152576,0,686,1747,31666,0,0,0,0,1553,0,3087,34,0,678,1255,0,16770,42,0,0,192,2305,11004,12157,0,0,0,1140701,-19760,0,38606,0,29892,0,0,0,38606,0]
[1133165,20120630,"EVANGELINE BSHRS              ","VILLE PLATTE","LA",576220,576220,577701,0,0,0,92804,0,0,3505,283,9700,85436,-425,0,0,0,1223,0,0,0,0,0,16.11,33.119999999999997,34.369999999999997,280189,3505,96309,0,0,1915,10054,0,0,0,0,396,13,4845,97,0,0,0,0,3699,0,0,0,0,194,0,0,0,0,0,280383,2190,0,0,0,0,0,0,0,0,0]
[1133174,20120630,"PEOPLES FC                    ","BILOXI","MS",876309,876156,852608,153,0,2108,105181,0,0,6743,5137,65780,34417,5393,0,0,0,0,0,0,0,0,0,12,19.36,20.6,543322,6743,111924,0,0,67,54968,0,0,0,0,36,31,1841,0,0,0,0,0,6743,0,0,0,0,0,153,0,0,0,0,543322,3285,0,0,0,0,0,0,0,0,0]
[1133286,20120630,"BANCFIRST CORP                ","OKLAHOMA CITY","OK",5675670,5618882,5673109,56788,0,0,462612,0,0,37436,15154,79181,398267,6959,0,-6,0,4396,915,0,0,0,0,8.23,13.31,14.38,3476633,37436,500048,0,1920,1403,20702,0,0,0,0,851,87,2068,553,0,110,1377,0,37436,0,0,0,915,0,44545,0,0,12243,0,3476633,6959,0,26804,0,0,0,0,0,26804,0]
[1133437,20120630,"SCBT FNCL CORP                ","COLUMBIA","SC",4295911,4215941,4373479,79970,0,-8759,389696,0,0,35843,37715,262647,126304,-1760,0,0,0,19443,0,0,0,0,0,9.24,13.82,15.09,2820222,35843,425539,0,0,76543,57471,57817,0,0,0,13564,142,12690,190,430,1023,1332,0,82872,210,0,0,0,47239,66542,0,0,13429,0,2867461,6999,0,43000,0,0,0,0,0,43000,0]
[1133455,20120630,"MID-MO BSHRS                  ","SPRINGFIELD","MO",508420,506496,504573,68,0,0,17520,8760,0,4787,25,3817,10758,103,0,0,0,1856,0,0,0,0,0,3.46,4.57,8.11,383003,13547,31067,0,506,85,6889,0,0,0,0,16,0,1155,7,0,306,0,0,5270,99,0,0,0,582,0,1856,0,68,0,383585,103,0,4844,0,0,0,0,0,4844,0]
[1133473,20120630,"FNB UNITED CORP               ","ASHEBORO","NC",2328045,2316367,2301761,11678,0,-4253,135066,18247,0,17820,0,461169,-351179,-1988,0,1402,0,1244,0,0,0,0,0,5.83,9.6199999999999992,12.19,1403782,36067,171133,0,623,32677,95469,0,0,0,288,2802,465,19144,329,0,2827,1702,0,38551,1062,0,0,0,21793,4205,0,0,7473,0,1425575,2265,0,35352,0,0,0,0,0,35352,0]
[1133503,20120630,"CANANDAIGUA NAT CORP          ","CANANDAIGUA","NY",1791716,1769448,1848371,21990,0,-3588,172017,0,0,17273,9732,8851,125929,-2531,-5114,0,0,12118,2779,278,0,2840,0,9.7200000000000006,11.87,13.1,1449618,17816,189833,0,0,314,20106,0,0,0,0,96,0,5432,37,0,224,1578,0,17273,0,2840,0,3425,0,15810,0,543,6083,0,1449618,557,0,51547,0,0,0,0,5114,51547,0]
[1133594,20120630,"CHEMUNG FC                    ","ELMIRA","NY",1238918,1211427,1267522,27467,0,-9041,103574,0,0,10393,53,45525,104402,-856,-18915,0,0,1117,238,24,0,0,0,8.5500000000000007,11.67,13.11,887554,12768,116342,0,356,8001,8728,0,0,0,0,233,0,2976,408,0,266,0,0,10393,0,0,0,238,0,21825,0,2375,5642,0,887554,8185,0,0,0,0,0,0,18915,0,0]
[1133781,20120630,"AMERICAN BC                   ","DICKINSON","ND",948997,944345,943481,4652,0,0,77757,0,0,5522,1661,22388,51342,5686,-4482,0,0,0,0,0,0,0,0,8.23,13.43,14.38,579191,5536,83293,0,0,271,2574,0,0,0,0,0,0,0,0,0,0,0,0,5414,108,0,0,0,0,698,0,14,3954,0,579191,5686,0,11500,0,0,0,0,4482,11500,0]
[1133932,20120630,"FIRST BC                      ","DAMARISCOTTA","ME",1442853,1414364,1417446,28406,0,-77,117467,0,0,10126,98,46110,87396,7449,0,0,0,0,830,83,12352,0,0,8.31,14.58,15.84,805548,10126,127593,0,0,164,21957,0,0,0,0,0,0,10263,460,0,1456,0,0,14384,100,0,0,1075,4358,27684,0,0,722,0,809906,7526,0,0,0,12352,0,0,0,0,0]
[1134014,20120630,"COMMUNITY BKR                 ","FORT WORTH","TX",532522,532371,540034,148,0,0,58226,0,0,2189,603,9155,58630,197,-10011,0,0,0,28,3,0,0,0,10.94,21.95,22.77,265318,2189,60415,90,2045,109,2877,0,0,0,0,0,0,82,304,0,0,0,0,2189,0,0,0,28,0,148,0,0,0,0,265318,197,0,0,0,0,0,0,10011,0,0]
[1134108,20120630,"CNB CORP                      ","CONWAY","SC",927383,927383,933695,0,0,0,88845,0,0,6666,8305,50297,30243,1494,0,0,0,4339,0,0,0,0,0,9.58,16.850000000000001,18.11,527365,6666,95511,0,0,497,24438,0,0,0,0,297,0,6883,411,0,46,0,0,12571,0,0,0,0,5905,0,0,0,0,0,533270,1494,0,0,0,0,0,0,0,0,0]
[1134313,20120630,"BANKSOUTH HC                  ","GREENSBORO","GA",null,null,41107]
[1134322,20120630,"FIRSTBANK CORP                ","ALMA","MI",1523991,1487301,1487456,36690,0,0,140779,0,0,12318,117087,0,7397,3758,0,0,0,2168,4821,0,16901,0,0,9.4700000000000006,14.37,15.63,979676,12318,153097,0,0,559,17873,0,0,0,0,357,12,5367,75,5,151,1084,0,21522,0,0,0,6156,9204,35514,0,0,1176,0,988880,3758,0,36084,0,16901,0,0,0,36084,0]
[1134498,20120630,"INWOOD BSHRS                  ","DALLAS","TX",1450907,1417041,1447012,33866,0,0,148174,4532,0,10793,29686,1608,114746,340,0,0,0,0,0,0,0,0,0,10.46,17.21,18.989999999999998,860999,15325,163499,0,0,0,2263,0,0,0,0,0,0,169,59,0,0,1115,0,12971,286,0,0,0,2464,33866,0,0,264,0,863463,340,0,36000,0,0,0,0,0,36000,0]
[1134630,20120630,"FARMERS & MRCH BC             ","ARCHBOLD","OH",944288,939045,943793,5243,0,0,95836,0,0,5177,12677,0,99544,6764,-11142,0,0,0,2078,0,0,0,0,10.210000000000001,16.14,17.010000000000002,593761,5177,101013,0,0,0,4893,0,0,0,0,0,0,661,0,0,82,0,0,5036,141,0,0,2605,0,4074,0,0,1169,0,593761,6764,0,0,0,0,0,0,11142,0,0]
[1134694,20120630,"ATBANCORP                     ","DUBUQUE","IA",1253623,1250533,1259254,2776,0,0,112709,14385,0,11953,1764,4852,79221,1551,0,0,0,6820,3136,314,8990,1470,0,9.01,11.9,14.68,947440,26338,139047,0,306,89,24571,0,0,0,0,0,0,340,165,48,2361,604,0,20353,400,1470,0,3136,8800,2776,0,0,0,0,956240,1549,0,19500,0,8990,0,0,0,19500,0]
[1134881,20120630,"FARMERS & MRCH BSHRS          ","HOUSTON","TX",531557,512352,528195,19205,0,0,30620,0,0,4827,265,27025,9273,306,-5937,0,0,5350,0,0,11550,0,0,5.98,7.92,9.17,386375,4827,35447,0,184,5,2825,0,0,0,0,0,0,103,202,0,0,397,0,7246,0,0,0,0,2419,19205,0,0,0,0,388794,306,0,7649,0,11550,0,0,5937,7649,0]
[1135002,20120630,"BANCTENN CORP                 ","KINGSPORT","TN",647071,647071,651489,0,0,-1349,65960,0,0,5749,12670,11848,27676,1846,-1103,0,0,208,0,0,0,0,0,10.19,14.4,15.65,458147,5749,71709,0,0,55,5706,0,0,0,0,55,0,1405,27,0,68,14239,0,7505,0,0,0,0,1756,0,0,0,0,0,459903,3195,131,15000,0,0,0,0,1103,15000,0]
[1135048,20120630,"WATFORD CITY BSHRS            ","WATFORD CITY","ND",1147077,1144693,1170277,2384,0,0,89586,1439,0,10653,3,5755,67151,4969,0,61,0,0,0,0,0,0,0,7.83,10.51,11.93,852042,12092,101678,0,0,1354,4541,0,0,0,0,0,0,16,0,0,0,588,0,10853,0,0,0,0,200,183,0,0,2201,0,852242,4969,0,19000,0,0,0,0,0,19000,0]
[1135413,20120630,"MAGNOLIA BKG CORP             ","MAGNOLIA","AR",760989,750568,753980,10421,0,0,67927,0,0,6650,5,7894,65399,2817,-1614,0,0,0,0,0,0,0,0,9.0500000000000007,12.91,14.18,526068,6650,74577,0,311,147,10938,0,0,0,0,57,90,2591,74,0,0,33,0,12660,0,0,0,0,6010,9959,0,0,462,0,532078,2816,37,6700,0,0,0,0,1613,6700,0]
[1135516,20120630,"UNITED BC                     ","ANN ARBOR","MI",888830,882775,884152,0,0,0,87276,0,0,7405,4961,80458,-12689,1783,0,0,501,9421,5356,0,20600,0,0,9.89,15.11,16.39,577703,7405,94681,0,0,242,25634,0,0,0,0,185,39,2684,38,0,11,946,0,22097,0,0,0,7147,14692,0,6055,0,0,0,592395,1782,0,0,0,20420,0,0,0,0,0]
[1135824,20120630,"EMPRISE FC                    ","WICHITA","KS",1486130,1457281,1477902,28849,0,0,123779,0,0,10324,10119,11874,112784,5752,0,0,0,0,0,0,0,0,0,8.49,13.85,15.01,893426,10324,134103,0,445,99,4342,0,0,0,0,0,0,1067,39,0,70,557,0,10324,0,0,0,0,0,26039,0,0,2547,0,893426,5752,149,18000,0,0,0,0,0,18573,0]
[1135909,20120630,"EAST TX BSHRS                 ","LIVINGSTON","TX",523630,523630,523434,0,0,0,63549,0,0,2215,289,8662,54598,7908,0,0,0,0,0,0,0,0,0,12.14,32.33,33.46,196565,2215,65764,2366,0,3512,3716,0,0,0,0,13,0,454,0,0,0,0,0,2720,0,0,0,0,505,0,0,0,0,0,197070,7908,0,0,0,0,0,0,0,0,0]
[1135972,20120630,"MERCANTIL COMMERCEBANK HC     ","CORAL GABLES","FL",6744567,6704841,6775053,18039,0,0,682182,0,0,49958,51376,320378,238806,23488,0,0,0,32642,0,0,0,94,0,10.17,17.149999999999999,18.41,3976826,49958,732140,0,264,827,162442,0,0,0,0,538,0,12003,0,0,9865,6855,2877,68739,1037,94,0,0,16941,17506,21687,0,533,0,3996644,23489,0,111255,0,0,94,0,0,111255,0]
[1136009,20120630,"UNITED BSHRS                  ","COLUMBUS GROVE","OH",580072,571241,565013,8749,0,0,59830,0,0,4959,3761,14661,44749,3558,-4810,0,0,0,816,82,0,0,0,10.47,15.16,16.420000000000002,394529,4959,64789,0,0,123,17136,0,0,0,0,0,0,4403,23,21,145,0,0,7050,70,0,0,816,2161,8555,0,0,194,0,396690,3558,0,10300,0,0,0,0,4810,10300,0]
[1136139,20120630,"VIST FNCL CORP                ","WYOMISSING","PA",1410821,1391122,1413518,19699,0,0,112721,0,0,11944,35559,65817,-11097,1635,-191,0,0,7642,0,0,24225,0,0,8.1,11.83,13.08,953091,11944,124665,0,1344,51,45359,36,2331,0,0,51,0,6972,4400,0,1621,150,0,14237,132,0,0,0,2425,16513,0,0,3187,0,955516,1635,359,18466,0,24225,0,0,191,18466,0]
[1136269,20120630,"AMERICAN BC OF OK             ","EDMOND","OK",580215,579400,565954,815,0,0,48297,0,0,5094,1773,14746,32593,1851,0,0,0,0,0,0,0,0,0,8.34,12,13.27,402427,5094,53391,0,0,0,7551,0,0,0,0,0,0,1184,0,0,185,147,0,10152,0,0,0,0,5058,815,0,0,0,0,407485,1851,0,0,0,0,0,0,0,0,0]
[1136595,20120630,"ALTRUST FS                    ","CULLMAN","AL",577152,572378,584456,4774,0,0,42760,7310,0,5652,47,2035,35205,-3892,-443,0,0,451,0,0,0,0,0,7.47,9.3699999999999992,12.21,456187,12962,55722,0,154,6,11874,0,0,0,0,0,0,2267,89,0,11,557,0,5652,0,0,0,0,0,4717,0,0,57,0,456187,-3892,0,10690,0,0,0,0,443,10709,0]
[1136661,20120630,"OCEAN BSHRS                   ","MIAMI","FL",3260259,3260246,3272769,0,0,0,115607,57804,0,27349,709,41696,73215,-1252,0,0,0,0,126,13,0,0,0,3.55,5.33,9.26,2167965,85153,200760,0,258,3130,165113,0,0,0,0,2183,0,41267,0,0,5920,0,0,44509,2821,0,0,126,19981,0,0,0,0,0,2187946,-1252,0,0,0,0,0,0,0,0,0]
[1136803,20120630,"INDEPENDENT BC                ","ROCKLAND","MA",4994851,4871201,5124563,124774,0,-10648,423012,30000,0,48951,214,236279,251429,-4330,0,0,0,15687,904,90,0,0,0,8.68,10.64,12.63,3975523,78951,501963,0,0,78,32373,0,0,0,0,0,38,10648,1082,0,5648,1864,0,48403,548,0,0,904,0,130074,0,0,9850,0,3975523,6318,46,60000,0,0,0,0,0,60000,0]
[1137453,20120630,"FORESIGHT FNCL GRP            ","ROCKFORD","IL",884170,884029,886756,141,0,0,92441,0,0,8131,967,7666,72540,6064,-4060,0,0,1489,1584,0,15469,0,0,10.46,14.28,15.54,647368,8131,100572,0,0,509,14278,0,0,0,0,183,0,4508,27,98,73,0,0,11272,0,0,0,1951,3141,141,0,0,0,0,650509,6064,0,0,0,15469,0,0,4060,0,0]
[1137770,20120630,"WOODFOREST FNCL GROUP         ","THE WOODLANDS","TX",3632903,3631218,3683996,1685,0,-79,357643,0,0,23978,20829,114755,152860,4811,-11615,0,0,0,0,0,0,0,0,9.85,18.760000000000002,20.010000000000002,1906889,23978,381621,0,0,1,39195,0,0,0,0,0,0,1205,0,0,0,2555,0,34963,334,0,0,0,11319,1685,0,0,0,0,1918208,4891,0,82500,0,0,0,0,11615,82500,0]
[1138012,20120630,"BANCTRUST FNCL GRP            ","MOBILE","AL",2004636,2001569,1986716,3067,0,-9342,137752,0,0,17426,182,194647,-133641,-4334,-2408,0,0,0,0,0,49039,0,0,6.88,10.14,11.42,1358932,17426,155178,0,0,0,107582,0,0,0,0,0,0,16297,1164,0,981,1021,0,52553,0,95,0,0,35127,0,0,0,3067,0,1394059,5008,0,33000,0,49039,0,0,2408,33000,0]
[1138188,20120630,"FIRST AMER BC                 ","ATHENS","GA",564319,564319,574760,0,0,0,51856,0,0,2473,4836,3028,45712,2850,-1720,0,0,0,0,0,0,0,0,9.19,17.59,18.420000000000002,294869,2473,54329,0,0,53,29538,0,17680,0,0,33,0,9254,777,20,41,0,0,2473,0,0,0,0,0,0,0,0,0,0,294869,2850,0,0,0,0,0,0,1720,0,0]
[1138450,20120630,"F&M FC                        ","CLARKSVILLE","TN",795125,794810,823177,315,0,0,75018,0,0,7022,7995,489,26648,130,0,0,0,4150,0,0,17806,7258,0,9.44,11.81,12.93,635099,7082,82100,0,0,1470,13944,0,0,0,0,523,0,3891,243,0,177,3548,0,7022,0,7391,0,0,0,315,0,60,0,0,635099,126,0,15133,0,17806,7258,0,0,15000,0]
[1138919,20120630,"MONTECITO BC                  ","SANTA BARBARA","CA",1005149,997830,1027942,7319,0,0,95395,300,0,9693,4612,0,98102,12623,0,0,0,0,0,0,0,0,0,9.56,12.31,13.6,774872,9993,105388,0,0,0,12467,0,0,0,0,0,0,6251,1280,0,201,0,0,9617,587,0,0,0,511,7319,0,0,0,0,775383,12623,0,0,0,0,0,0,0,0,0]
[1139103,20120630,"DBA SUNRISE CMNTY BKS         ","SAINT PAUL","MN",780574,779447,665907,1127,0,0,53912,27590,0,5605,53,2515,38946,-81,0,0,0,0,0,0,0,0,0,6.92,12.06,19.489999999999998,447046,33195,87107,0,4354,3,12778,0,0,0,0,0,0,1020,35,0,155,631,0,6947,22,0,0,0,1364,939,0,0,188,0,448410,-81,0,13525,0,0,0,0,0,13525,0]
[1139242,20120630,"SUN BC NJ                     ","VINELAND","NJ",3116626,3073305,3133483,43292,0,0,321244,8406,0,31116,88073,505577,-284285,1797,-26394,0,291,0,0,29,0,0,0,10.45,13.01,14.61,2468559,39522,360766,0,0,0,103952,0,0,0,0,0,0,7550,1311,0,2853,2786,0,51394,477,0,0,0,20755,38188,0,0,5104,0,2489314,1797,0,81594,0,0,0,0,26162,81594,0]
[1139279,20120630,"NBT BC                        ","NORWICH","NY",5810584,5652590,5967568,157874,0,-23604,485717,0,0,56544,393,345184,343460,-5207,-117325,0,0,12053,1200,120,0,0,0,8.59,10.77,12.03,4508249,56544,542261,0,3360,1628,43926,0,0,0,0,97,734,8883,4646,481,3202,0,0,70734,1100,0,0,1200,15290,151628,0,0,16991,0,4523539,18398,0,72000,0,0,0,0,117325,72000,0]
[1139345,20120630,"TRI-CTY FNCL GRP              ","MENDOTA","IL",762194,756161,818518,5963,0,0,67194,0,0,6289,1807,4609,46812,2557,0,0,0,0,701,70,20000,0,0,8.89,12.89,14.09,521490,6289,73483,0,0,1336,23812,0,0,0,0,198,0,5581,59,0,89,0,0,7123,0,0,0,701,834,6330,0,0,712,0,522324,2558,0,0,0,0,0,0,0,0,20000]
[1139354,20120630,"FIRST KS BSHRS                ","HUTCHINSON","KS",545929,545392,553518,537,0,0,65413,0,0,3288,2306,5166,65600,3300,-7122,0,0,753,0,0,0,0,0,11.99,20.260000000000002,21.28,322917,3319,68732,0,0,13,488,0,0,0,0,10,0,357,0,0,0,195,0,3288,0,481,0,0,0,193,0,31,344,0,322917,3300,0,0,0,0,0,0,7122,0,0]
[1139363,20120630,"MANHATTAN BC                  ","MANHATTAN","KS",810885,810885,829008,0,0,0,79059,0,0,7716,1736,0,67823,833,0,0,0,456,0,0,0,0,0,9.75,12.96,14.22,610126,7716,86775,0,0,72,340,0,0,0,0,0,0,110,17,0,0,295,0,14890,0,0,0,0,7174,0,0,0,0,0,617300,833,0,9500,0,0,0,0,0,9795,0]
[1139466,20120630,"SALIN BSHRS                   ","INDIANAPOLIS","IN",841490,840171,836178,1210,0,0,85957,0,0,7682,270,24505,42501,4867,0,0,0,0,1090,109,0,0,0,10.23,14.04,15.3,612017,7682,93639,0,0,29,16264,0,0,0,0,0,0,2548,781,0,2140,619,0,12231,0,0,0,1291,4549,0,0,0,1210,0,616566,4867,0,0,20000,0,0,0,0,20619,0]
[1139541,20120630,"PEOPLES FNCL SVC CORP         ","HALLSTEAD","PA",629288,628663,638714,589,0,0,58666,0,0,5916,6673,3155,54748,4560,-5259,0,0,1397,360,36,0,0,0,9.33,11.88,13.07,493981,5916,64582,0,0,737,5522,0,0,0,0,297,0,1064,30,0,0,0,0,5916,0,0,0,360,0,0,0,0,589,0,493981,4570,16,0,0,0,0,0,5259,0,0]
[1139804,20120630,"PUTNAM BSHRS                  ","HURRICANE","WV",599393,599393,601486,0,0,0,73473,0,0,3727,300,1000,72173,2453,0,0,0,178,0,0,0,0,0,12.26,24.65,25.9,298097,3727,77200,0,0,1423,6126,0,0,0,0,209,0,0,0,13,0,6,0,3787,0,0,0,0,60,0,0,0,0,0,298157,2453,0,0,0,0,0,0,0,0,0]
[1139925,20120630,"NATIONAL BSHRS                ","BLACKSBURG","VA",1070506,1060589,1088268,9917,0,-3968,137794,0,0,8168,8675,0,139036,-1024,0,0,0,2060,0,0,0,0,0,12.99,20.399999999999999,21.6,675613,8168,145962,0,0,242,7390,0,0,0,0,0,0,910,168,200,0,0,0,8168,0,0,0,0,0,5854,0,0,4063,0,675613,2944,0,0,0,0,0,0,0,0,0]
[1140127,20120630,"KATAHDIN BSHRS CORP           ","PATTEN","ME",559257,554237,570090,5020,0,-482,57831,0,0,5588,339,8705,35807,885,0,0,0,1886,0,0,11000,0,0,10.43,12.97,14.22,446050,5607,63438,70,2077,1125,7840,0,0,0,0,0,0,446,23,0,0,1626,0,6575,33,0,0,0,1020,5559,0,19,229,0,447070,1367,0,7000,0,11000,0,0,0,7000,0]
[1140239,20120630,"CITIZENS BC INV               ","LAFAYETTE","TN",609842,605380,612519,4462,0,0,56819,0,0,4109,282,4612,54516,4530,0,0,0,0,0,0,0,1871,0,9.39,17.37,18.62,327175,4109,60928,0,0,5376,7220,0,0,0,0,1826,0,717,0,0,225,254,0,5616,0,1871,0,0,1507,2381,0,0,2081,0,328682,4530,0,0,0,0,0,0,0,0,0]
[1140323,20120630,"SECURITY NAT CORP             ","OMAHA","NE",708763,707472,756747,1291,0,0,70860,0,0,6037,24,6187,65940,5341,0,0,0,0,0,0,0,0,0,10.02,14.8,16.059999999999999,478859,6037,76897,0,0,177,677,0,0,0,0,7,140,0,0,0,0,0,0,10052,62,0,0,0,4077,1291,0,0,0,0,482936,5341,0,0,0,0,0,0,0,0,0]
[1140510,20120630,"ALLIANCE FC                   ","SYRACUSE","NY",1419567,1381436,1423413,38006,0,0,129616,0,0,8892,5107,47517,102470,4096,-12347,0,0,2525,1246,125,0,0,0,9.3800000000000008,14.74,15.76,879323,8957,138573,0,284,0,6660,0,0,0,0,0,0,2625,0,0,242,0,0,8892,0,0,0,1497,0,30844,0,65,7251,0,879323,4096,0,25000,0,0,0,0,8656,25000,0]
[1140659,20120630,"COMMUNITY FIRST BSHRS         ","UNION CITY","TN",1707438,1703810,1723001,3628,0,0,172232,0,0,13186,3637,48059,66213,9669,0,0,0,0,0,0,30852,0,0,10.11,16.38,17.64,1051208,13204,185436,0,0,0,9028,0,0,0,0,0,0,2799,84,0,12,18,0,18044,0,100,0,0,4858,2393,0,18,1235,0,1056066,9670,0,27100,0,30852,0,0,0,27100,0]
[1140994,20120630,"BRYN MAWR BK CORP             ","BRYN MAWR","PA",1815606,1764708,1854885,50539,0,-12613,156578,22500,0,13140,16304,88123,132837,-9877,-29789,0,0,11208,4220,359,0,0,0,8.8699999999999992,11.4,14,1373595,35714,192292,0,0,3400,14958,0,0,0,0,0,0,4123,3049,0,2921,34,0,13140,0,0,0,4289,0,29752,0,74,22855,0,1373595,2735,0,0,0,0,0,0,29789,0,0]
[1141348,20120630,"MINNWEST CORP                 ","MINNETONKA","MN",1529663,1526947,1515686,2716,0,0,139026,11800,0,15031,6,6821,134915,1165,0,0,0,5359,0,0,0,0,0,9.1,11.59,13.82,1199935,26831,165857,0,17,178,12541,0,0,0,0,0,0,333,189,0,348,0,0,17538,0,0,0,0,2507,2361,0,0,355,0,1202442,1165,0,0,0,0,0,0,0,0,0]
[1141487,20120630,"CHAMBERS BSHRS                ","DANVILLE","AR",718334,712028,724252,6306,0,0,64423,0,0,7687,0,9002,33638,0,-1728,0,0,0,0,0,0,0,0,9.0500000000000007,10.76,12.05,598635,7687,72110,0,152,0,9190,0,0,0,0,0,0,5561,45,0,0,310,0,24044,0,0,0,0,16357,6306,0,0,0,0,614992,0,0,29817,0,0,0,0,1728,10000,0]
[1141647,20120630,"STAR FNCL GRP                 ","FORT WAYNE","IN",1627201,1620723,1631569,6207,0,-654,164173,0,0,16579,7359,6712,182066,-5996,-35487,0,0,11347,2708,271,0,0,0,10.130000000000001,12.43,13.68,1321226,16579,180752,0,229,1256,18224,0,0,0,0,388,80,1509,283,0,186,310,0,21689,0,0,0,2708,5110,5567,0,0,640,0,1326336,-5343,0,10000,0,0,0,0,35487,10000,0]
[1141889,20120630,"KISH BC                       ","BELLEVILLE","PA",563237,562098,559859,1101,0,0,47285,4750,0,5304,337,3928,44480,2994,-6321,-5,0,668,332,33,0,0,0,8.41,11.67,14.16,405106,10083,57368,0,1756,47,8317,0,0,0,0,47,0,757,73,0,85,187,0,7268,225,0,0,332,2189,1669,0,29,0,0,407295,2994,0,6000,0,0,0,0,5752,6000,0]
[1142242,20120630,"TENNESSEE ST BSHRS            ","PIGEON FORGE","TN",746305,746305,750914,0,0,0,65092,0,0,6871,1,1250,51341,1158,0,0,0,2594,0,0,0,0,0,8.7200000000000006,12.02,13.3,541445,6909,72001,0,0,261,43155,0,0,0,0,257,0,11977,246,0,1742,387,0,15250,11,0,0,0,8390,0,0,38,0,0,549835,1158,0,12500,0,0,0,0,0,12500,0]
[1142336,20120630,"PARK NAT CORP                 ","NEWARK","OH",6712439,6659084,6705574,72949,0,-20542,609282,90250,0,57889,302655,0,442531,-7556,-77007,0,0,22242,8809,948,0,0,0,9.15,13.17,16.38,4626871,148590,757872,0,856,1870,180381,0,0,0,0,1106,76,60730,3405,0,1972,191,0,58696,3421,0,0,8735,4228,72334,0,451,615,0,4631099,12986,0,15000,0,0,0,0,77007,15000,0]
[1142439,20120630,"HAWAII NAT BSHRS              ","HONOLULU","HI",598561,597905,598006,0,0,0,51998,0,0,4492,717,12412,39525,431,0,0,0,1025,472,47,0,0,0,8.6999999999999993,14.48,15.74,359002,4492,56490,0,93,0,1039,0,0,0,0,0,0,296,160,0,0,0,0,4635,213,0,0,472,356,0,609,0,0,0,359358,431,0,0,0,0,0,0,0,0,0]
[1142475,20120630,"CODORUS VALLEY BC             ","YORK","PA",1030342,1030167,1044551,175,0,0,101724,0,0,8690,10585,37703,18611,6223,0,0,0,2942,0,0,25000,0,0,9.8699999999999992,13.61,14.77,747663,8690,110414,0,1281,0,10879,0,0,0,0,0,0,813,390,0,34,310,0,8690,0,0,0,0,0,0,0,0,175,0,747663,6223,0,10000,0,25000,0,0,0,10000,0]
[1143342,20120630,"SOLVAY BC                     ","SOLVAY","NY",636829,636829,648158,0,0,-2503,60568,0,0,4009,17130,4206,49948,1386,-10716,0,0,542,0,0,0,0,0,9.51,19.02,20.27,318511,4009,64577,0,0,542,5076,0,0,0,0,299,32,1772,131,0,247,0,0,6322,0,0,0,0,2313,0,0,0,26,0,320824,3889,0,0,0,0,0,0,10716,0,0]
[1143623,20120630,"CITIZENS & NORTHERN CORP      ","WELLSBORO","PA",1296511,1282794,1327527,12117,0,-465,151291,0,0,7657,12490,67817,88956,11054,-4255,0,0,3962,460,46,0,0,0,11.79,21.29,22.53,710455,8745,160036,52,378,1144,7447,0,0,0,0,931,71,3261,65,0,0,0,0,7657,0,0,0,460,0,11942,1554,1088,175,0,710455,11519,0,0,0,0,0,0,4255,0,0]
[1144107,20120630,"HONAT BC                      ","HONESDALE","PA",571448,571320,578444,0,0,0,71182,0,0,5469,375,1000,74849,2380,-4966,0,0,1617,1284,128,0,0,0,12.46,16.350000000000001,17.61,435258,5469,76651,0,0,1023,1087,0,0,0,0,74,0,448,9,0,0,4252,0,7590,165,0,0,1284,2286,0,0,0,0,0,437544,2328,0,0,0,0,0,0,4966,0,0]
[1144741,20120630,"FINANCIAL FEDCORP             ","MEMPHIS","TN",null,null,50165]
[1145001,20120630,"LIBERTY CAPITAL               ","WILMINGTON","OH",612683,null,603875,null,null,null,null,null,null,null,0,392,78683,4178,-3300,null,0,0,11775,null,0,null,null,null,null,null,null,null,null,0,17043,0,31241,0,0,0,14618,0,0,23700,983,0,3501,11,null,9948,0,0,null,11775,null,0,null,null,0]
[1145476,20120630,"WEBSTER FNCL CORP             ","WATERBURY","CT",19159744,18628782,19435735,530725,0,-73646,1654441,0,0,161813,907,1146292,928523,-43878,-129235,0,0,79011,10284,237,28939,0,0,8.8800000000000008,12.82,14.08,12902621,162639,1817080,0,1358,1074,167108,0,0,0,407,0,0,71180,13308,0,13959,2330,0,198757,5462,0,0,11163,42406,529887,0,826,12896,0,12945027,29768,0,209977,0,28939,0,0,129235,209977,0]
[1199563,20120630,"ASSOCIATED BANC CORP          ","GREEN BAY","WI",21780371,20829130,22081100,946492,0,-32442,2071801,25821,0,191848,1750,1594995,1213735,66579,-30710,0,0,53185,47488,4749,63272,0,0,9.9499999999999993,13.64,15.08,15188147,218690,2290491,21209,8812,25796,320177,0,0,0,0,0,0,68162,11015,0,22651,27803,0,332658,18900,0,0,47488,159710,929168,0,1021,17324,0,15347857,99021,0,180000,0,63272,0,0,30710,180000,0]
[1199602,20120630,"1ST SOURCE CORP               ","SOUTH BEND","IN",4453241,4365106,4488625,88135,0,0,521704,0,0,44218,346365,170,206789,19387,-30447,-38,0,0,4894,0,0,0,0,11.95,14.92,16.23,3496474,45637,567341,9830,2260,10269,45786,0,0,9830,0,10249,0,5647,2176,0,1001,2701,0,83299,1904,0,0,5622,40985,83680,0,1419,4455,0,3537459,19387,0,87000,0,0,0,0,30447,87000,0]
[1199611,20120630,"NORTHERN TR CORP              ","CHICAGO","IL",92293950,91687202,94455895,605017,0,-346077,7328415,593402,0,298946,408619,995240,6502220,-274125,-241662,-139,0,0,0,0,0,0,0,7.99,12.86,14.43,56965459,892348,8220763,0,0,31598,239846,0,0,0,0,8523,0,136992,2857,6558,26393,8311,0,300326,29569,0,0,0,0,533204,0,0,112183,46836,56965459,71480,0,268682,0,0,0,0,241662,268682,0]
[1199844,20120630,"COMERICA                      ","DALLAS","TX",61802882,61136443,62756597,651546,0,-463308,6676205,1559441,0,702412,1140824,2144450,5743488,-301126,-1699513,-1169,2749,282017,0,275,0,0,0,10.92,10.38,13.9,64311554,2261853,8938058,0,6902,76306,718616,0,0,0,0,5842,0,81902,14788,2198,19681,34101,0,666673,35739,0,0,0,0,635450,0,0,24743,216558,64311554,162182,54,0,0,0,0,0,1699513,0,0]
[1199974,20120630,"FIRST AMER BK CORP            ","ELK GROVE VILLAGE","IL",2797648,2789871,2887548,6730,0,-1464,200545,0,0,22539,26607,11731,118927,20339,0,-78,0,0,680,68,0,0,0,7.19,11.35,16.39,1766271,88891,289436,0,251,1125,57975,237,4000,0,0,624,99,7009,5954,144,6798,0,0,59384,0,0,66312,680,36845,6088,0,40,642,0,1803116,21803,0,50156,0,0,0,0,0,36468,0]
[1200124,20120630,"NEIGHBOR INS AGY              ","MARION","IA",658997,658459,654138,538,0,0,74233,null,null,5246,30,0,74755,5441,0,0,0,0,0,0,0,null,0,11.27,16.52,17.68,449486,5246,79479,73,0,606,5348,0,0,0,0,230,44,586,175,0,0,0,0,5246,0,0,0,0,0,534,0,0,4,0,449486,5455,0,null,null,0,0,0,0,0,0]
[1200311,20120630,"OHNWARD BSHRS                 ","MAQUOKETA","IA",896262,892786,894347,3482,0,-6,95336,0,0,7498,70,2734,96919,4218,-911,0,0,602,0,0,0,0,0,10.68,14.85,16.02,642063,7498,102834,640,0,1607,2212,0,0,0,0,104,0,146,0,0,11,0,0,7498,0,0,0,0,0,3221,0,0,261,0,642063,4218,0,0,0,0,0,0,0,0,0]
[1200348,20120630,"SECURITY NAT CORP             ","DAKOTA DUNES","SD",1162334,1160688,1148316,1646,0,-2328,115264,0,0,8838,18366,37472,61074,735,0,0,0,11494,0,0,0,0,0,9.93,16.48,17.739999999999998,699597,8872,124136,0,0,257,1213,0,0,0,0,61,0,352,0,0,0,0,0,16184,75,0,0,0,7421,1646,0,34,0,0,707018,3065,0,0,0,0,0,0,0,0,0]
[1200692,20120630,"PARKWAY BC                    ","HARWOOD HEIGHTS","IL",2252975,2237369,2219416,10357,0,0,189934,22711,0,21842,21,35474,144786,59,0,0,0,20505,0,0,0,0,0,8.49,10.95,13.52,1733837,44553,234487,0,0,24813,102729,0,0,0,0,1318,0,1722,0,208,2364,867,0,35393,0,0,0,0,13551,10357,5249,0,0,0,1747388,60,0,25260,0,0,0,0,0,25260,0]
[1200852,20120630,"HY-VEE                        ","WEST DES MOINES","IA",2069568,null,2066076,null,null,null,null,null,null,null,268593,79212,513131,0,0,null,0,3050,766,null,0,null,null,null,null,null,null,null,null,0,0,45,108,0,0,0,0,31,2,108,0,0,0,50650,null,607,0,0,null,766,null,64143,null,null,19107]
[1201112,20120630,"CUMMINS-AMER CORP             ","GLENVIEW","IL",1188629,1188025,1186454,0,0,0,113517,0,0,8604,5,2240,111992,6643,0,0,0,0,604,604,0,0,0,9.56,13.49,14.51,841656,8604,122121,0,0,560,616,0,0,0,0,560,0,0,0,0,216,0,0,8604,0,0,0,604,0,0,0,0,0,0,841656,6643,116,0,0,0,0,0,0,0,0]
[1201194,20120630,"REPUBLIC BC CO                ","OAK BROOK","IL",1337867,1329307,1337951,7707,0,0,142126,0,0,12643,6,32321,118413,2937,0,0,8527,0,0,853,0,0,0,10.69,14.15,15.4,1004714,12643,154769,0,0,1101,66045,0,0,0,0,696,0,1870,1160,60,1755,0,0,23203,0,0,0,0,10560,0,0,0,7707,0,1015274,2937,54,0,0,0,0,0,0,0,0]
[1201363,20120630,"BANKMANAGERS CORP             ","MILWAUKEE","WI",886676,886676,818043,0,0,0,84352,0,0,8336,822,3762,79768,-263,0,0,0,0,0,0,0,0,0,9.51,12.73,13.99,662701,8336,92688,0,0,0,27331,0,0,0,0,0,0,237,1117,0,602,0,0,15173,0,0,0,0,6837,676,0,0,0,0,669538,-263,0,0,0,0,0,0,0,0,0]
[1201457,20120630,"AMBANK CO                     ","SIOUX CENTER","IA",814847,813909,812760,938,0,-1121,92019,0,0,9289,3,0,72954,-383,0,0,0,122,2009,0,0,0,0,11.31,12.42,13.67,741140,9289,101308,0,0,2,5277,0,0,0,0,0,0,83,51,0,110,0,0,12484,3,0,0,2009,3198,938,0,0,0,0,744338,738,0,20000,0,0,0,0,0,20000,0]
[1201532,20120630,"FNBC LA GRANGE                ","LA GRANGE","IL",521548,519057,525127,2491,0,0,40757,5000,0,3470,860,5453,36531,2438,-5782,0,0,21,880,0,0,0,0,7.85,14.24,17.2,286124,8470,49227,0,0,391,13473,0,0,0,0,211,21,1970,85,0,806,500,0,4361,0,0,0,880,891,2490,0,0,0,0,287015,2438,0,0,6186,0,0,0,5782,6186,0]
[1201671,20120630,"BTC FC                        ","DES MOINES","IA",3038911,3038740,3098097,171,0,0,181314,30864,0,30699,77048,0,104436,8399,0,0,0,15443,0,0,0,0,0,5.97,7.37,9.8800000000000008,2458890,61563,242877,0,0,81,16813,0,0,0,0,81,0,4547,0,0,0,0,0,39079,375,0,0,0,8755,0,0,0,172,0,2467645,8398,0,0,0,0,0,0,0,0,0]
[1201925,20120630,"INDEPENDENT BK CORP           ","IONIA","MI",2395884,2388055,2406205,7065,0,-2203,156419,7606,0,19036,249751,0,-208569,-10014,0,0,0,0,10651,764,82004,0,0,6.55,10.5,12.29,1489378,26642,183061,0,0,739,44351,0,0,0,0,294,0,21000,1375,0,1300,1507,0,51346,1227,0,0,10985,33537,0,0,0,7065,0,1522915,-7811,0,41062,0,82004,0,0,0,41062,0]
[1201934,20120630,"CHEMICAL FC                   ","MIDLAND","MI",5340969,5220211,5351781,116758,0,-27973,492395,0,0,50432,27497,432098,153558,-24164,0,0,0,46265,3463,0,0,0,0,9.43,12.32,13.58,3998285,50432,542827,0,438,15999,74477,0,0,0,0,1144,177,16213,911,1365,1621,0,0,86711,0,0,0,4938,36279,113414,4000,0,7144,0,4034564,3809,0,0,0,0,0,0,0,0,0]
[1202052,20120630,"NEB CORP                      ","FOND DU LAC","WI",1456380,1454322,1427143,2089,0,0,278240,0,0,12336,14,0,279944,7660,0,-109,0,13081,774,78,0,0,0,19.13,28.37,29.68,980827,12894,291134,0,1254,6,22752,0,0,0,0,0,0,2022,1051,0,20,0,0,18405,0,813,0,774,6069,1000,0,558,1089,0,986896,7102,0,0,0,0,0,0,0,0,0]
[1202258,20120630,"AMES NAT CORP                 ","AMES","IA",1131041,1123989,1157724,7052,0,0,121991,0,0,8395,18866,22651,89623,10911,-2016,0,0,0,0,0,0,0,0,10.85,15.03,16.07,811391,8395,130386,0,0,116,7501,0,0,0,0,105,0,1787,301,0,0,285,0,8021,374,0,0,0,0,5601,0,0,1451,0,811391,10825,167,0,0,0,0,0,2016,0,0]
[1202708,20120630,"BAYLAKE CORP                  ","STURGEON BAY","WI",1051721,1037989,1039968,6641,0,0,85549,9450,0,9200,40741,12080,33909,5006,-3549,0,0,6806,693,69,0,0,0,8.24,11.68,14.23,732485,18650,104199,0,0,0,19672,0,0,0,0,0,0,1655,811,0,208,4567,0,12733,0,0,0,693,3533,6641,7022,0,0,0,736018,5006,0,16100,0,0,0,0,3549,16100,0]
[1202762,20120630,"BANK IA CORP                  ","WEST DES MOINES","IA",1138915,1131919,1118712,6996,0,0,84330,0,0,8651,35,197,76341,5015,0,-262,0,0,0,0,0,0,0,7.45,12.2,13.45,691322,8651,92981,0,255,113,12066,0,0,0,0,113,0,1583,4,0,0,474,0,9389,0,0,0,0,738,4779,0,0,2217,0,692060,5277,0,15277,0,0,0,0,0,15277,0]
[1202883,20120630,"SWORD FC                      ","HORICON","WI",513424,512653,519774,633,0,0,45939,17150,0,5939,0,5689,38367,1096,-6172,-174,0,0,1378,138,0,0,0,8.9600000000000009,9.76,14.67,470617,23089,69028,0,104,14,12402,0,0,0,0,0,0,5596,461,0,129,281,0,10405,0,0,0,1378,4466,202,0,0,431,0,475083,1096,0,9000,0,0,0,0,3738,9000,0]
[1203451,20120630,"CARROLL CTY BSHRS             ","CARROLL","IA",632988,632988,631787,0,0,0,56733,0,0,5996,2558,684,48400,2982,0,0,0,2008,0,0,0,0,0,8.9600000000000009,11.79,13.04,481208,5996,62729,0,0,862,2641,0,0,0,0,50,0,61,0,0,0,57,0,8106,0,2692,0,0,2110,0,0,0,0,0,483318,2891,0,5000,0,0,0,0,0,5000,0]
[1203509,20120630,"FIRST CITIZENS FC             ","MASON CITY","IA",1143048,1142966,1146351,0,0,0,128281,0,0,8447,65,1929,126369,13194,0,0,0,0,820,82,0,0,0,11.22,18.739999999999998,19.98,684602,8523,136804,0,112,225,4311,0,0,0,0,0,0,2081,160,0,9,539,0,10202,0,0,0,820,1755,0,0,76,0,0,686357,13194,0,0,0,0,0,0,0,0,0]
[1203602,20120630,"FIRST BUSEY CORP              ","CHAMPAIGN","IL",3498486,3434134,3524723,29135,0,0,390428,0,0,27458,88,594364,-234343,14421,-32347,-646,0,42210,5437,0,72664,0,0,11.37,17.97,19.260000000000002,2173252,28068,418496,0,2268,57,33760,0,0,0,0,0,0,4663,249,0,224,0,0,50866,0,0,0,8552,23408,20686,35217,610,14364,0,2196660,14421,0,55000,0,72664,0,0,31930,55000,0]
[1203714,20120630,"GOODENOW BC                   ","OKOBOJI","IA",668469,659082,665200,9387,0,-1064,55236,0,0,5810,499,5545,48579,3747,0,0,0,0,0,0,0,0,0,8.3800000000000008,11.11,12.28,497267,5810,61046,0,0,2,3070,0,0,0,0,0,0,950,13,0,0,310,0,5810,0,0,0,0,0,6514,0,0,2873,0,497267,4811,0,10000,0,0,0,0,0,10000,0]
[1203778,20120630,"FIDELITY CO                   ","DUBUQUE","IA",672715,659902,678410,12813,0,-516,61213,3429,0,6045,39,720,60629,-106,-2783,0,0,1153,0,0,0,0,0,9.2799999999999994,12.71,14.68,481651,9474,70687,0,0,270,7518,0,0,0,0,0,0,995,7,0,0,0,0,8007,0,0,0,0,1962,12342,0,0,471,0,483613,410,0,15421,0,0,0,0,2783,15421,0]
[1203899,20120630,"CENTRAL BSHRS                 ","MUSCATINE","IA",701570,690607,740985,10866,0,-4004,63442,0,0,5206,60,10697,63648,1099,0,0,0,718,967,97,0,0,0,9.19,15.29,16.54,414937,5206,68648,0,364,88,4597,0,0,0,0,73,0,2054,54,0,56,0,0,6744,0,0,0,967,1538,11993,0,0,706,0,416475,5103,0,0,0,0,0,0,0,0,0]
[1203974,20120630,"TRI CITY BSHRS CORP           ","OAK CREEK","WI",1166931,1166081,1153926,850,0,0,124344,0,0,9388,8905,26543,89746,0,0,0,0,994,1621,0,0,0,0,10.66,16.579999999999998,17.829999999999998,749285,9388,133732,172,0,1169,28660,0,0,0,0,114,0,16489,263,30,755,0,0,11566,0,0,0,1783,2178,0,0,0,850,0,751463,0,0,0,0,0,0,0,0,0,0]
[1204029,20120630,"SEAWAY BSHRS                  ","CHICAGO","IL",571509,571509,565416,0,0,0,41770,0,0,3034,302,3916,31366,1687,0,0,0,0,0,0,0,0,0,7.31,17.579999999999998,18.86,237604,3034,44804,0,0,8128,50720,5600,28521,0,0,1593,313,11849,1444,65,2091,186,0,8136,0,0,0,0,5102,0,0,0,0,0,242706,1687,0,6186,0,0,0,0,0,6186,0]
[1204104,20120630,"WAUPACA BC                    ","WAUPACA","WI",748956,735810,771499,13146,0,0,67601,0,0,6739,106,40087,41267,885,-713,0,0,0,0,0,0,0,0,9.19,10.8,11.88,626017,6739,74340,0,0,1342,11981,0,0,0,0,671,0,1003,375,0,0,0,0,6739,0,0,0,0,0,12480,0,0,666,0,626017,885,0,0,0,0,0,0,713,0,0]
[1204177,20120630,"FIRST ST FC                   ","SAINT CLAIR SHORES","MI",572729,571881,568903,0,0,0,57104,null,null,4595,761,4049,53142,4851,0,0,0,2148,155,0,0,null,0,9.99,15.68,16.940000000000001,364150,4595,61699,0,0,274,10834,0,0,0,0,247,0,3024,142,0,994,0,0,7276,0,0,0,155,2681,0,848,0,0,0,366831,4851,0,null,null,null,null,null,null,0,0]
[1204560,20120630,"FIRST BSHRS                   ","WHITING","IN",2137711,2121672,2157600,0,0,0,172611,18150,0,23611,106,4607,183937,-15081,0,0,0,66747,1217,0,0,0,0,8.14,9.15,11.36,1886756,41761,214372,0,457,3066,26476,0,0,0,0,3061,0,8124,554,0,418,84,0,25758,0,0,0,1933,2147,0,16039,0,0,0,1888903,-15081,0,0,0,0,0,0,0,0,0]
[1204627,20120630,"METROPOLITAN BK GRP           ","CHICAGO","IL",2845377,2738690,2824467,12476,0,0,112786,0,6803,22514,67775,1390,35981,4185,0,0,0,94211,0,0,86130,0,0,4.12,6.5,8.2100000000000009,1734540,29657,142443,0,0,1482,263414,0,0,0,0,478,0,61043,8667,69,81,0,0,89471,0,0,0,0,66957,0,94211,340,13304,0,1801497,4185,0,28197,0,86130,0,0,0,28197,0]
[1204814,20120630,"SBC                           ","COUNTRYSIDE","IL",696842,696842,694354,0,0,0,23584,0,0,6428,550,447,22587,5765,0,0,0,0,0,0,0,0,0,3.38,4.6399999999999997,5.92,508149,6476,30060,0,0,397,46216,0,0,0,0,0,0,3574,0,0,2066,0,0,12481,0,0,0,0,6053,0,0,48,0,0,514202,5765,0,0,0,0,0,0,0,0,0]
[1205026,20120630,"VAN DIEST INV CO              ","ANKENY","IA",856143,846376,850566,9573,0,0,68220,0,0,6843,372,7327,70288,3342,0,0,0,3778,194,194,0,0,0,8.06,10.86,11.95,628035,6843,75063,0,3593,166,13851,0,0,0,0,23,0,1040,27,0,0,0,0,12044,245,0,0,194,5446,6147,0,0,3426,0,633481,3342,0,0,0,0,0,0,0,0,0]
[1205183,20120630,"IDA GROVE BSHRS               ","IDA GROVE","IA",1172214,1164661,1173321,7442,0,0,111254,0,0,11961,20,4396,107177,59,0,0,0,65,1113,111,0,0,0,9.5500000000000007,11.63,12.88,956905,11961,123215,790,47,1013,5577,0,0,0,0,113,0,2082,175,0,0,217,0,14243,0,0,0,1113,2282,5572,0,0,1870,0,959187,62,0,7217,0,0,0,0,0,7217,0]
[1205398,20120630,"BANK HIGHLAND PARK FC         ","HIGHLAND PARK","IL",1083137,1081853,1081904,1284,0,0,83455,18070,0,11598,1,5825,78913,5298,0,0,0,0,0,0,0,0,0,7.71,8.6300000000000008,11.71,966603,29697,113152,0,0,0,3891,0,0,0,0,0,0,1074,0,0,1790,0,0,11498,100,0,0,0,0,1284,0,29,0,0,966603,5298,0,0,0,0,0,0,0,0,0]
[1205688,20120630,"CITIZENS REPUBLIC BC          ","FLINT","MI",9357819,8797836,9670768,324454,0,-33557,859807,0,0,73934,1401781,34551,-378932,-10268,0,0,0,268881,894,0,288723,0,0,9.77,14.7,15.96,5850586,73934,933741,0,19773,58,85099,0,0,0,0,0,0,19510,1457,0,4509,36,0,136120,1933,0,0,1244,64119,318150,235529,0,6305,0,5914705,23289,0,73667,0,288723,0,0,0,73667,0]
[1206313,20120630,"FIRST NAT BSHRS               ","EAST LANSING","MI",660938,660938,606858,0,0,0,89070,6263,0,4853,45,2294,87208,6372,0,-477,0,2051,0,0,0,0,0,13.48,23.5,27.47,379069,15076,104146,0,0,1531,32856,0,0,0,0,1279,0,23528,42,0,0,0,0,14064,0,0,0,0,9211,0,0,3960,0,0,388280,6372,0,0,0,0,0,0,0,0,0]
[1206546,20120630,"HEARTLAND FNCL USA            ","DUBUQUE","IA",4350916,4324526,4427684,25104,0,-4075,444754,30000,0,39870,16612,44224,219644,12100,-1939,0,0,14196,12864,1286,81698,2656,0,10.28,13.95,16.149999999999999,3187912,70126,514880,0,2797,0,47036,0,2304,0,2024,0,0,9276,776,0,2411,4722,0,41439,123,2656,0,12864,1692,25909,0,256,1431,0,3189604,16176,0,108250,0,81698,0,0,1939,108250,0]
[1206591,20120630,"CENTRUE FC                    ","CLAYTON","MO",941197,936208,926009,4789,0,0,35751,13815,0,8397,7454,66812,-61414,1846,-14536,0,0,0,2003,200,32239,0,0,3.82,5.4,8.76,661960,22212,57963,0,0,0,39790,0,0,0,0,0,0,4434,129,0,521,620,0,18234,0,0,0,2003,9837,0,0,0,4789,0,671797,1846,0,10185,0,0,0,0,0,10185,0]
[1206733,20120630,"GREAT LAKES FNCL RESOURCES    ","MATTESON","IL",626966,619864,629483,6377,0,0,58218,0,0,4867,2987,2987,59697,156,-14351,0,0,2867,0,0,0,0,0,9.39,15.09,16.350000000000001,385752,4867,63085,0,0,0,6012,0,0,0,0,0,0,350,100,0,427,0,0,8729,0,0,0,0,3862,6377,725,0,0,0,389614,156,0,14000,0,0,0,0,14351,14000,0]
[1206760,20120630,"FIRST MID-IL BSHRS            ","MATTOON","IL",1538272,1515283,1542262,22989,0,0,147156,0,0,11455,30491,30481,75300,3790,-38162,0,0,1894,0,0,52035,0,0,9.7100000000000009,14.88,16.04,988808,11455,158611,0,328,0,11591,0,0,0,0,0,0,1275,146,0,174,597,0,11455,0,0,0,0,0,25753,0,0,3510,0,988808,3790,0,20000,0,52035,0,0,38162,20000,0]
[1206911,20120630,"OLD SECOND BC                 ","AURORA","IL",1963955,1959369,1985658,4233,0,0,94230,45000,0,19370,18729,66051,12930,-3965,-94956,0,0,2775,3531,353,71358,0,0,4.8099999999999996,6.16,12.33,1528669,96291,188454,0,0,0,100508,0,0,0,0,0,0,12370,1076,0,3051,1759,0,40286,0,0,31921,3531,20916,0,0,0,4233,0,1549585,-3965,0,24704,0,71358,0,0,94956,24704,0]
[1207132,20120630,"CITIZENS BK HOLD              ","MUKWONAGO","WI",667119,666874,674636,0,0,0,75959,0,0,5218,200,2503,73501,254,0,0,0,3262,2451,245,0,0,0,11.39,18.38,19.649999999999999,413166,5218,81177,0,87,1,17985,0,0,0,0,0,0,2167,524,0,327,0,0,9456,0,0,0,2451,4238,0,0,0,0,0,417404,254,0,0,0,0,0,0,0,0,0]
[1207431,20120630,"STARK BK GRP                  ","FORT DODGE","IA",1310390,1307514,1279219,2876,0,0,11949,5975,0,8716,10263,32927,-31619,2390,-452,0,0,0,0,0,0,0,0,0.91,1.76,3.3,677362,14693,22351,0,6158,273,31084,0,0,0,0,47,13,1484,157,0,156,7155,0,28505,142,0,0,0,19931,0,0,2,2876,0,697293,2390,0,3706,0,0,0,0,452,3706,0]
[1207486,20120630,"MARQUETTE NAT CORP            ","CHICAGO","IL",1674189,1617313,1655896,35999,0,0,128665,19962,0,13047,5061,14528,89416,-5231,0,-418,0,25032,492,49,36689,0,0,7.96,12.51,15.8,1028850,33860,162525,0,0,1163,43954,0,0,0,0,967,0,12187,574,85,2746,1702,0,26562,1370,0,0,490,14885,35348,15602,851,649,0,1043735,-5232,0,35038,0,36689,0,0,0,35038,0]
[1207600,20120630,"PRINCETON NAT BC              ","PRINCETON","IL",970372,968554,958324,1603,0,0,-3562,0,0,7545,22391,17990,-43741,984,-23138,0,0,0,2146,215,25173,0,0,-0.37,-0.6,-0.6,592198,7545,-3562,0,3347,0,64970,0,0,0,0,0,0,6611,161,0,419,0,0,19194,0,0,0,2146,11649,0,0,0,1603,0,603847,1403,0,0,0,0,0,0,23138,25000,25173]
[1208009,20120630,"FIRST MANITOWOC BC            ","MANITOWOC","WI",940242,932003,938594,8069,0,0,86092,0,0,7955,67,2451,93562,3308,-1749,0,0,0,1704,170,0,0,0,9.24,11.42,12.48,753723,7955,94047,0,278,97,4838,0,0,0,0,96,0,1511,18,0,0,15169,0,7955,0,0,0,1704,0,7984,0,0,85,0,753723,3308,0,0,0,0,0,0,1369,0,0]
[1208054,20120630,"ILLINOIS NAT BC               ","SPRINGFIELD","IL",633109,632074,631550,882,0,0,56038,0,0,4827,4120,45667,7376,503,-90,0,0,0,1528,153,0,0,0,8.8699999999999992,13.73,14.92,408023,4827,60865,0,204,7,4785,0,0,0,0,0,0,457,71,0,0,51,0,4827,0,0,0,1528,0,794,0,0,88,0,408023,503,0,0,0,0,0,0,90,0,0]
[1208120,20120630,"HEARTLAND BC                  ","BLOOMINGTON","IL",1982235,1951975,1993526,29779,0,1713,182664,25000,0,15464,827,26451,155609,23201,-1964,0,0,0,4814,481,0,0,0,9.36,14.84,18.13,1230653,40464,223128,0,2305,0,59546,0,28831,0,0,0,0,11745,1029,0,2166,992,0,21926,0,0,0,4814,6462,23130,0,0,6649,0,1237115,21487,0,32000,0,0,0,0,1964,32000,0]
[1208184,20120630,"FIRST MIDWEST BC              ","ITASCA","IL",8109024,7772865,8099355,281981,0,-12922,718525,30287,0,80651,858,414665,823250,-11867,-248354,0,0,95444,836,0,0,0,0,9.24,11.21,12.94,6409299,110938,829463,5,221,41521,224130,24986,10729,0,0,9250,934,17142,3093,1491,6850,1392,0,116182,2500,0,0,836,38031,265476,54178,0,16505,0,6447330,1055,0,64265,0,0,0,0,248354,64265,0]
[1208513,20120630,"MID IL BC                     ","PEORIA","IL",675959,675894,676917,0,0,0,72812,0,0,4476,1738,3114,72702,2646,-4677,0,0,420,646,65,0,0,0,10.77,20.37,21.62,357415,4476,77288,0,0,750,2200,0,0,0,0,324,0,455,25,0,0,1090,0,5147,0,0,0,646,671,0,0,0,0,0,358086,2646,0,0,0,0,0,0,4677,0,0]
[1208559,20120630,"FIRST MRCH CORP               ","MUNCIE","IN",4249943,4090907,4232491,150006,0,-18698,438947,30000,0,38255,3580,255862,188863,-3307,-230,0,0,29205,553,55,90908,0,0,10.73,14.49,16.75,3028549,68255,507202,0,2631,665,63127,0,0,0,0,327,18,12583,823,10,1032,1826,0,70143,0,0,0,553,31888,141358,8975,0,8649,0,3060437,15391,0,59000,0,90783,0,0,230,59000,125]
[1208595,20120630,"FIRST FC                      ","TERRE HAUTE","IN",2892525,2850149,2882501,42151,0,-22462,325249,0,0,20092,1807,69571,328056,-9338,-31809,0,0,26231,2246,225,0,0,0,11.41,14.45,15.35,2250275,20092,345341,0,0,7995,51759,544,3580,0,0,782,286,7630,522,65,17,0,0,20092,0,0,0,2246,0,37612,0,0,4539,0,2250275,13124,0,0,0,0,0,0,31809,0,0]
[1208906,20120630,"LAKELAND FC                   ","WARSAW","IN",3015641,3010385,2976237,5043,0,-1895,305821,0,0,30023,88440,0,194045,6491,-1408,0,0,15353,2125,213,0,0,0,10.16,12.85,14.11,2380027,30036,335857,0,0,105,34514,0,0,0,0,65,2,1171,0,38,330,928,0,51817,0,89,0,2125,21794,4970,0,13,73,0,2401821,8386,0,30000,0,0,0,0,1408,30000,0]
[1208933,20120630,"ALBANK CORP                   ","CHICAGO","IL",540950,537918,536203,3032,0,0,75689,0,0,4342,1875,2843,74009,1192,-6,0,0,1564,0,0,0,0,0,14.07,21.9,23.16,345563,4342,80031,0,0,1331,16097,0,0,0,0,244,0,927,0,0,0,0,0,6121,0,0,0,0,1779,1920,0,0,1112,0,347342,1192,0,0,0,0,0,0,6,0,0]
[1209042,20120630,"CENTRE 1 BC                   ","BELOIT","WI",800659,789852,805854,10704,0,-1087,74456,0,0,7203,1305,10078,66248,2757,-331,0,0,3,1030,103,0,0,0,9.43,12.95,14.21,574794,7203,81659,0,0,476,6155,0,0,0,0,364,0,834,345,0,294,2154,0,8648,3,0,0,1030,1448,9365,0,0,1339,0,576242,3844,37,8000,0,0,0,0,0,8000,0]
[1209109,20120630,"MAINSOURCE FNCL GRP           ","GREENSBURG","IN",2805955,2737274,2766633,68182,0,0,284500,0,0,20970,10430,223738,45374,25677,-9204,0,0,7982,4956,499,33843,0,0,10.39,17.14,18.399999999999999,1660309,20970,305470,0,0,34,46959,0,0,0,0,0,0,19557,714,0,1970,0,0,38289,0,0,0,4952,17319,61919,0,0,6263,0,1677628,25677,0,49000,0,33843,0,0,9204,49000,0]
[1209136,20120630,"HORIZON BC                    ","MICHIGAN CITY","IN",1496967,1489217,1563265,7278,0,-5558,146532,0,0,13605,1135,10853,97349,8775,0,0,0,350,4720,472,12500,0,0,9.84,13.53,14.79,1083019,13605,160137,0,0,15,17710,0,0,0,0,2,0,6794,948,0,479,946,0,18374,0,0,0,4720,4769,5910,0,0,2072,0,1087788,12388,0,30500,0,0,0,0,0,30500,12500]
[1209145,20120630,"BRIDGEVIEW BC                 ","BRIDGEVIEW","IL",1243615,1236162,1234011,7453,0,-2192,81892,0,0,11585,559,4608,14622,-796,0,0,0,0,0,0,39900,-344,0,6.62,9.02,10.29,908229,11585,93477,0,0,1959,123551,0,0,0,0,1959,0,8355,2382,0,3575,929,0,30184,0,-344,0,0,18599,7349,0,0,104,0,926828,1396,0,30000,0,39900,0,0,0,30000,0]
[1209181,20120630,"HOME ST BC                    ","CRYSTAL LAKE","IL",602943,602890,599851,0,0,0,52940,4872,0,5621,1019,5169,46805,1897,0,0,0,0,1087,53,0,0,0,8.7799999999999994,11.89,14.24,445317,10493,63433,0,0,76,24968,0,0,0,0,0,0,7777,73,0,1313,0,0,9977,0,0,0,1149,4356,0,0,0,0,0,449673,1897,0,0,0,0,0,0,0,0,0]
[1209248,20120630,"BARABOO BC                    ","BARABOO","WI",752902,749247,746358,3163,0,0,66007,0,0,7336,3739,1203,55539,-8,-12182,0,0,5125,1349,41,21363,0,0,8.81,11.36,12.63,580818,7336,73343,0,232,269,17667,0,0,0,0,269,0,2085,1421,0,35,0,0,13437,0,0,0,1453,6101,3046,451,0,117,0,586919,-8,0,0,0,21363,0,0,12182,0,0]
[1209426,20120630,"RIVER VALLEY BC               ","WAUSAU","WI",987321,970847,993143,16474,0,0,71749,20304,0,9812,73,20288,46191,3618,-25,4500,0,0,1997,0,0,0,0,7.39,9.17,13.01,782717,30116,101865,0,721,0,14042,0,0,0,0,0,0,3083,56,0,407,0,0,12030,0,0,0,1997,2218,14938,0,0,1536,0,784935,3618,0,17196,0,0,0,0,25,17196,0]
[1209716,20120630,"PARK BC                       ","MADISON","WI",746503,745858,750037,0,0,0,79501,0,6935,7781,17,717,35583,548,0,0,0,5654,2298,230,23954,0,0,10.66,12.87,15.25,617887,14716,94217,0,75,0,12170,0,0,0,0,0,0,6235,265,0,30,815,0,13703,0,0,0,2298,5922,0,415,0,0,0,623809,548,0,19875,0,23954,0,0,0,19875,0]
[1210066,20120630,"WEST BC                       ","WEST DES MOINES","IA",1336826,1336810,1350019,0,0,0,148372,0,0,12338,3000,33702,91686,1644,0,-16,0,6875,0,0,0,0,0,11.1,15.08,16.329999999999998,983965,12338,160710,0,0,480,8087,0,0,0,0,0,0,870,0,0,0,819,0,15373,0,0,0,0,3035,0,0,0,0,0,987000,1644,0,20000,0,0,0,0,0,20000,0]
[1210169,20120630,"LINCOLN BC                    ","REINBECK","IA",597721,576727,605149,20994,0,0,42963,0,0,5058,1544,16876,38957,3872,-2420,0,0,0,0,0,0,0,0,7.45,10.29,11.5,417485,5058,48021,0,0,112,7117,0,0,0,0,57,0,861,0,7,0,9000,0,6561,0,0,0,0,1503,14919,0,0,6075,0,418988,3872,0,9000,0,0,0,0,812,9000,0]
[1245068,20120630,"SOUTHSIDE BSHRS               ","TYLER","TX",3337183,3303689,3400956,22547,0,-20331,292363,0,0,17272,24228,193994,66565,6946,-28377,0,0,3478,0,0,0,0,0,8.85,21.26,22.52,1374895,17272,309635,0,42,1,10700,0,0,0,0,0,0,2175,145,0,0,1865,0,20194,3,0,0,0,2925,22034,0,0,513,0,1377820,27277,0,58500,0,0,0,0,28377,58500,0]
[1245228,20120630,"MIDWESTONE FNCL GRP           ","IOWA CITY","IA",1710142,1700145,1707394,9858,0,0,163890,0,0,16084,8690,80215,72800,8278,-3282,0,0,572,1391,139,0,0,0,9.64,12.76,14.01,1284782,16153,180043,35,161,8170,5572,0,0,0,0,1537,192,657,139,0,54,0,0,17871,123,0,0,1391,1910,0,0,69,9858,0,1286692,8278,0,15464,0,0,0,0,3282,15464,0]
[1245291,20120630,"HILLS BC                      ","HILLS","IA",2063578,2061078,2052449,2500,0,0,238803,0,0,19549,41658,0,218762,4335,-19117,0,0,7890,0,0,0,0,0,11.59,15.34,16.59,1556834,19549,258352,12,73,2456,8828,0,0,0,0,1983,0,897,0,0,20,0,0,26670,0,0,0,0,7121,2500,0,0,0,0,1563955,4335,0,0,0,0,0,0,17100,0,0]
[1245415,20120630,"BMO FNCL CORP                 ","WILMINGTON","DE",115052976,108553169,112165541,3459362,0,-186077,7587652,2819164,0,889373,0,9324613,3971536,-105981,0,-89577,55338,2545903,26958,6726,0,245187,0,6.99,10.7,15.87,70911034,3669109,11255450,82,1483,659105,1724566,191350,0,0,0,82489,2207,391157,58236,9568,90230,80168,0,919609,208533,257240,-39428,26858,238769,3152251,2397995,0,615344,763534,71149803,80095,25,0,0,0,245187,0,0,0,0]
[1245460,20120630,"CARLINVILLE NAT BSHRS         ","CARLINVILLE","IL",705040,698419,703924,6503,0,0,48051,0,0,6266,263,7702,51067,2635,-4360,0,0,102,1178,118,0,0,0,6.88,9.59,10.84,500930,6266,54317,0,0,88,7813,0,0,0,0,84,0,1400,61,0,56,0,0,6289,314,0,0,1178,337,4526,0,0,1977,0,501267,2635,0,0,0,0,0,0,4360,0,0]
[1245590,20120630,"STANDARD BSHRS                ","HICKORY HILLS","IL",2176619,2126065,2198983,27048,0,0,155231,0,0,21126,4464,39208,100272,1298,0,0,0,35944,1766,177,61841,0,0,7.3,9.32,10.59,1666130,21140,176371,0,0,1262,67582,0,0,0,0,336,0,3538,1054,17,2364,0,0,48358,0,0,0,1766,27232,23987,23329,14,3061,0,1693362,1298,0,0,0,61841,0,0,0,0,0]
[1245620,20120630,"BANK LEUMI LE-ISRAEL CORP     ","NEW YORK","NY",5487086,5428065,5665717,4550,0,-21981,635321,0,0,39587,2231,443230,248179,-20717,0,0,0,71814,0,0,0,702,0,11.7,14.58,15.49,4356878,39726,675047,0,0,9030,68039,0,0,0,0,8935,0,924,0,0,0,285,0,55920,2243,702,0,0,18576,4550,54471,139,0,0,4375454,1264,0,0,0,0,0,0,0,0,0]
[1245705,20120630,"WEST SUBURBAN BC              ","LOMBARD","IL",1977132,1975923,1981123,713,0,-927,165812,0,0,16300,4400,34465,127322,3645,0,0,0,17638,259,26,0,0,0,8.39,12.89,14.15,1286561,16300,182112,0,0,1148,44755,0,0,0,0,308,11,2645,124,0,29,0,0,33732,0,0,0,259,17432,713,254,0,0,0,1303993,3954,0,0,0,0,0,0,0,0,0]
[1246159,20120630,"BESSEMER GRP                  ","WOODBRIDGE","NJ",2375541,2303167,2320700,68868,0,-26323,212741,0,0,0,3539,79577,287157,-22968,-85158,0,0,9852,0,0,0,0,0,9.24,24.97,25.07,852044,881,213622,0,0,0,0,0,0,0,0,0,0,0,0,0,0,0,0,0,0,0,0,0,0,76307,3506,881,100,0,852044,3355,0,0,0,0,0,0,85158,0,0]
[1246216,20120630,"FRANKLIN RESOURCES            ","SAN MATEO","CA",13605585,11317777,13538319,2127488,0,0,6341024,0,0,3023,21259,0,8704623,-8546,0,-160320,0,0,0,0,0,0,0,56.03,55.53,55.55,11419461,3023,6344047,0,0,14,7070,0,0,0,0,0,0,0,0,0,1711,465266,0,3023,0,619283,0,0,0,1528295,0,0,599193,1859701,11419461,55206,33298,0,0,0,0,0,0,0,0]
[1246467,20120630,"TAMPA BAY BKG CO              ","TAMPA","FL",1094585,1094378,1139967,0,0,0,86190,0,0,9563,225,17316,68856,2512,0,0,0,5384,0,0,0,0,0,7.88,11.42,12.69,754717,9572,95762,0,47,11,14691,0,0,0,0,0,0,749,0,0,1196,0,0,19346,567,0,0,0,10350,0,207,9,0,0,765067,2512,0,0,0,0,0,0,0,0,0]
[1246476,20120630,"LYONS BC                      ","LYONS","NY",622821,622776,638876,0,0,-2999,52277,0,0,5070,5267,1000,37332,-730,-265,0,0,2231,454,45,0,56,0,8.39,12.89,14.14,405583,5070,57347,0,326,0,5772,0,0,0,0,0,0,3897,0,0,0,0,0,6981,0,56,0,454,1911,0,0,0,0,0,407494,2269,0,8932,0,0,0,0,265,8932,0]
[1246533,20120630,"FIRST CITIZENS BC             ","SANDUSKY","OH",1110042,1082053,1109373,25322,0,-5629,101996,3241,0,9478,114365,82,-16488,214,-17235,0,0,2649,182,18,23158,0,0,9.43,13.68,15.39,745444,12719,114715,239,2042,859,27151,0,0,0,0,315,20,9496,603,0,91,0,0,21931,335,0,0,182,12788,21719,2649,0,3603,0,758232,5884,42,26186,0,23158,0,0,17235,26186,0]
[1246935,20120630,"NORTHERN BC                   ","WOBURN","MA",751390,751390,758825,0,0,-308,75878,0,0,8873,1009,4878,73878,-8,-3871,0,0,6622,0,0,0,0,0,10.1,10.71,11.97,708255,8873,84751,0,0,198,10628,0,0,0,0,0,0,2243,0,0,0,0,0,10509,0,0,0,0,1636,0,0,0,0,0,709891,300,16,0,0,0,0,0,3871,0,0]
[1247334,20120630,"CAPITOL BC                    ","LANSING","MI",2017622,2017427,1985898,0,0,0,-132169,0,0,19853,292179,0,-423175,61,-541,0,0,761,1946,195,5098,-5535,0,-6.55,-8.64,-8.64,1528985,169060,-132169,0,9427,1715,167602,0,0,0,0,307,0,28599,3021,0,3788,432,0,79017,214,-5535,149207,1946,59378,0,0,0,0,0,1588363,61,0,0,0,5098,0,0,541,0,0]
[1247361,20120630,"SPRING BC                     ","SPRINGFIELD","IL",760517,759881,735786,636,0,0,47528,10330,0,6130,660,2774,36730,-467,0,0,0,0,5293,0,0,0,0,6.25,8.08,10.87,588227,16460,63919,0,0,1746,7069,0,0,0,0,36,0,2999,104,84,0,69,0,6130,0,0,0,5313,0,523,0,0,113,0,588227,-467,0,8000,0,0,0,0,0,8000,0]
[1247398,20120630,"COMMUNITY BC                  ","CHANUTE","KS",797447,789146,801782,8301,0,0,57479,0,0,6582,1220,16992,36568,1511,0,0,0,0,0,0,0,0,0,7.28,10.62,11.84,541120,6582,64061,0,0,11,1377,0,0,0,0,0,0,666,63,9,0,0,0,6582,0,0,0,0,0,8702,0,0,1057,0,541120,1511,0,11000,0,0,0,0,0,11000,0]
[1247428,20120630,"FIRST BUS FS                  ","MADISON","WI",1151839,1151839,1160026,0,0,0,75393,37697,0,11766,27,26036,40908,2373,-1578,0,0,2107,0,0,0,0,0,6.55,8.0399999999999991,13.31,938212,49463,124856,0,0,0,15451,0,0,0,0,0,0,2738,734,0,164,315,0,14818,0,0,0,0,3052,0,0,0,0,0,941264,2373,0,10000,0,0,0,0,1578,10000,0]
[1247455,20120630,"BANKFIRST CAP CORP            ","MACON","MS",735236,735050,737495,0,0,0,69443,0,0,6425,930,13091,29422,1825,0,0,0,1648,0,0,20000,0,0,9.4499999999999993,12.93,14.37,537141,7743,77186,0,0,1,3697,0,0,0,0,0,0,749,114,0,12,186,0,9057,0,0,0,0,2632,0,0,1318,0,0,539773,1825,0,6000,0,20000,0,0,0,6000,0]
[1247576,20120630,"215 HC                        ","MINNEAPOLIS","MN",607810,604624,613477,3186,0,0,67949,0,0,4866,17,6703,55914,4723,0,0,0,0,0,0,0,0,0,11.24,14.42,15.45,471327,4866,72815,0,0,1971,8976,0,0,0,0,0,0,527,0,0,0,263,0,4866,0,0,0,0,0,2897,0,0,289,0,471327,4722,0,8500,0,0,0,0,0,8763,0]
[1247679,20120630,"SUMMIT FNCL GROUP             ","MOOREFIELD","WV",1433047,1425435,1416441,7612,0,0,112359,12800,0,12854,18564,5956,67126,4736,0,0,0,11555,0,0,9325,0,0,7.88,11.09,13.62,1013207,25654,138013,0,0,0,46013,0,0,0,0,0,0,15159,3032,0,350,589,0,17890,0,0,0,0,5036,6198,0,0,2277,0,1018243,4736,0,19000,0,9325,0,0,0,19000,0]
[1247893,20120630,"PLAINSCAPITAL CORP            ","DALLAS","TX",5740387,5688860,5845692,46489,0,0,578379,9600,0,56231,32,161011,284740,4055,-2070,-816,0,22054,0,0,114068,2491,0,10.17,12.87,14.34,4493894,65831,644210,0,372,48,55565,0,0,0,0,0,0,8287,0,0,0,2613,0,60010,825,2491,0,0,4604,35879,0,0,10610,0,4498498,3643,0,65000,0,114068,0,0,2070,65000,0]
[1247987,20120630,"FIRST SOUTHERN BC             ","STANFORD","KY",714019,698389,714296,15630,0,0,85047,0,0,5569,17132,453,67923,4961,0,0,0,0,0,0,0,0,0,12.18,19.11,20.36,445115,5569,90616,0,0,692,5312,0,0,0,0,536,33,289,0,7,0,26055,0,6005,0,231,0,0,436,15630,0,0,0,0,445551,4961,48,15217,0,0,0,0,0,15000,0]
[1248078,20120630,"BOSTON PRIVATE FNCL HOLD      ","BOSTON","MA",6180529,6020016,6266154,130082,0,-3450,559529,38983,0,57726,78822,641992,-206351,3070,0,0,0,64968,186,19,58089,0,0,9.2899999999999991,12.23,14.34,4575120,96748,656277,0,0,31,67357,0,0,0,0,0,0,20885,1115,0,862,7143,0,99054,1656,19221,0,186,42984,110180,30412,39,26203,0,4618104,6520,0,147490,0,58089,0,0,0,147490,0]
[1248153,20120630,"ORRSTOWN FNCL SVC             ","SHIPPENSBURG","PA",1419597,1408080,1328475,713,0,0,94545,0,0,11682,420,122616,-16937,1550,-20,0,0,22087,2112,211,0,0,0,6.71,10.4,11.68,909150,11682,106227,0,0,1275,56917,0,0,0,0,106,0,15538,891,0,0,0,0,36235,851,0,0,2112,25404,0,10593,0,936,0,934554,1550,17,0,0,0,0,0,20,0,0]
[1248162,20120630,"BNCCORP                       ","BISMARCK","ND",701840,701840,698004,0,0,-5,59169,7635,0,4825,33,27262,1370,4285,-5076,0,0,2618,0,0,20788,0,0,8.43,15.56,18.84,380224,12460,71629,0,0,2,4890,0,0,0,0,0,0,0,0,0,0,0,0,10565,0,0,0,0,5740,0,0,0,0,0,385964,4290,0,14792,0,20788,0,0,5076,14792,0]
[1248304,20120630,"SANDY SPRING BC               ","OLNEY","MD",3708622,3623013,3855177,85609,0,-6337,406279,0,0,36116,24887,190734,241266,14577,0,0,0,10505,168,0,0,0,0,11.21,14.11,15.36,2880104,36116,442395,0,980,1310,57356,0,0,0,0,91,368,3882,1932,0,1569,1083,0,45265,0,0,0,168,9149,81892,0,0,4017,0,2889253,20913,0,35000,0,0,0,0,0,35000,0]
[1248573,20120630,"SECURITY STATE BSHRS          ","CHARLESTON","MO",650417,650024,649495,393,0,0,60694,0,0,6331,20,3853,25356,149,-142,0,0,3107,0,0,22000,0,0,9.34,12.02,13.27,504911,6331,67025,0,0,10,5866,0,0,0,0,0,0,2017,375,0,0,310,0,8918,0,0,0,0,2587,393,0,0,0,0,507498,149,0,10000,0,22000,0,0,142,10000,0]
[1248939,20120630,"SOUTHERN BC                   ","ARKADELPHIA","AR",1059343,1022590,1089412,36753,0,-654,79113,0,0,8418,168,23657,36355,2575,0,0,0,0,0,0,38248,0,0,7.74,11.35,12.55,697325,8418,87531,0,42,83,8095,0,0,0,0,54,0,2634,70,0,0,3,0,8418,0,0,0,0,0,36753,0,0,0,0,697325,3228,0,17437,0,38248,0,0,0,17437,0]
[1249002,20120630,"FIDELITY BSHRS NC             ","FUQUAY-VARINA","NC",1468583,1449129,1480317,19454,0,0,169081,0,0,10905,684,6019,154833,3412,0,0,0,0,0,0,0,0,0,11.67,19.47,21.49,868616,17570,186651,0,0,129,4225,0,0,0,0,0,0,996,751,0,0,1327,0,14572,150,0,0,0,3817,19111,0,6665,343,0,872433,3413,0,27000,0,0,0,0,0,27000,0]
[1249039,20120630,"FIRST FARMERS FC              ","CONVERSE","IN",1067955,1055915,1108765,11783,0,-163,85773,0,0,9623,1786,3377,75160,1960,-510,0,436,1752,1974,257,0,0,0,8.1199999999999992,9.7100000000000009,10.8,883691,9623,95396,0,1513,1024,7720,0,0,0,0,42,0,533,0,0,50,67,0,9623,0,0,0,1956,0,8648,0,0,3318,0,883691,2123,0,18000,0,0,0,0,510,18000,0]
[1249196,20120630,"T D BANK US HOLD CO           ","PORTLAND","ME",203740141,190169285,207333395,13569415,0,978340,6955602,291500,0,1030398,0,18096193,1816216,1842285,0,-463,9784,39656,3481,978,0,491479,0,3.66,6.6,7.86,105330542,1322129,8277731,627,45210,435933,1200493,51705,6423,0,0,75205,2120,203984,53895,1574,118333,969308,0,953554,76844,491479,0,4417,0,12829035,0,231,1186193,0,105330542,863946,0,122571,0,0,491479,0,0,122571,0]
[1249347,20120630,"UNITED CMNTY BK               ","BLAIRSVILLE","GA",6993104,6986139,6737106,6965,0,-16603,634811,21000,0,56611,60534,1056819,-718896,-17106,0,0,0,0,0,0,194644,0,0,9.09,14.19,15.93,4472808,77611,712422,0,249,0,116972,0,1581,0,0,0,0,15105,506,0,1550,1648,0,112705,0,0,0,0,56094,0,0,0,6965,0,4528902,3939,0,53117,0,178031,0,16613,0,53117,0]
[1249589,20120630,"CITIZENS NBC                  ","ATHENS","TN",539296,539107,539083,3,0,0,52105,0,0,4746,1637,9707,42879,633,-1929,0,0,490,0,0,0,0,0,9.67,13.91,15.18,374508,4746,56851,0,0,400,28614,0,0,0,0,248,18,5655,267,0,102,0,0,10009,238,0,0,0,5501,0,186,0,3,0,380009,633,0,0,0,0,0,0,1929,0,0]
[1249712,20120630,"PORTER BANCORP                ","LOUISVILLE","KY",1357868,1355958,1334852,1882,0,0,102448,7200,0,13355,112236,20056,-90968,2147,0,0,0,0,277,28,38034,0,0,7.56,9.9499999999999993,11.94,1030129,20555,123003,0,903,88,81653,0,0,0,0,39,0,18810,1350,0,753,0,0,51594,0,0,0,277,38239,0,0,0,1882,0,1068368,2147,0,25000,0,38034,0,0,0,25000,0]
[1249730,20120630,"S Y BANCORP                   ","LOUISVILLE","KY",2031563,2030881,2083714,682,0,-471,219731,0,0,21352,7149,16452,166812,5889,0,0,0,10419,1768,0,0,0,0,10.82,12.94,14.2,1697716,21352,241083,0,0,1634,27907,0,0,0,0,645,124,1833,44,569,59,7803,0,31773,0,0,0,2737,10421,682,0,0,0,0,1708137,6360,0,30000,0,0,0,0,0,30000,0]
[1249758,20120630,"GENERAL ELECTRIC CO           ","FAIRFIELD","CT",null,null,694121000]
[1250035,20120630,"CENTRAL BC                    ","GARLAND","TX",2091408,2089248,1989821,2014,0,-826,148588,0,0,13058,2843,9443,88617,2530,-198,0,1460,0,0,146,23238,0,0,7.11,15.37,16.75,966981,13389,161977,0,7419,278350,167908,222647,0,0,0,15320,8215,581,547,168,0,805,0,90687,50,0,0,0,77679,0,0,331,2014,0,1044660,3356,0,26805,0,23238,0,0,198,26805,0]
[1250101,20120630,"FIRST AMER FC                 ","SANTA ANA","CA",5738327,null,5790943,null,null,null,null,null,null,null,1,2092283,211703,-145955,-8,null,0,44893,0,null,0,null,null,null,null,null,null,null,null,0,0,0,22476,0,0,0,0,0,0,0,0,0,286,138412,null,3893,0,5521,null,0,null,831107,null,null,54764]
[1250286,20120630,"SECURITY STAR BSHRS           ","ODESSA","TX",676338,648970,675574,27368,0,0,52317,0,0,6068,20,40096,25265,-301,-978,0,0,0,0,0,0,1686,0,8.06,10.63,11.86,492134,6068,58385,0,278,145,3031,0,0,0,0,0,0,165,0,0,0,465,0,6068,0,1686,0,0,0,25015,0,0,2352,0,492134,-301,0,13596,0,0,0,0,978,13596,0]
[1250295,20120630,"CENTRAL BSHRS                 ","GOLDEN VALLEY","MN",1079403,1078690,1070194,713,0,0,74627,0,0,6752,7,3407,61926,1992,0,0,0,0,0,0,0,0,0,6.92,14.29,15.58,522251,6752,81379,0,0,0,8801,0,3487,0,0,0,0,3301,416,0,285,310,0,24671,0,0,0,0,17919,0,0,0,713,0,540170,1992,0,10000,0,0,0,0,0,10000,0]
[1250437,20120630,"MARKET STREET BSHRS           ","MOUNT VERNON","IL",892269,892164,884843,105,0,0,80561,6068,0,7326,4433,0,40420,623,0,0,0,0,0,0,0,0,0,9.0299999999999994,11.04,12.87,729769,13394,93955,0,462,0,13543,0,0,0,0,0,0,2187,552,0,481,0,0,7326,0,0,0,0,0,56,0,0,49,0,729769,623,0,35813,0,0,0,0,0,14932,0]
[1250473,20120630,"FIRST CO BANCORP              ","COLLINSVILLE","IL",1014160,1010860,1032306,3300,0,0,95885,0,0,7338,21,7351,85232,1094,0,0,0,3136,0,0,6581,0,0,9.49,16.47,17.739999999999998,582020,7338,103223,0,0,0,7334,0,0,0,0,0,0,5578,194,0,12,0,0,12359,0,0,0,0,5021,2900,0,0,400,0,587041,1094,0,0,0,2500,0,0,0,0,4080]
[1251256,20120630,"CAMCO FNCL CORP               ","CAMBRIDGE","OH",776756,776426,767922,0,0,0,51409,0,0,7434,9147,60461,1245,36,-24114,0,0,0,3302,330,0,0,0,6.62,8.74,10,588345,7434,58843,0,0,0,23653,0,0,0,0,0,0,16142,3910,0,430,0,0,14185,0,0,0,3302,6751,0,0,0,0,0,595096,36,0,5000,0,0,0,0,24114,5000,0]
[1253773,20120630,"SECURITY FED CORP             ","AIKEN","SC",905455,904168,910112,1287,0,0,67899,0,10425,5513,31,11593,44938,7105,-4331,0,0,1082,0,0,22400,0,10425,7.51,15.64,19.309999999999999,434114,15938,83837,0,0,0,28241,0,0,0,0,0,0,6408,210,0,954,155,0,12684,0,1,0,0,7171,1200,0,0,87,0,441285,7105,20,5000,0,0,0,0,4331,5000,11975]
[1253821,20120630,"FIRST FED FC                  ","DUNN","NC",null,null,18199]
[1274974,20120630,"SEI INV CO                    ","OAKS","PA",1289855,null,1264862,null,null,null,null,null,null,null,1734,588419,447812,2137,0,null,0,455,0,null,0,null,null,null,null,null,null,null,null,0,0,0,0,0,0,0,0,0,0,0,0,0,0,63553,null,0,0,16926,null,0,null,0,null,null,0]
[1275216,20120630,"AMERICAN EXPRESS CO           ","NEW YORK","NY",146281000,142123000,146890000,3940000,0,-461000,15261000,750000,0,1494000,228000,12510000,7717000,-951000,-237000,0,133000,2655000,0,0,0,0,0,10.74,12.81,14.77,119116500,2338000,17599000,0,0,285000,974000,0,0,0,0,0,0,0,0,0,0,658000,0,1957000,0,10000,0,0,463000,3145000,218000,94000,923000,0,119579500,319000,0,10000,0,0,0,0,237000,0,0]
[1277313,20120630,"DEERE & CO                    ","MOLINE","IL",null,null,51405300]
[1378434,20120630,"UNIONBANCAL CORP              ","SAN FRANCISCO","CA",89475194,86791048,87939869,2660444,null,-637543,10049064,493047,null,786632,136331,5984130,6627692,-672713,0,-25689,0,96888,361,0,0,0,0,11.58,13.78,15.54,72904653,1279781,11328845,7,3925,125309,575990,99641,32005,0,0,11201,1402,293854,1352,0,55985,850988,null,656258,130374,253256,null,595,null,2456631,0,102,318489,81789,72904653,-22214,0,0,0,null,null,null,null,0,0]
[1398740,20120630,"MIDDLEFIELD BC                ","MIDDLEFIELD","OH",653087,647442,657303,4775,0,0,49963,0,0,5288,33944,0,20398,5549,-6734,0,0,3428,0,0,0,0,0,7.72,11.88,13.14,420570,5288,55251,0,0,310,15952,0,0,0,0,109,0,9968,96,0,474,0,0,7752,0,0,0,0,2464,4559,870,0,216,0,423034,5549,0,8000,0,0,0,0,6734,8000,0]
[1398807,20120630,"REPUBLIC FIRST BC             ","PHILADELPHIA","PA",967067,964614,938391,0,0,0,86749,0,0,9336,265,106575,-35530,-142,-3908,0,1630,4142,0,163,0,0,0,8.99,11.62,12.87,746791,9336,96085,0,0,0,10892,0,0,0,0,0,0,1465,2025,0,600,676,0,9385,0,0,0,0,49,0,2290,0,0,0,746840,-142,0,21800,0,0,0,0,3099,21800,0]
[1399073,20120630,"HEARTLAND BC                  ","GAHANNA","OH",575415,574998,571789,417,0,0,53652,0,0,3898,23095,0,27881,3655,0,0,0,0,0,0,0,0,0,9.33,14.16,15.19,378827,3898,57550,197,1928,5187,6923,0,0,0,0,1835,33,1042,115,0,86,23,0,3898,0,0,0,0,0,417,0,0,0,0,378827,3655,0,3093,0,0,0,0,0,3093,0]
[1399671,20120630,"WNB BSHRS                     ","ODESSA","TX",1225217,1225217,1227517,0,0,0,92019,5000,0,9981,769,2320,75930,7779,0,0,0,0,0,0,0,0,0,7.51,11.53,13.41,797873,14981,107000,0,0,11,8826,0,0,0,0,0,0,0,0,0,0,403,0,10122,489,321,0,0,630,0,0,0,0,0,798503,7779,0,13000,0,0,0,0,0,13475,0]
[1399765,20120630,"1867 WESTERN FC               ","STOCKTON","CA",1962049,1925708,2038811,36341,0,-15360,206471,0,0,19318,931,60000,181881,26328,0,0,0,24843,0,0,0,0,0,10.72,13.47,16.79,1532317,50787,257258,0,0,45,29875,0,0,0,0,0,0,519,148,0,1172,0,0,32215,260,0,0,0,13157,36309,0,31469,32,0,1545474,41688,0,0,0,0,0,0,0,0,0]
[1401109,20120630,"AMERICAN CHARTERED BC         ","SCHAUMBURG","IL",2327050,2311114,2267149,0,0,0,115212,35404,52399,21179,59233,2326,87779,-398,-50995,0,0,22610,0,0,52399,18,52399,4.99,6.86,13.47,1680651,111195,226407,0,0,0,40849,0,0,0,0,0,0,5474,1640,0,4890,0,0,34853,0,18,2213,0,13674,0,15936,0,0,0,1694325,-398,0,32787,0,0,0,0,50995,32787,0]
[1401118,20120630,"ISABELLA BC                   ","MOUNT PLEASANT","MI",1369240,1322339,1381496,46659,0,-3453,108994,0,0,10353,139655,0,16240,3960,0,0,0,2050,2424,242,0,0,0,8.24,13.19,14.44,826315,10353,119347,107,0,740,5791,0,0,0,0,299,33,2428,159,0,190,6810,0,12318,0,0,0,2424,1965,45618,0,0,1041,0,828280,7413,0,0,0,0,0,0,0,0,0]
[1401190,20120630,"EVANS BC                      ","ANGOLA","NY",773151,764537,779063,8569,0,-2109,74675,0,0,7261,2078,52941,28269,324,0,0,0,4868,448,45,0,0,0,9.77,12.82,14.07,582340,7261,81936,0,697,410,10168,0,1593,0,0,235,6,1030,133,16,774,11,0,10658,0,0,0,448,3397,8101,0,0,468,0,585737,2432,0,0,0,0,0,0,0,0,0]
[1404632,20120630,"FIRST BKR TRUSTSHARES         ","QUINCY","IL",747050,743912,799565,3138,0,-88,74440,0,0,4610,2580,2269,55096,4101,-7367,0,0,0,0,0,10000,0,0,10.01,14.64,15.54,508595,4610,79050,0,0,529,4895,0,0,0,0,253,0,565,75,0,24,465,0,5792,0,0,0,0,0,3050,0,0,88,0,508595,4189,0,15000,0,10000,0,0,7367,15000,0]
[1404687,20120630,"FIRST DAKOTA FC               ","YANKTON","SD",850328,846722,873306,3606,0,0,80597,0,0,8516,544,6123,76506,1465,-18970,0,0,1454,0,0,0,0,0,9.52,10.91,12.07,738899,8559,89156,0,0,639,8962,0,0,0,0,115,11,384,162,22,34,646,0,8216,300,0,0,0,0,3606,0,43,0,0,738899,1465,0,20000,0,0,0,0,18970,20000,0]
[1404799,20120630,"LAKELAND BC                   ","OAK RIDGE","NJ",2818511,2731391,2853293,87112,0,-626,208220,22943,0,25542,278592,0,-31763,3658,-3546,0,0,10252,85,8,0,0,0,7.62,10.210000000000001,12.59,2039404,48485,256705,0,0,1566,34044,0,0,0,0,1015,0,11218,2436,0,1397,0,0,28543,1082,0,0,85,4083,87112,0,0,0,0,2043487,4284,0,52057,0,0,0,0,3546,52057,0]
[1416439,20120630,"RELIABLE CMNTY BSHRS          ","PERRYVILLE","MO",891893,885698,893726,6195,0,0,84964,0,0,8955,1194,31472,53887,3412,-394,0,0,1264,0,0,0,0,0,9.59,11.9,13.16,713945,8956,93920,0,0,2,1259,0,0,0,0,0,0,28,0,0,0,0,0,11384,0,0,0,0,2429,6032,0,1,568,0,716374,3412,0,5000,0,0,0,0,394,5000,0]
[1416523,20120630,"BRIDGE BC                     ","BRIDGEHAMPTON","NY",1417932,1415729,1399387,2203,0,-3239,125478,0,0,10837,86,58395,54355,907,-1155,0,0,2069,0,0,0,0,0,8.86,14.52,15.77,864206,10837,136315,0,0,448,3339,0,0,0,0,0,0,1121,246,0,1061,2,0,13556,25,119,0,0,2744,2034,0,0,281,0,866950,4146,0,16000,0,0,0,0,1155,16000,0]
[1416578,20120630,"LEGEND BC                     ","BOWIE","TX",588858,576057,587018,12801,0,0,53680,0,0,4526,987,8949,46545,5624,0,0,0,0,0,0,0,0,0,9.32,14.85,16.100000000000001,361458,4526,58206,0,0,0,5417,0,0,0,0,0,0,639,0,0,0,310,0,5179,0,0,0,0,653,12751,0,0,50,0,362111,5624,0,10000,0,0,0,0,0,10000,0]
[1417333,20120630,"STATE BSHRS                   ","FARGO","ND",2298950,2293489,2409733,5325,0,0,216679,29190,0,22485,708,20690,132356,77,0,-2419,0,10830,1363,136,16000,0,0,9.4499999999999993,10.54,13.05,2055827,51675,268354,0,421,362,12572,0,0,0,0,0,0,2534,395,13,115,4992,0,22113,1000,0,0,1363,628,5325,0,0,0,0,2056455,77,5,54810,0,16000,0,0,0,54810,0]
[1426755,20120630,"FIRST NATIONAL SECURITY CO    ","HOT SPRINGS","AR",976455,919138,972100,57317,0,0,109488,0,0,7656,1,10867,155919,506,0,0,0,152,0,0,0,0,0,11.91,18.04,19.3,606917,7656,117144,0,0,802,3698,0,0,0,0,741,0,106,64,0,0,0,0,13201,0,0,0,0,5545,56219,0,0,1098,0,612462,488,0,0,0,0,0,0,0,0,0]
[1427239,20120630,"EASTERN BK CORP               ","BOSTON","MA",7876839,7614216,8056707,262623,0,-27671,762726,0,0,62658,0,0,1025350,-7876,0,0,0,55524,0,0,0,0,0,10.02,15.27,16.52,4994809,62658,825384,0,4724,0,63345,0,0,0,0,0,0,11452,1142,0,163,208,0,76903,3500,0,0,0,17745,267758,0,0,8931,0,5012554,19796,0,0,0,0,0,0,0,0,0]
[1427275,20120630,"STEARNS FNCL SVC              ","SAINT CLOUD","MN",1420220,1416450,1401521,3770,0,0,248999,7201,0,13340,7,46280,233766,4809,-90083,0,0,0,0,0,0,0,0,17.579999999999998,23.96,25.94,1039106,20561,269560,0,1402,164,19072,124,2950,0,0,0,0,560,51,0,3687,4585,0,40887,512,26,0,0,28059,1572,0,20,2198,0,1067165,4809,0,62799,0,0,0,0,90083,62799,0]
[1447376,20120630,"UNITED SVC AUTO ASSN          ","SAN ANTONIO","TX",109885751,null,110562587,null,null,null,null,null,null,null,0,0,21663043,-393983,0,null,0,371690,72765,null,0,null,null,null,null,null,null,null,null,0,0,295,334306,0,0,0,0,0,0,13809,49247,0,152341,95195,null,784196,0,9836,null,72765,null,10171,null,null,859056]
[1449512,20120630,"VIKING FC                     ","ALEXANDRIA","MN",null,null,33013]
[1471849,20120630,"BLUE VALLEY BC                ","OVERLAND PARK","KS",661741,661491,656457,250,0,0,52329,5855,0,6773,2880,16866,-2028,6,0,0,0,999,0,0,21716,0,0,7.91,9.7100000000000009,12.05,539196,12638,64967,0,353,0,7922,0,0,0,0,0,0,883,46,0,1877,588,0,9399,0,0,0,0,2626,0,0,10,250,0,541822,6,0,13145,0,21716,0,0,0,13145,0]
[1471960,20120630,"BROTHERHOOD BSHRS             ","KANSAS CITY","KS",542165,541741,530207,424,0,0,58676,0,0,3647,3948,3849,35592,8446,-289,0,0,3581,0,0,16000,0,0,10.83,20.16,21.41,291043,3647,62323,0,0,18,14564,0,0,0,0,0,0,889,0,0,0,0,0,4374,0,0,0,0,727,0,0,0,424,0,291770,8446,0,0,0,16000,0,0,289,0,0]
[1472220,20120630,"HIGH POINT BK CORP            ","HIGH POINT","NC",785796,775295,797232,5033,0,-6551,86279,0,0,7446,2430,15699,81622,-3255,-2971,0,0,9228,0,0,0,0,0,11.13,14.58,15.84,591778,7446,93725,0,0,0,14498,0,0,0,0,0,0,3020,396,0,453,0,0,11317,0,0,0,0,3871,3638,5468,0,1395,0,595649,3296,0,0,0,0,0,0,2971,0,0]
[1478017,20120630,"FIRST CMNTY BSHRS             ","BLUEFIELD","VA",2362130,2255036,2810322,103305,0,0,253323,0,0,23004,20240,212510,99418,-3706,-5672,0,0,28303,0,0,18921,0,0,11.23,13.79,15.05,1836791,23061,276384,0,0,0,59166,0,21792,0,0,0,0,16941,868,0,1133,2957,0,26171,326,0,0,0,3493,99402,3789,57,3903,0,1840284,-3706,0,15000,0,18921,0,0,5672,15000,0]
[1480944,20120630,"EMCLAIRE FNCL CORP            ","EMLENTON","PA",533079,528021,540349,5058,0,-1523,45627,0,0,3715,2317,19215,21362,1082,-2114,0,0,0,4,0,10000,0,0,8.64,15.1,16.329999999999998,302133,3715,49342,0,0,23,4261,0,0,0,0,0,0,823,0,0,0,0,0,3715,0,0,0,4,0,3664,0,0,1394,0,302133,2605,95,0,0,10000,0,0,2114,0,0]
[1486517,20120630,"CHINATRUST CAP CORP           ","TORRANCE","CA",1543197,1543197,1587464,0,0,0,528216,0,0,12245,6,641521,-113311,666,0,0,0,0,0,0,0,0,0,34.229999999999997,55.23,56.51,956457,12245,540461,0,0,0,16558,0,0,0,0,0,0,0,0,0,0,0,0,34433,963,0,0,0,23151,0,0,0,0,0,979608,666,0,0,0,0,0,0,0,0,0]
[1490701,20120630,"JOHNSON FNCL GRP              ","RACINE","WI",3964083,3935356,3867126,26749,0,-17198,375968,53249,0,35404,1031,296636,7878,-6006,-3158,0,0,0,19783,1978,6800,0,0,9.5500000000000007,13.7,16.93,2745126,88653,464621,0,0,64,97371,0,0,0,0,0,0,26782,966,0,3115,0,0,111029,300,0,0,19783,75925,27813,0,0,2110,0,2821051,9676,0,93992,0,6800,0,0,3158,93992,0]
[1491351,20120630,"MIDLAND STATES BANCORP        ","EFFINGHAM","IL",1493620,1476196,1486809,17315,0,-293,117103,5000,0,14876,50,10231,63610,-1484,-6734,0,0,21953,1088,109,57370,0,0,7.93,9.9499999999999993,11.64,1176947,19879,136982,0,0,11888,21208,7178,4345,0,0,2176,8,4347,169,0,224,310,0,27981,0,0,0,1088,13105,7732,0,3,9583,0,1190052,-1191,0,10000,0,57370,0,0,6734,10000,0]
[1491360,20120630,"FIRST BK CORP                 ","FORT SMITH","AR",1552494,1525871,1573924,26623,0,0,196692,0,0,14525,71,39925,183271,1537,0,0,0,7339,0,0,0,48,0,12.89,16.940000000000001,18.2,1160773,14525,211217,0,0,518,26920,0,0,0,0,252,0,8152,390,0,0,0,0,15436,307,48,0,0,1218,26160,0,0,463,0,1161991,1537,0,0,0,0,0,0,0,0,0]
[1491409,20120630,"HOME BSHRS                    ","CONWAY","AR",4072261,3985739,4056405,86522,0,0,441775,0,0,35252,281,420538,64478,10138,0,0,0,31115,0,0,0,0,0,11.08,15.78,17.04,2798904,35252,477027,0,0,83963,24810,66110,0,0,0,22113,2129,10705,1211,938,708,1331,0,56511,0,0,0,0,21259,77090,0,0,10486,0,2820163,10138,0,43000,0,0,0,0,0,43000,0]
[1491913,20120630,"BLACKHAWK BC                  ","BELOIT","WI",560294,555023,557663,5271,0,-66,43397,0,0,5005,23,9533,24730,2133,-909,0,0,0,2866,0,10333,0,0,7.82,10.9,12.16,398137,5005,48402,0,0,0,10773,0,0,0,0,0,0,2871,154,0,0,0,0,7086,0,0,0,3590,2081,5037,0,0,234,0,400218,2199,0,4958,0,10333,0,0,909,4958,0]
[1493560,20120630,"SAVANNAH BC                   ","SAVANNAH","GA",955242,944092,952221,3450,0,0,81209,0,0,8732,7201,48671,26488,1355,-1,0,0,11723,0,0,0,0,0,8.6,11.86,13.14,684511,8732,89941,0,0,161,29417,0,0,0,0,56,0,10673,597,100,438,940,0,22776,0,0,0,0,14044,2506,7700,0,944,0,698555,1355,0,10000,0,0,0,0,1,10000,0]
[1493654,20120630,"CBS BANC CORP                 ","RUSSELLVILLE","AL",1271011,1255586,1262924,15425,0,0,136617,0,0,8682,60,1140,90823,5798,0,0,0,1573,0,0,25025,0,0,10.88,19.68,20.93,694230,8682,145299,0,27,0,26659,0,0,0,0,0,0,1839,148,0,48,1083,0,8981,0,0,0,0,299,10401,0,0,5024,0,694529,5801,3,35000,0,25025,0,0,0,35000,0]
[1562859,20120630,"ALLY FNCL                     ","DETROIT","MI",184722000,184077000,178560000,491000,0,-147000,20235000,242000,0,1427000,0,19668000,-8313000,68000,0,-169000,0,290000,1105000,111000,6940000,0,0,10.99,13.68,14.7,147901268,1503000,21738000,0,0,8000,1000000,0,0,0,0,0,0,380000,18000,0,18000,428000,0,1427000,0,1000,-166000,1105000,0,518000,0,0,4000,0,147901268,-104000,151000,2543000,0,6706000,0,0,0,2543000,234000]
[1583836,20120630,"MUTUAL OF OMAHA INSURANCE CO  ","OMAHA","NE",null,null,30245792]
[1584075,20120630,"NORTHWESTERN MUTUAL LIFE INS  ","MILWAUKEE","WI",null,null,194273324]
[1607170,20120630,"TEACHERS INS & ANNUITY ASSN AM","NEW YORK","NY",null,null,231414908]
[1760589,20120630,"NORDSTROM                     ","SEATTLE","WA",null,null,8257940]
[1823345,20120630,"BLACKHAWK BC                  ","MILAN","IL",1072488,1069052,1085150,3436,0,0,94242,0,0,3819,3200,5300,90934,8538,-1756,0,0,4637,0,0,0,0,0,8.82,16.399999999999999,17.059999999999999,574770,3819,98061,0,0,4131,11471,0,0,0,0,1563,548,812,57,0,20,0,0,3819,0,0,0,0,0,0,0,0,3436,0,574770,8538,0,0,0,0,0,0,1756,0,0]
[1823608,20120630,"MARINE BC                     ","SPRINGFIELD","IL",609307,607402,607590,1519,0,0,43829,0,0,6033,197,780,44757,0,0,0,0,0,3764,386,0,0,0,7.22,9.08,10.33,482583,6033,49862,0,0,0,14203,0,0,0,0,0,0,387,78,0,0,0,0,6137,0,0,0,3753,104,1184,0,0,335,0,482687,0,0,0,0,0,0,0,0,10000,0]
[1827718,20120630,"MIDWEST BC                    ","EDEN PRAIRIE","MN",null,null,17641]
[1827893,20120630,"NI BSHRS CORP                 ","SYCAMORE","IL",631591,627771,651207,3626,0,0,66004,0,0,2746,2050,8272,70258,3323,-10756,0,0,0,1935,194,0,0,0,10.51,17.16,17.88,384555,2746,68750,0,0,3817,2194,0,0,0,0,0,102,121,0,82,0,0,0,2746,0,0,0,1935,0,3265,0,0,361,0,384555,3323,0,0,0,0,0,0,10756,0,0]
[1827914,20120630,"ROCK RIVERS BC                ","ROCK RAPIDS","IA",null,null,17129]
[1830240,20120630,"1ST SUMMIT BC OF JOHNSTOWN    ","JOHNSTOWN","PA",772694,772305,789900,389,0,0,61904,1600,0,5148,5508,5659,45627,2963,-246,0,0,1764,0,0,0,0,0,8.02,14.03,15.56,441211,6748,68652,0,0,306,2173,0,0,0,0,125,12,509,18,0,0,186,0,5148,0,0,0,0,0,388,0,0,0,0,441211,2963,255,6000,0,0,0,0,246,6000,0]
[1830361,20120630,"NEWFIELD BC                   ","NEWFIELD","NJ",508211,508186,504521,0,0,0,46665,0,0,4230,1836,35976,10028,2237,-1150,0,0,1574,245,25,0,0,0,9.18,13.86,15.11,336747,4230,50895,0,0,0,8814,0,0,0,0,0,0,1324,638,0,198,0,0,5649,332,0,0,245,1751,0,0,0,0,0,338498,2237,0,0,0,0,0,0,1149,0,0]
[1832048,20120630,"CENTRAL CMNTY CORP            ","TEMPLE","TX",1147099,1135600,1178073,11499,0,0,142123,4000,0,9165,35,11226,102996,11888,-387,0,0,0,0,0,22752,0,0,12.52,19.559999999999999,21.37,726554,13165,155288,0,1707,1726,33852,0,0,0,0,144,0,323,0,0,0,3572,0,15321,474,0,0,0,6630,9083,0,0,2626,0,733184,11888,0,17000,0,22752,0,0,387,17000,0]
[1833997,20120630,"JEFF DAVIS BSHRS              ","JENNINGS","LA",547003,545307,563617,1696,0,0,60825,0,0,4357,9750,3598,49248,6070,-75,0,0,0,0,0,0,0,0,11.15,17.46,18.71,348394,4357,65182,0,0,297,2239,0,0,0,0,260,0,1504,108,0,12,2937,0,4516,0,0,0,0,159,1696,0,0,0,0,348553,6070,0,0,0,0,0,0,17,0,0]
[1838590,20120630,"FIRST BC                      ","INVERNESS","IL",545011,542097,563091,2914,0,0,45605,800,0,4041,381,13590,30548,9323,0,0,0,0,0,0,0,0,0,8.41,14.25,15.78,319950,4888,50493,0,0,0,8622,0,0,0,0,0,0,1677,18,0,213,128,0,7230,120,0,0,0,3309,2119,0,47,795,0,323259,9323,0,4000,0,0,0,0,0,4000,0]
[1838974,20120630,"COMMERCE NAT FNCL SVC         ","LUBBOCK","TX",731483,730612,739141,0,0,-190,67026,5000,0,5462,100,9270,55931,6356,-7004,0,0,3652,0,0,0,0,0,9.17,15.42,17.82,434756,10462,77488,0,222,132,17544,0,0,0,0,0,0,581,0,0,0,285,0,7454,120,0,0,0,2112,0,871,0,0,0,436868,6546,0,9600,0,0,0,0,7004,9600,0]
[1839319,20120630,"PRIVATEBANCORP                ","CHICAGO","IL",12780188,12671490,12942176,108698,0,4618,1419262,72000,0,145588,71843,978510,14268,50987,-22639,0,0,96989,292,0,241185,0,0,11.2,12.25,14.12,11588367,217588,1636850,0,0,0,229314,0,15980,0,0,0,0,19990,16486,0,17601,3043,0,196035,8210,0,0,292,58657,94546,0,0,14152,0,11647024,46369,0,244793,0,241185,0,0,22639,244793,0]
[1842421,20120630,"UNITED NAT CORP               ","SIOUX FALLS","SD",1859406,1859406,1865904,0,0,0,896506,0,0,19458,11,3035,866744,20838,0,0,0,0,0,0,0,0,0,48.21,66.569999999999993,68.430000000000007,1346671,25081,921587,0,0,15044,9793,0,0,0,0,0,59,413,68,0,0,0,0,229429,0,26813,0,0,209971,0,0,5623,0,0,1556642,20838,0,26716,0,0,0,0,0,0,0]
[1843062,20120630,"HAPPY BSHRS                   ","CANYON","TX",1910410,1865051,1904339,45359,0,0,136557,1200,0,16365,2097,70753,65037,1242,0,0,0,384,0,0,31929,0,0,7.32,10.44,11.78,1308491,17565,154122,0,100,0,16750,0,0,0,0,0,0,1173,0,0,0,5019,0,17107,0,0,0,0,742,45466,0,0,2059,0,1309233,1242,0,12100,0,31929,0,0,0,12100,0]
[1843080,20120630,"CATHAY GEN BC                 ","LOS ANGELES","CA",10641981,10320222,10661183,320816,0,0,1372432,50000,0,102419,829,767218,673154,-3688,-125736,-140,348,117224,1082,803,252780,8446,0,13.3,16.940000000000001,18.850000000000001,8102161,154634,1527066,0,2085,746,123322,0,0,0,0,0,0,11318,693,0,3031,3636,0,192274,1505,8446,-140,1082,91360,316340,0,2355,7717,0,8193521,-3688,0,117500,0,252780,8446,0,125736,117500,0]
[1848003,20120630,"CASCADE BC                    ","BEND","OR",1282552,1282475,1277749,0,0,0,134265,0,0,12746,330415,0,-195210,3172,-863,0,0,0,774,77,0,0,0,10.47,13.53,14.81,992676,12762,147027,0,1292,11,9420,0,0,0,0,0,0,792,37,0,528,1117,0,38219,1550,0,0,774,27023,0,0,16,0,0,1019699,3172,0,0,0,0,0,0,863,0,0]
[1860863,20120630,"CBX CORP                      ","CARROLLTON","IL",1033936,1033393,1041271,543,0,0,76095,0,0,9569,5711,5046,56544,2289,-663,0,0,0,819,0,0,0,0,7.36,9.57,10.77,795482,9569,85664,0,0,0,981,0,0,0,0,0,0,265,277,0,0,0,0,9569,0,0,0,3450,0,543,0,0,0,0,795482,2289,0,10000,0,0,0,0,663,10000,0]
[1862036,20120630,"GUARANTY BSHRS                ","MOUNT PLEASANT","TX",1132458,1126118,1118793,6340,0,-933,92114,0,0,5850,3529,29219,60851,1100,-299,0,0,0,0,0,0,0,0,8.18,13.77,14.64,668994,5850,97964,359,0,3685,2271,0,0,0,0,1547,76,845,56,0,0,35,0,5850,0,0,0,0,0,2707,0,0,3633,0,668994,2034,0,5155,0,0,0,0,299,5155,0]
[1866155,20120630,"PEOPLESSOUTH BSHRS            ","COLQUITT","GA",515293,515293,506994,0,0,0,62901,0,0,4413,3150,3501,33881,946,0,0,0,229,0,0,12371,0,0,12.21,17.86,19.11,352278,4413,67314,0,0,122,4677,0,0,0,0,22,0,782,44,0,110,310,0,5144,0,0,0,0,731,0,0,0,0,0,353009,948,0,10000,0,12371,0,0,0,10000,0]
[1883693,20120630,"BOK FC                        ","TULSA","OK",25569945,25082724,25561731,344700,0,-13410,2418985,233825,0,222261,4,836065,2086565,139190,-175890,-15251,0,0,91784,9178,0,36787,0,9.64,13.62,16.190000000000001,17758119,456855,2875840,127126,900,127817,144482,0,0,124776,0,127126,44,20172,2837,495,2163,16358,8910,231669,9747,36787,0,91784,19155,335601,0,769,9097,5324,17786184,148017,0,0,0,0,0,0,175890,0,0]
[1885307,20120630,"COMMUNITY TR FC               ","RUSTON","LA",2610833,2594758,2692532,15685,0,0,226625,0,0,28993,32596,91825,59478,8925,-211,0,0,7,3900,390,48260,0,0,8.73,9.34,10.53,2427023,28993,255618,0,16,0,24171,0,0,0,0,0,0,3765,1199,0,208,2247,0,27714,1279,0,0,3900,0,11090,0,0,4598,0,2427023,8925,74,10826,0,729,0,0,211,10826,0]
[1890507,20120630,"FIRST FNCL HOLD               ","CHARLESTON","SC",3340300,3328801,3301770,8931,0,-955,326055,0,0,29586,215,196409,198100,-3898,-103563,0,0,0,11764,1176,1,0,0,9.7899999999999991,13.89,15.16,2347690,29912,355967,0,164,75,90275,0,32267,0,0,0,0,18260,1481,0,11970,0,0,48799,0,0,0,11764,19213,0,0,326,8931,0,2366903,-2943,0,45000,0,0,0,0,103563,45000,1]
[1895397,20120630,"BANCSHARES OF JACKSON HOLE    ","JACKSON","WY",563698,563003,562615,695,0,0,53936,0,0,4911,14,4664,49783,153,-1729,0,0,3214,0,0,0,1899,0,9.58,13.82,15.08,390218,4911,58847,0,0,0,11240,0,0,0,0,0,0,92,0,0,0,0,0,7599,0,1899,0,0,2688,540,0,0,155,0,392906,134,19,0,0,0,0,0,1729,0,0]
[1902651,20120630,"MERIDIAN FNCL SVCS            ","EAST BOSTON","MA",2162293,2148509,2233711,13687,0,-588,343342,0,0,16271,561,231321,142098,5508,-16854,0,0,6503,968,97,0,0,0,15.98,17.940000000000001,18.920000000000002,1913424,18647,361989,0,0,0,40437,0,0,0,0,0,0,18338,562,0,2642,131006,0,16271,0,0,0,968,0,13687,0,2376,0,0,1913424,6096,0,0,0,0,0,0,16854,0,0]
[1917600,20120630,"HENDERSON CITIZENS BSHRS      ","HENDERSON","TX",940119,934243,948012,5876,0,-912,94542,0,0,5827,10800,5791,83384,7394,-12057,0,0,0,0,0,0,0,0,10.119999999999999,20.37,21.62,464143,5827,100369,0,0,0,1008,0,0,0,0,0,0,42,12,0,0,387,0,7511,344,0,0,0,2028,5876,0,0,0,0,466171,8306,0,12500,0,0,0,0,12057,12500,0]
[1919770,20120630,"BIG SANDY HC                  ","LIMON","CO",879374,879374,845024,0,0,0,-22263,0,0,8816,29944,0,-52207,0,0,0,0,0,0,0,0,0,0,-2.5299999999999998,-3.29,-3.29,677595,8816,-22263,0,0,2950,64763,0,0,0,0,0,0,5888,0,0,0,1006,0,36486,0,0,0,0,27670,0,0,0,0,0,705265,0,0,0,0,0,0,0,0,0,0]
[1923928,20120630,"US BC                         ","CINCINNATI","OH",null,null,2325993]
[1924783,20120630,"WINFIRST FNCL CORP            ","WINCHESTER","KY",null,null,17025]
[1924925,20120630,"ESB FNCL CORP                 ","ELLWOOD CITY","PA",1993060,null,1998138,null,null,null,null,null,null,null,163,102911,84708,23206,-23003,null,0,0,10,null,0,null,null,null,null,null,null,null,null,0,0,0,15601,0,0,0,0,0,0,4168,391,0,22,1393,null,6741,83,-904,null,10,null,41599,null,null,410]
[1938865,20120630,"SOUTHEASTERN BK FC            ","AUGUSTA","GA",1637232,1637092,1666747,140,0,-1600,139958,309,0,13342,20038,62803,37257,6019,0,0,0,11524,0,0,0,0,0,8.5500000000000007,13.31,14.61,1051177,13651,153609,0,0,9,34914,0,0,0,0,0,0,5366,313,0,1140,620,0,29552,0,0,0,0,16210,140,0,0,0,0,1067387,7619,0,20000,0,0,0,0,0,20000,0]
[1944204,20120630,"MID PENN BC                   ","MILLERSBURG","PA",706159,705053,696934,1086,0,74,52339,0,0,6064,3487,29827,10118,2278,0,0,0,2053,199,20,10021,0,0,7.42,10.72,11.97,488035,6064,58403,0,0,0,11862,0,0,0,0,0,0,1420,274,0,95,0,0,6585,90,0,0,199,611,1016,0,0,70,0,488646,2204,8,0,0,0,0,0,0,0,10000]
[1947045,20120630,"NATIONAL BC                   ","SCHAUMBURG","IL",530415,528029,532098,2386,0,0,38879,5010,0,4151,500,15637,14856,2018,0,0,0,0,0,0,0,282,0,7.36,11.77,14.55,330204,9161,48040,0,0,261,17934,0,0,0,0,0,0,2935,22,0,1074,550,0,6032,0,282,0,0,1881,1305,0,0,1081,0,332085,2018,0,9990,0,0,0,0,0,9990,0]
[1947102,20120630,"TWO RIVERS FNCL GRP           ","BURLINGTON","IA",703395,686054,701522,17341,0,-750,68028,0,0,6047,2530,22676,29992,2486,-3379,0,0,0,0,0,23240,0,0,9.92,13.52,14.73,503013,6047,74075,0,0,0,10830,0,0,0,0,0,0,473,30,0,0,0,0,9043,0,0,0,0,2996,14180,0,0,3161,0,506009,3236,0,10310,0,23240,0,0,3379,10310,0]
[1951350,20120630,"CITIGROUP                     ","NEW YORK","NY",1913361000,1846955000,1916451000,29535000,646000,-6954000,141448000,19291000,0,12454000,29000,105962000,96216000,-17749000,-859000,-473000,2104000,51854000,2117000,212000,312000,648000,0,7.66,14.46,17.7,978431000,31745000,173193000,5055000,8000,7827000,12103000,0,0,4803000,0,5054000,0,4976000,736000,1000,931000,22830000,0,27611000,1102000,1928000,0,2117000,16259000,25483000,35339000,0,4052000,42282000,994690000,-245000,186000,16081000,0,312000,0,0,859000,15908000,0]
[1951770,20120630,"EAGLE FNCL SVC                ","BERRYVILLE","VA",563963,563963,568917,0,0,-368,65187,0,0,5167,8293,9998,39896,3452,0,0,0,1856,0,0,0,0,0,11.56,15.9,17.16,409876,5167,70354,0,0,163,1692,0,0,0,0,0,0,605,0,0,420,217,0,8628,21,0,0,0,3482,0,0,0,0,0,413358,3820,0,7000,0,0,0,0,0,7000,0]
[1966671,20120630,"WHITAKER BC                   ","LEXINGTON","KY",1902168,1874733,1890668,27435,0,-885,190903,0,0,14328,5007,33808,179559,8450,0,0,0,3144,0,0,0,0,0,10.18,16.77,18,1138130,14328,204880,0,0,3338,29832,0,0,0,0,976,0,4318,257,13,53,0,0,22006,469,0,0,0,8147,24357,0,0,3079,0,1146277,9335,36,0,0,0,0,0,0,0,0]
[1971693,20120630,"UNION FIRST MKT BSHRS CORP    ","RICHMOND","VA",3944049,3866983,3985169,77066,0,-4582,403859,9375,0,38891,34415,185733,202278,11010,0,0,0,8540,0,0,0,0,0,10.44,12.99,14.55,3109194,48390,452249,0,0,10768,39171,0,0,0,0,5228,694,4845,541,2288,1959,1810,0,40985,0,0,0,0,2094,59400,0,124,18412,0,3111288,15593,0,58500,0,0,0,0,0,58500,0]
[1978713,20120630,"NORTHWEST FC                  ","ARNOLDS PARK","IA",1421547,1410564,1431173,10804,0,0,120422,0,0,13425,9245,0,125101,2332,-2800,0,0,1357,1791,179,0,0,0,8.5399999999999991,11.14,12.39,1080571,13425,133847,0,737,185,15505,0,0,0,0,0,0,5909,74,0,301,0,0,15572,0,0,0,1791,2147,6666,0,0,4138,0,1082718,2333,140,0,0,0,0,0,2800,0,0]
[1983977,20120630,"FIRST CMNTY BSHRS             ","OVERLAND PARK","KS",620718,619015,614069,129,0,0,42176,10456,0,5628,183,11436,6453,180,0,0,0,3119,0,0,15263,0,0,6.81,9.42,13.01,447645,16084,58260,0,346,484,11244,0,0,0,0,53,0,1632,258,0,180,465,0,8247,0,0,0,0,2619,0,1574,0,129,0,450264,180,0,10544,0,15263,0,0,0,10544,0]
[1988646,20120630,"FIRST BC                      ","LEBANON","VA",1236329,1235017,1230429,1312,0,0,124685,0,0,10093,0,10773,107219,157,-1493,0,0,6572,2498,0,0,0,0,10.1,15.58,16.84,800488,10093,134778,0,0,2224,11888,0,0,0,0,848,0,810,155,0,0,0,0,17012,0,0,0,2498,6919,1002,0,0,310,0,807407,157,2,9500,0,0,0,0,1493,9500,0]
[1995103,20120630,"WINTER TR OF 12/3/74          ","LAWRENCE","KS",686610,684284,720334,252,0,0,50094,6639,0,5544,0,0,39378,517,0,0,0,6932,0,0,0,0,0,7.32,11.36,14.13,440805,12183,62277,0,0,3761,8997,0,0,0,0,349,0,2922,207,0,181,1827,0,8046,198,8681,0,0,2700,252,2074,0,0,0,443505,517,0,13042,0,0,0,0,0,11000,0]
[2003975,20120630,"GLACIER BC                    ","KALISPELL","MT",7331490,7218158,7434102,113297,0,0,843296,0,0,57086,719,641656,189753,44053,0,0,0,22892,426,35,0,0,0,11.68,18.8,20.07,4486312,57086,900382,290,2102,3598,126138,0,0,0,0,15,325,26203,8536,300,6382,3854,0,137459,157,0,0,435,80530,106100,0,0,7197,0,4566842,44053,0,124500,0,0,0,0,0,124500,0]
[2004141,20120630,"WILSON BHC                    ","LEBANON","TN",1617056,1612251,1617753,4805,0,0,157199,0,0,15347,14697,48383,98924,1401,0,0,0,8205,0,0,0,0,0,9.75,12.91,14.17,1217702,15347,172546,0,0,3378,22101,0,0,0,0,1713,50,1653,606,102,0,0,0,25267,152,0,0,0,10072,4805,0,0,0,0,1227774,1401,0,0,0,0,0,0,0,0,0]
[2007647,20120630,"PREMIER FNCL BC               ","HUNTINGTON","WV",1133097,1104099,1140013,28998,0,0,114447,0,0,8265,3808,67848,49785,6196,0,0,0,2531,0,0,22004,0,0,10.37,17.350000000000001,18.600000000000001,659599,8265,122712,0,1760,4308,29767,0,0,0,0,1242,62,3430,8,226,56,0,0,9862,0,0,0,0,1597,29875,0,0,3046,0,661196,6196,0,0,0,22004,0,0,0,0,0]
[2012315,20120630,"VILLAGES BC                   ","THE VILLAGES","FL",1443371,1443371,1461950,0,0,0,102114,0,0,8909,3650,14682,75782,13935,0,0,0,0,0,0,0,0,0,7.07,14.59,15.87,699691,8909,111023,0,0,220,14377,0,0,0,0,0,0,3117,0,0,701,248,0,21914,0,0,0,0,13005,0,0,0,0,0,712696,13935,0,8000,0,0,0,0,0,8000,0]
[2012436,20120630,"OHIO VALLEY BC                ","GALLIPOLIS","OH",824293,822985,801372,1266,0,0,85616,0,0,6732,4689,33526,50923,1386,-15713,0,0,2263,417,42,0,0,0,10.4,15.92,17.170000000000002,537767,6732,92348,0,0,264,5081,0,0,0,0,187,0,2494,0,0,5,68,0,7527,0,0,0,417,795,1266,0,0,8,0,538562,1387,0,13500,0,0,0,0,15713,13500,0]
[2033226,20120630,"SOUTH PLAINS FNCL             ","LUBBOCK","TX",2088023,2088023,2067565,0,0,0,180260,28266,0,18979,505,99950,38189,-431,-3384,0,0,0,0,0,0,0,0,8.6300000000000008,12,15.14,1502706,47245,227505,0,2960,394,54602,0,0,0,0,67,75,553,0,0,0,3900,0,34418,180,0,0,0,15619,0,0,0,0,0,1518325,-431,0,45000,0,0,0,0,3384,46393,0]
[2038409,20120630,"HAWTHORN BSHRS                ","LEES SUMMIT","MO",1185041,1183090,1187219,337,0,-2013,120322,17769,0,11098,4815,31993,39571,1447,-3517,0,0,10472,2666,267,17833,0,0,10.17,13.63,16.899999999999999,882959,28867,149189,0,156,196,39530,0,0,0,0,196,0,4167,58,0,163,1486,0,15314,0,0,0,2666,4216,0,0,0,337,0,887175,3460,0,30231,0,17833,0,0,3517,30231,0]
[2040288,20120630,"JEFFERSON CTY BSHRS           ","FESTUS","MO",886963,878967,883628,7996,0,-34,81620,0,0,7931,1465,24712,51550,2110,-611,0,0,2224,0,0,0,0,0,9.2899999999999991,12.88,14.13,633764,7931,89551,0,0,0,26500,0,0,0,0,0,0,2139,16,0,90,0,0,8646,0,0,0,0,715,7806,0,0,190,0,634479,2144,0,12500,0,0,0,0,611,12500,0]
[2049302,20120630,"INTERVEST BSHRS CORP          ","NEW YORK","NY",1887668,1865616,1862110,0,0,0,237069,0,0,16408,21591,83823,73707,0,0,0,0,34133,0,0,25000,0,0,12.71,18.23,19.5,1300082,16408,253477,0,0,5290,54864,0,0,0,0,0,0,0,0,0,0,1702,0,28844,96,0,0,0,12532,0,22052,0,0,0,1312614,0,0,55000,0,25000,0,0,0,55000,0]
[2052777,20120630,"MABREY BC                     ","OKMULGEE","OK",741867,732364,740385,9503,0,0,51002,10900,0,6564,338,1303,49864,1329,0,0,0,0,0,0,0,0,0,6.96,9.76,13.1,522647,17464,68466,0,32,6,7562,0,0,0,0,0,0,1804,164,0,0,278,0,9025,0,0,0,0,2461,9503,0,0,0,0,525108,1329,0,9000,0,0,0,0,0,9000,0]
[2065432,20120630,"DIMECO                        ","HONESDALE","PA",597541,597489,608543,0,0,0,55586,0,0,6359,827,6604,50274,1838,-2067,0,0,2742,519,52,0,0,0,9.3000000000000007,10.99,12.25,505917,6378,61964,0,0,55,15354,0,0,0,0,12,0,860,122,0,40,3609,0,9144,0,0,0,519,2785,0,0,19,0,0,508702,1838,0,0,0,0,0,0,2067,0,0]
[2066868,20120630,"BANC ED CORP                  ","EDWARDSVILLE","IL",1575074,1569216,1624546,5858,0,0,141139,0,0,11623,1728,13625,141337,8255,-9693,0,0,22,0,0,0,0,0,8.99,15.32,16.579999999999998,921308,11623,152762,0,22,1335,15833,0,0,0,0,745,47,3836,205,287,390,0,0,20120,0,0,0,0,8497,5858,0,0,0,0,929805,8255,0,0,0,0,0,0,9693,0,0]
[2066886,20120630,"ROGERS BSHRS                  ","LITTLE ROCK","AR",1028050,1028987,1024306,948,0,-1885,19732,9866,0,9557,0,11307,-33791,2139,0,0,0,0,0,0,38019,186,0,1.92,2.64,5.24,747652,19423,39155,0,0,0,66615,0,0,0,0,0,0,12169,462,0,201,230,0,26318,168,186,0,0,16929,813,0,0,135,0,764581,4024,0,4959,0,38019,0,0,0,4959,0]
[2067007,20120630,"ALERUS FC                     ","GRAND FORKS","ND",1169556,1153584,1192803,15747,0,0,114055,0,0,11707,4539,19200,86351,4050,0,0,583,4118,2126,225,20000,0,0,9.89,12.22,13.47,933374,11707,125762,194,1200,296,9203,57,3344,0,0,0,194,146,326,0,366,0,0,14914,0,0,0,2126,3207,664,0,0,14470,0,936581,4049,64,0,0,20000,0,0,0,0,0]
[2078816,20120630,"COLUMBIA BKG SYS              ","TACOMA","WA",4788723,4655273,4789413,133450,0,-795,599427,0,0,38986,580358,0,152519,25835,0,0,0,0,0,0,0,0,0,12.88,19.510000000000002,20.78,3072245,38986,638413,0,1488,94638,49176,75710,0,0,0,19326,4260,3883,2552,1244,1069,0,0,83980,1665,0,0,0,46659,115554,0,0,17896,0,3118904,26630,0,0,0,0,0,0,0,0,0]
[2082532,20120630,"UWHARRIE CAP CORP             ","ALBEMARLE","NC",517877,516890,525585,987,0,0,43125,11127,0,4572,9461,13954,11157,2153,-810,0,0,872,2249,0,10350,0,0,8.34,11.87,16.190000000000001,363269,15699,58824,0,0,218,7472,0,0,0,0,218,0,1950,190,0,247,0,0,7068,0,0,0,2629,2496,987,0,0,0,0,365765,2153,0,0,0,10350,0,0,810,0,0]
[2083294,20120630,"GUARANTY FNCL MHC             ","BROWN DEER","WI",1201125,null,1186372,null,null,null,null,null,null,null,0,13928,-47540,254,0,null,0,0,11973,null,0,null,null,null,null,null,null,null,null,0,13272,0,101137,0,0,0,12728,0,0,35027,30711,0,27729,0,null,45764,0,-10905,null,13305,null,0,null,null,125]
[2107707,20120630,"DICKINSON FC II               ","KANSAS CITY","MO",2102851,2092181,2139823,10670,0,0,344964,0,0,15064,11,61769,142260,6896,0,0,0,0,0,0,151580,14,0,16.489999999999998,30.95,32.32,1114428,15239,360203,0,1552,708,204181,0,0,0,0,0,0,11795,112,0,590,0,0,104020,1731,15,0,0,90687,9332,0,175,1338,0,1205115,6896,0,0,0,151580,0,15,0,0,0]
[2112439,20120630,"INDUSTRY BSHRS                ","INDUSTRY","TX",1969176,1941454,2046321,27722,0,0,171098,0,0,9068,13726,69210,101306,37047,-2422,0,0,0,0,0,0,0,0,8.81,22.64,23.84,755788,9068,180166,0,0,22,2187,0,0,0,0,0,0,464,0,0,0,527,0,9068,0,0,0,0,0,24798,0,0,3773,0,755788,37047,0,17000,0,0,0,0,2422,17000,0]
[2114938,20120630,"RIVER VALLEY BC               ","DAVENPORT","IA",814443,813625,794050,550,0,-126,30739,12142,0,7437,4534,15061,-4936,180,-960,0,0,268,0,0,10000,0,0,3.78,5.18,8.48,593632,19579,50318,0,0,0,14786,0,0,0,0,0,0,2005,123,0,31,620,0,8768,0,0,0,0,1331,0,268,0,550,0,594963,306,0,7858,0,10000,0,0,960,7858,0]
[2121552,20120630,"FIDELITY BC                   ","PITTSBURGH","PA",663011,655429,665374,2654,0,-89,53250,0,0,4288,37,46362,9953,-589,-10232,0,0,6995,0,0,7211,0,0,8.1199999999999992,13.17,14.23,404395,4297,57547,0,0,6567,6300,0,0,0,0,649,364,1226,147,163,27,0,0,4288,0,0,0,0,0,2653,4928,9,1,0,404395,-501,0,7500,0,6909,0,0,10232,7500,0]
[2125813,20120630,"QCR HOLD                      ","MOLINE","IL",2005624,2002365,2043426,3259,0,0,164170,5051,0,17818,4968,28682,48831,4478,-1607,0,0,8775,0,0,51555,0,0,8.1999999999999993,11.52,13.14,1424538,22985,187155,0,1105,1152,16349,0,0,0,0,0,0,3838,284,0,0,1139,0,18725,0,2415,0,0,907,3223,0,116,36,0,1425445,4478,0,35000,0,51555,0,0,1607,35000,0]
[2126977,20120630,"BANNER CORP                   ","WALLA WALLA","WA",4162554,4133472,4221427,3381,0,0,622978,0,0,42574,188,554679,-89267,1969,-1987,0,0,31572,6202,620,121610,0,0,15.07,18.5,19.760000000000002,3368278,42574,665552,0,1322,2181,45181,0,0,0,0,2142,0,16258,818,0,1271,3716,0,80221,0,0,0,6202,37647,0,25081,0,5252,0,3405925,1969,0,66837,0,121610,0,0,1987,66837,0]
[2127068,20120630,"ALLIANCE BSHRS                ","SULPHUR SPRINGS","TX",553496,549565,558660,3833,0,0,39125,0,0,3862,500,4935,38485,736,-7864,0,0,0,98,98,0,0,0,7.12,12.71,13.97,307799,3881,43006,0,0,86,3228,0,0,0,0,0,0,637,602,0,0,380,0,5275,0,0,0,98,1413,2942,0,19,891,0,309212,736,0,7000,0,0,0,0,7864,7000,0]
[2127657,20120630,"FIRST TR CORP                 ","NEW ORLEANS","LA",792082,792082,813930,0,0,0,51698,0,0,7041,703,51390,-19262,1737,0,0,0,0,0,0,0,0,0,6.53,9.18,10.43,563012,7041,58739,0,141,60,15764,0,0,0,0,0,0,7106,536,0,19,378,0,7432,0,0,0,0,391,0,0,0,0,0,563403,1737,0,18867,0,0,0,0,0,0,0]
[2128917,20120630,"LAKESIDE BC                   ","CHICAGO","IL",1140713,1140713,1123175,0,0,-3750,128646,0,0,11929,400,19456,85569,-3073,-8938,0,0,0,0,0,0,0,0,11.28,13.63,15.2,943825,14770,143416,0,0,679,34904,0,0,0,0,545,0,2572,0,70,0,0,0,22387,0,0,2841,0,10458,0,0,0,0,0,954283,677,0,32159,0,0,0,0,8938,32159,0]
[2132932,20120630,"NEW YORK CMNTY BC             ","WESTBURY","NY",41987692,39520565,43501094,2458991,0,-56530,3624913,0,0,189684,4391,5316176,355216,-64130,-134,0,0,63472,136562,8136,0,4300,0,9.17,13.65,14.37,26556217,190487,3815400,0,0,331942,252005,265556,0,0,0,311258,0,8976,0,4859,1048,14973,0,189684,0,4300,0,136562,0,2436131,0,803,41589,0,26556217,-7599,0,412092,0,0,4300,0,134,412092,0]
[2146359,20120630,"COLOEAST BSHRS                ","LAMAR","CO",783128,771475,806782,11653,0,0,69202,0,0,7023,99,29974,25916,5045,-192,0,0,494,0,0,10338,0,0,8.9700000000000006,12.45,13.71,555996,7023,76225,0,53,6673,30471,0,0,0,0,30,0,1285,97,0,19,978,0,12864,0,0,0,0,5841,11330,0,0,969,0,561837,5045,0,14720,0,0,0,0,192,14720,10338]
[2149622,20120630,"NATIONAL BK INDIANAPOLIS CORP ","INDIANAPOLIS","IN",1539742,1539340,1546113,402,0,0,104280,4000,0,12614,38244,16070,60888,3403,-24438,0,0,6920,1569,0,0,0,0,6.77,10.130000000000001,11.74,1029627,16614,120894,0,0,18,18386,0,0,0,0,0,0,1719,2595,0,38,941,0,12614,0,0,0,1569,0,0,0,0,245,0,1029627,3403,0,13918,0,0,0,0,24438,13918,0]
[2158156,20120630,"CENTRAL BSHRS                 ","LEXINGTON","KY",2110881,2086314,2130888,16275,0,-3786,190159,0,0,21605,3479,6891,166756,-3676,0,0,0,13157,235,0,0,0,0,9.11,11.06,12.32,1719171,21605,211764,0,1340,6232,56972,0,0,0,0,858,261,7749,846,0,1644,16648,0,30834,0,0,0,270,9229,16275,8292,0,0,0,1728400,110,0,37600,0,0,0,0,0,37600,0]
[2162966,20120630,"MORGAN STANLEY                ","NEW YORK","NY",784364000,760831000,748517000,10589000,1066000,-16000,54245000,4374000,0,77000,20000,23151000,40586000,-220000,-2204000,-1279000,0,6777000,8000,1000,1508000,0,0,7.13,17.23,18.41,314800100,3709000,57954000,0,0,0,647000,0,0,0,0,0,0,0,0,0,1000,3950000,0,77000,32000,8796000,-742000,8000,32000,6610000,5490000,0,3979000,66970000,314832100,153000,6000,9972000,0,1508000,0,0,2204000,4763000,0]
[2166124,20120630,"HERITAGE FC                   ","OLYMPIA","WA",1344551,1330240,1338139,14311,0,0,184028,0,0,12367,121759,196,76434,1796,-50,0,0,10739,0,0,0,0,0,13.83,18.93,20.2,972274,12367,196395,0,2503,628,36237,0,8965,0,0,0,0,5273,2853,0,828,0,0,29485,0,0,0,0,17118,13012,0,0,1299,0,989392,1796,0,0,0,0,0,0,50,0,0]
[2169871,20120630,"SOUTHERN UT BC                ","CEDAR CITY","UT",695131,694978,709094,0,0,0,83371,0,0,6103,402,2699,80423,1750,0,0,0,5035,1529,153,0,0,0,12,17.23,18.489999999999998,483786,6103,89474,0,1120,0,9651,0,0,0,0,0,0,383,258,0,439,0,0,10049,506,0,0,1529,4452,0,0,0,0,0,488238,1750,0,0,0,0,0,0,0,0,0]
[2176413,20120630,"MIDDLEBURG FC                 ","MIDDLEBURG","VA",1192421,1187132,1218850,5289,0,-294,106750,0,0,9832,17364,43616,43805,5100,0,0,0,5960,0,0,0,0,0,8.99,13.66,14.92,781308,9832,116582,0,0,1371,18803,0,0,0,0,241,0,7405,358,200,176,244,0,14969,89,2120,0,0,5226,5289,0,0,814,0,786534,5251,9,7120,0,0,0,0,0,5000,0]
[2181426,20120630,"UNITY BC                      ","CLINTON","NJ",792428,791092,785116,1294,0,0,87631,0,0,7809,51300,2617,231,929,0,431,424,6977,0,42,19824,0,246,11.08,14.22,15.49,616176,7809,95440,0,579,2443,19831,0,0,0,0,1915,72,4655,46,0,311,0,0,16284,69,0,0,0,8544,1516,0,0,6,0,624720,929,5,14815,0,0,0,0,0,14815,19578]
[2183493,20120630,"C&F FC                        ","WEST POINT","VA",926415,918200,946687,8215,0,-1216,101405,0,0,9179,3120,4415,82085,4285,0,0,0,13803,0,0,0,0,0,11.04,14.32,15.62,708075,9179,110584,0,0,296,11575,0,0,0,0,0,13,1116,452,0,9,620,0,35457,0,0,0,0,26278,10723,0,0,0,0,734353,5501,0,20000,0,0,0,0,0,20000,0]
[2184164,20120630,"DORAL FNCL CORP               ","SAN JUAN","PR",8298644,8279959,8345465,4556,0,184,821538,0,0,80254,1285,1225648,-738792,2917,0,0,0,6902,108665,10866,352082,0,0,9.92,12.94,14.21,6347873,80254,901792,68793,92813,73287,800623,0,0,60270,44214,70763,0,469144,17154,0,0,0,0,152689,0,0,0,108665,72435,4406,3263,0,150,0,6420308,2733,0,0,0,148701,0,203381,0,0,0]
[2217503,20120630,"MESABA BSHRS                  ","GRAND RAPIDS","MN",718141,715687,710659,1718,0,0,16943,8472,0,6629,4,6230,8314,2442,0,55,0,1503,516,0,0,0,0,2.37,3.28,6.21,516229,15101,32044,52,2746,85,67996,0,0,0,0,0,0,6066,265,0,980,838,0,20681,0,0,0,516,14052,279,736,0,1439,0,530281,2442,0,4794,0,0,0,0,0,4794,0]
[2227182,20120630,"FINANCIAL CORP OF LA          ","CROWLEY","LA",574356,573554,569869,802,0,0,50550,0,0,4249,10,14825,44662,1863,-8145,0,0,0,0,0,0,0,0,8.81,13.19,14.29,383353,4249,54799,0,0,135,1240,0,0,0,0,100,0,704,0,0,0,0,0,4249,0,0,0,0,0,802,0,0,0,0,383353,1863,0,0,0,0,0,0,7066,0,0]
[2233950,20120630,"OLNEY BSHRS OF TX             ","OLNEY","TX",1853241,1794274,1861644,58967,0,0,191565,26200,0,16854,1141,36449,173766,0,0,0,0,0,0,0,0,0,0,10.68,12.34,15.12,1552101,43054,234619,396,0,712,19263,0,0,0,0,183,37,4023,133,0,0,4692,0,16854,0,0,0,0,0,49981,0,0,8986,0,1552101,0,0,39176,0,0,0,0,0,39176,0]
[2235598,20120630,"UNITED BC                     ","OSSEO","WI",658407,652626,655239,0,0,0,62379,0,0,6085,329,10749,45985,472,-1593,0,0,6277,0,0,10400,2290,0,9.56,13,14.26,480015,6085,68464,0,0,4,17545,0,0,0,0,0,0,3810,213,0,49,0,0,12840,0,2290,0,0,6755,0,5781,0,0,0,486770,472,0,0,0,0,0,0,1593,0,10400]
[2237118,20120630,"NORTHWEST IN BC               ","MUNSTER","IN",670748,669503,680081,0,0,0,61260,0,0,6041,361,5181,58026,2416,-1063,0,0,2846,308,0,0,0,0,9.15,12.75,14,480644,6041,67301,0,0,7,12521,0,0,0,0,7,0,1948,21,0,24,0,0,8044,0,95,0,394,2003,0,1245,0,0,0,482647,2416,0,0,0,0,0,0,1063,0,0]
[2242523,20120630,"DL EVANS BC                   ","BURLEY","ID",945267,945267,969114,0,0,-417,99213,0,0,7491,3266,21300,28756,5024,0,0,0,2366,0,0,29891,0,0,10.5,16.72,17.989999999999998,593239,7491,106704,0,2096,19,11507,0,0,0,0,0,0,1679,199,0,351,496,0,13582,360,0,0,0,6451,0,0,0,0,0,599690,5441,0,16000,0,29891,0,0,0,16000,0]
[2244545,20120630,"CITCO CMNTY BSHRS             ","ELIZABETHTON","TN",625232,622684,623188,2450,0,0,72034,0,0,3994,2368,22014,50705,5903,-505,0,975,0,0,98,0,0,0,11.57,22.71,23.97,317136,3994,76028,225,0,374,8143,0,0,0,0,0,44,85,23,0,565,19,0,6345,0,0,0,0,2351,2450,0,0,0,0,319487,5903,0,0,0,0,0,0,505,0,0]
[2253529,20120630,"HERITAGE OAKS BC              ","PASO ROBLES","CA",1012306,989634,1023774,12560,0,0,117582,0,0,10238,101237,7134,-68,2436,0,0,57,19422,0,6,23951,0,0,11.88,14.5,15.76,810850,10238,127820,0,381,0,20878,0,0,0,0,0,0,220,291,0,384,248,0,18149,292,0,0,0,8203,11049,10106,0,1511,0,819053,2436,0,8000,0,20347,0,0,0,8000,0]
[2254508,20120630,"CB&T HC                       ","NEW ORLEANS","LA",705899,705899,722969,0,0,0,62509,0,0,8411,390,3490,62313,1156,-9684,0,11,0,0,0,0,0,0,8.86,9.49,10.77,658414,8411,70920,0,0,1148,4398,0,0,0,0,13,0,1082,0,0,0,400,0,22841,0,0,0,0,14430,0,0,0,0,0,672844,1156,0,6000,0,0,0,0,9684,6000,0]
[2256539,20120630,"MOUNTAIN WEST FC              ","HELENA","MT",641366,637147,638568,3604,0,0,71905,1695,0,6051,5230,17209,35555,496,0,0,28,6005,0,0,0,0,0,11.29,15.12,16.739999999999998,475673,7746,79651,0,1729,46,41967,0,0,0,0,0,0,4418,2445,0,93,671,0,14357,127,0,0,0,8433,3604,615,0,0,0,484106,496,0,18130,0,0,0,0,0,18130,0]
[2260406,20120630,"WINTRUST FC                   ","LAKE FOREST","IL",16319207,15990842,16576282,327700,0,-6038,1632698,6000,0,145383,36573,1013428,501139,1971,-7374,0,0,15266,6647,665,176337,0,0,10.210000000000001,12.23,13.37,13347904,151383,1784081,0,0,9293,310083,926,155733,0,0,34,0,44307,4502,12,17855,7493,0,132480,12903,209,0,6647,0,330896,0,0,21213,0,13347904,5908,3141,242000,0,176337,0,0,7374,242000,0]
[2270254,20120630,"FALCON BSHRS                  ","LAREDO","TX",863449,861903,862893,18,0,0,86307,0,0,6904,138,8059,59131,475,0,0,0,3079,0,0,0,0,0,10.01,15.76,17.05,547561,7040,93347,0,0,7,29894,0,0,0,0,0,0,4423,21,0,0,651,0,11953,0,0,0,0,5049,0,2003,136,18,0,552610,475,0,21000,0,0,0,0,0,21000,0]
[2277860,20120630,"CAPITAL ONE FC                ","MCLEAN","VA",295045468,279573560,296698168,14345337,0,-33688,25106566,2318178,0,2740011,6302,25216795,14903972,350659,-3285953,-12107,2089320,3195458,83836,217316,0,0,0,8.98,11.61,13.95,216341362,5073203,30179769,2504,24659,2273874,1025352,0,0,0,0,915921,3641,458748,11525,19473,36956,2147963,0,4998483,63379,1517,0,83836,2321851,13863889,757913,15014,871263,0,218663213,422072,0,3635848,0,0,0,0,3285953,3634331,0]
[2290560,20120630,"STEWARDSHIP FNCL CORP         ","MIDLAND PARK","NJ",703259,703259,700138,0,0,-526,63334,0,0,6060,40529,0,846,1556,0,0,0,4124,0,0,14960,0,0,9.01,13.22,14.49,478949,6060,69394,0,0,200,29541,0,0,0,0,0,0,1857,599,0,1793,217,0,11934,0,0,0,0,5874,0,0,0,0,0,484823,2083,0,7000,0,14960,0,0,0,7000,0]
[2291624,20120630,"BANK OF KY FNCL CORP          ","CRESTVIEW HILLS","KY",1730575,1702668,1703865,24855,0,0,150806,20000,0,17480,3098,34873,122742,3737,0,0,11,6193,0,11,0,0,0,8.86,10.79,13.47,1397532,37480,188286,0,0,195,16265,0,0,0,0,0,0,3719,669,0,1095,3137,0,18346,0,0,0,0,866,22023,3041,0,2832,0,1398398,3737,0,18000,0,0,0,0,0,18000,0]
[2291727,20120630,"UNITED BKR BC                 ","BLOOMINGTON","MN",599708,599708,596198,0,0,0,63530,0,0,4227,5132,32378,26020,1315,0,0,0,5096,0,0,0,0,0,10.59,19.059999999999999,20.329999999999998,333280,4227,67757,0,0,53,11734,0,0,0,0,0,0,0,0,0,0,0,0,9219,0,0,0,0,4992,0,0,0,0,0,338272,1315,0,0,0,0,0,0,0,0,0]
[2291914,20120630,"IBERIABANK CORP               ","LAFAYETTE","LA",11777804,11382319,12121118,395437,0,0,1185847,0,0,104883,31163,1132842,387071,22208,-78244,0,0,0,482,48,0,0,0,10.42,14.27,15.54,8308258,104926,1290773,0,88,8513,499022,6877,382326,0,0,1477,0,144628,9022,188,18552,3362,0,187285,0,0,0,482,82402,366084,0,43,29353,0,8390660,22208,0,108500,0,0,0,0,78244,108500,0]
[2293329,20120630,"PROSPERITY BKG CO             ","SAINT AUGUSTINE","FL",795023,778009,791218,269,0,0,7971,3986,0,6382,4,16314,2445,211,0,0,0,16715,167,17,0,0,0,1.02,1.57,3.14,508377,10368,15942,0,0,0,9434,0,0,0,0,0,0,2833,702,0,262,915,0,8552,0,0,0,167,2170,0,16631,0,269,0,510547,211,97,6222,0,0,0,0,0,6222,0]
[2294812,20120630,"DIAMOND BANCORP               ","WASHINGTON","MO",817408,817394,799470,14,0,0,85646,0,0,8406,28,31955,32597,168,0,0,0,0,734,0,0,0,0,10.48,12.9,14.17,663732,8406,94052,0,0,3,52004,0,0,0,0,0,0,8857,516,0,583,3239,0,17182,0,0,0,734,8776,0,0,0,14,0,672508,168,0,21080,0,0,0,0,0,0,0]
[2300982,20120630,"JACKSONVILLE BC               ","JACKSONVILLE","IL",null,null,43456]
[2303910,20120630,"ENTERPRISE FS CORP            ","CLAYTON","MO",3214012,3175368,3183176,38644,0,0,291261,0,0,29208,179,170717,46892,6140,-1743,4896,0,14525,0,0,33703,57,0,9.17,12.51,13.87,2328158,31708,322969,0,0,39864,30143,32113,0,0,0,2411,91,2580,267,480,0,179,0,38193,0,57,2500,0,8985,30334,0,0,8310,0,2337143,6140,0,75204,0,33703,0,0,1743,75204,0]
[2307280,20120630,"UTRECHT-AMERICA HOLDS         ","NEW YORK","NY",45406000,44416000,46125000,970000,0,-3000,844000,0,0,132000,1000,881000,-341000,19000,0,0,0,382000,3000,0,0,1293000,0,1.9,2.6,3.01,32410200,132000,976000,0,14000,6000,604000,1000,70000,0,0,0,0,28000,5000,0,10000,0,1000,155000,19000,1293000,0,7000,41000,942000,20000,0,48000,0,32452200,22000,0,0,0,0,0,0,0,0,0]
[2312837,20120630,"AMERICAN RIVER BSHRS          ","RANCHO CORDOVA","CA",577946,561542,589672,16404,0,0,71579,0,0,4144,67901,0,20082,4359,0,0,0,2426,0,0,0,0,0,12.75,21.71,22.96,329741,4144,75723,0,0,0,10673,0,0,0,0,0,0,0,208,0,0,0,0,6201,100,0,0,0,2157,16321,0,0,83,0,331898,4359,0,0,0,0,0,0,0,0,0]
[2314327,20120630,"VALLEY FC                     ","ROANOKE","VA",795688,795688,796282,0,0,0,78738,0,0,7305,0,23817,23171,1456,0,0,0,4043,0,0,15750,0,0,9.9,13.51,14.77,582715,7305,86043,0,0,0,6353,0,0,0,0,0,0,2052,47,0,63,496,0,8991,0,0,0,0,1686,0,0,0,0,0,584401,1456,0,16000,0,15750,0,0,0,16000,0]
[2320618,20120630,"OCONOMOWOC BSHRS              ","OCONOMOWOC","WI",713462,710739,733105,2026,0,0,61196,0,0,5790,3,12887,45030,1235,0,0,4704,0,2270,697,0,0,0,8.61,11.54,12.64,530118,5790,66986,0,0,0,4693,0,0,0,0,0,0,2032,0,0,739,186,0,5790,0,0,0,2270,0,0,0,0,2026,0,530118,1236,0,6000,0,0,0,0,0,6000,0]
[2321419,20120630,"PSB HOLDS                     ","WAUSAU","WI",635954,635843,709284,0,0,-414,58367,7000,0,6173,1830,6967,46698,1654,-4517,0,0,1583,1110,111,0,0,0,9.18,11.85,14.53,492380,13173,71540,0,327,0,8857,0,0,0,0,0,0,3904,239,0,355,232,0,7648,0,0,0,1110,1475,0,0,0,0,0,493855,2068,0,7500,0,0,0,0,4517,7500,0]
[2322304,20120630,"FIRST MARINER BC              ","BALTIMORE","MD",1175532,1175532,1222121,0,0,0,-15009,0,0,10642,939,80013,-95962,-2111,0,0,0,0,0,0,0,0,0,-1.28,-1.77,-1.77,847912,61160,-15009,0,0,0,33917,0,0,0,0,0,0,7694,424,0,697,2856,0,13492,633,0,50500,0,3483,0,0,18,0,0,851395,-2112,0,0,0,0,0,0,0,0,0]
[2324111,20120630,"NORTHEAST BC                  ","LEWISTON","ME",623936,620967,669196,2962,0,-254,123628,0,0,824,10383,91998,12235,159,0,0,48,0,50,1,4364,0,0,19.91,33.119999999999997,33.340000000000003,373278,824,124452,0,983,0,6114,0,0,0,0,0,0,3248,144,0,75,496,0,824,6,0,0,92,6,0,0,0,4488,0,373284,412,0,7610,0,0,0,0,0,7610,3958]
[2324429,20120630,"ROYAL BSHRS OF PA             ","NARBERTH","PA",836576,836576,830626,0,0,-2557,94613,1200,0,6600,22947,124998,-103892,1140,-6971,-607,0,414,0,0,30407,3931,0,11.31,18.3,19.809999999999999,517101,7800,102413,0,0,0,32144,0,0,0,0,0,0,1089,236,0,0,774,0,17495,0,3931,0,0,10895,0,0,0,0,0,527996,3697,0,23800,0,30407,0,0,6971,23800,0]
[2325350,20120630,"LONE STAR NAT BSHRS TX        ","MCALLEN","TX",2135739,2135739,2121339,0,0,0,239548,0,0,16082,31682,58887,122057,3852,-78,0,0,9210,0,0,0,0,0,11.22,18.87,20.14,1269214,16082,255630,457,1388,2795,41616,0,0,0,0,645,0,8698,47,0,0,1532,0,32533,870,0,0,0,17321,0,0,0,0,0,1286535,3852,0,27000,0,0,0,0,78,27000,0]
[2326629,20120630,"ANB CORP                      ","TERRELL","TX",2089156,2055583,2100323,33349,0,0,181352,0,0,16234,2500,26925,129954,8277,-12454,0,0,8033,2236,224,37000,0,0,8.82,14.03,15.29,1292521,16234,197586,0,0,38,14723,0,0,0,0,0,0,2380,232,0,108,5130,0,26356,339,0,0,2414,10461,26910,0,0,8451,0,1302982,8277,0,31000,0,37000,0,0,12454,31000,0]
[2327541,20120630,"SUBURBAN IL BC                ","ELMHURST","IL",546203,546203,540706,0,0,0,27483,13742,0,4871,3609,36403,-28279,269,0,0,0,0,0,0,0,0,0,5.03,7.28,12.21,377466,18613,46096,0,0,0,32305,0,0,0,0,0,0,5385,775,0,609,464,0,17073,0,0,0,0,12202,0,0,0,0,0,389668,269,0,15750,0,0,0,0,0,0,0]
[2333663,20120630,"BERKSHIRE HILLS BC            ","PITTSFIELD","MA",4364265,null,4513980,null,null,null,null,null,null,null,238,516183,115871,-4336,-44686,null,0,40739,2786,null,0,null,null,null,null,null,null,null,null,19,517,17055,26117,0,0,0,0,5818,0,8759,41,376,1020,0,null,32868,75,0,null,2786,null,220360,null,null,19505]
[2336806,20120630,"SBCP BC                       ","CROSS PLAINS","WI",767152,759899,782852,6395,0,-731,49940,15375,0,7699,1574,8668,35314,-71,-848,0,0,7257,2990,299,0,0,0,6.57,8.23,12.04,606665,23074,73014,0,0,29,43906,0,0,0,0,0,0,10627,983,0,486,720,0,16992,0,0,0,2990,9293,5962,559,0,712,0,615958,660,0,12485,0,0,0,0,848,12485,0]
[2337081,20120630,"PASSUMPSIC BC                 ","SAINT JOHNSBURY","VT",571925,555552,569037,16262,0,0,42900,0,0,4822,0,0,59419,1172,0,0,0,1979,1718,111,0,0,0,7.72,11.19,12.49,383448,4980,47880,5,1303,6,7666,0,0,0,0,0,0,2141,0,6,147,0,0,7154,0,0,0,1786,2332,13709,0,158,2076,0,385780,1152,166,0,0,0,0,0,0,0,0]
[2337401,20120630,"FIRST CMNTY CORP              ","LEXINGTON","SC",596037,592037,598738,834,0,0,58821,2452,0,4425,3346,50003,-16477,1475,-242,0,0,4628,0,0,11191,0,0,9.94,16.63,18.579999999999998,353667,6886,65707,0,0,0,4640,0,0,0,0,0,0,1027,40,0,0,1172,0,4742,0,0,0,0,317,571,3166,9,263,0,353984,1475,0,15000,0,11191,0,0,242,15000,0]
[2339133,20120630,"GREAT SOUTHERN BC             ","SPRINGFIELD","MO",4125119,4117801,4215820,7318,0,0,359594,0,0,29844,135,17524,261257,15962,0,0,0,0,194,0,57943,54,0,8.73,15.13,16.39,2376633,29844,389438,0,0,16017,44016,14919,20042,0,0,3647,66,8927,520,2,253,929,0,40723,0,54,0,409,10879,1258,0,0,6062,0,2387512,15963,0,30000,0,57943,0,0,0,30000,0]
[2339656,20120630,"FIRST EVANSTON BC             ","EVANSTON","IL",786737,786737,780185,0,0,-405,70591,0,0,7512,431,37811,35799,331,-13450,0,0,3450,0,0,0,0,0,8.9700000000000006,11.77,13.02,599719,7512,78103,0,0,13,8561,0,0,0,0,0,0,420,0,0,417,0,0,8772,0,0,0,0,1260,0,0,0,0,0,600979,736,0,10000,0,0,0,0,10227,10000,0]
[2344799,20120630,"METROCORP BSHRS               ","HOUSTON","TX",1534845,1518960,1554586,14414,0,-1241,190858,0,0,14997,18697,73034,77172,312,-125,0,74,13569,46,0,2965,0,0,12.57,16.079999999999998,17.36,1186687,15126,205984,0,0,62,29977,0,0,0,0,62,0,175,0,0,0,1083,0,27311,957,0,0,55,13271,14327,1471,129,87,0,1199958,1553,0,35000,0,2965,0,0,125,35000,0]
[2344856,20120630,"CITIZENS NAT BSHRS OF BOSSIER ","BOSSIER CITY","LA",649147,643084,653341,6063,0,0,61760,0,0,3639,19924,21253,28113,2631,-1466,0,0,1582,0,0,0,0,0,9.6,13.75,14.56,449103,3639,65399,0,0,151,2030,0,0,0,0,30,0,812,219,0,0,0,0,3639,0,0,0,0,0,5241,0,0,822,0,449103,2632,0,0,0,0,0,0,1466,0,0]
[2345068,20120630,"LEGACYTEXAS GRP               ","PLANO","TX",1611962,1603790,1655429,8172,0,0,145703,1810,0,14754,2208,31168,90500,4538,0,0,0,0,0,0,0,0,0,9.08,12.37,13.77,1178219,16564,162267,0,0,500,19144,0,0,0,0,0,0,1290,1441,0,0,3798,0,20881,0,0,0,0,6127,7802,0,0,370,0,1184346,4539,0,30000,0,0,0,0,0,30000,0]
[2348274,20120630,"FCT BSHRS                     ","WACO","TX",620436,619393,619981,1043,0,0,45339,0,0,0,9,7418,35260,-218,-4973,0,0,0,0,0,0,0,0,7.32,10.46,10.46,433395,0,45339,0,0,0,1649,0,0,0,0,0,0,0,131,0,0,259,0,6901,0,0,0,0,6901,1043,0,0,0,0,440296,-218,0,8668,0,0,0,0,4973,8668,0]
[2349486,20120630,"FIRST SOUTHERN BC             ","BOCA RATON","FL",1177100,1152390,1180025,24710,0,0,334319,0,0,8628,199,385979,-63871,1578,-2782,0,0,0,0,0,30495,9,0,29.01,49.14,50.41,680380,8628,342947,0,0,89463,21227,47058,4940,0,0,8113,126,1607,0,1429,0,0,0,18361,0,9,0,0,9733,23713,0,0,996,0,690113,1578,0,9000,0,0,0,0,2782,9000,30495]
[2349815,20120630,"WESTERN ALLI BC               ","PHOENIX","AZ",7062245,7030494,7163572,31748,19377,8,681201,0,0,77531,8,747736,-221338,4291,0,0,25,48159,0,3,141000,423,0,9.69,11.02,12.27,6181241,77531,758732,0,3028,795,104325,0,0,0,0,0,0,15846,2300,0,1609,2821,0,97512,1238,423,0,0,21219,25925,0,0,8027,0,6202460,4283,0,64500,0,141000,0,0,0,36687,0]
[2352226,20120630,"LIBERTY BSHRS                 ","SPRINGFIELD","MO",1056473,1052623,1048018,3850,0,0,114173,0,0,9294,938,20010,54118,16,-38,0,0,2141,0,0,22995,0,0,10.85,15.41,16.66,740983,9294,123467,0,1873,0,7294,0,0,0,0,0,0,1395,0,0,0,628,0,11848,0,0,0,0,2554,3063,0,0,787,0,743537,16,0,20000,0,22995,0,0,38,20000,0]
[2352280,20120630,"ROCKHOLD BANCORP              ","KIRKSVILLE","MO",565799,564371,515222,1428,0,0,48336,0,0,2666,2000,11445,36319,749,0,0,0,0,0,0,0,0,0,8.56,22.5,23.74,214821,2666,51002,0,0,0,2160,0,0,0,0,0,0,563,0,0,0,0,0,3201,0,0,0,0,535,1428,0,0,0,0,215356,749,0,0,0,0,0,0,0,0,0]
[2356073,20120630,"COMMUNITY BK SHARES OF IN     ","NEW ALBANY","IN",812587,811838,825508,749,0,-489,95392,0,0,7222,386,44091,15847,3523,-8648,0,0,2109,21,0,28000,0,0,11.75,16.62,17.88,573931,7222,102614,0,0,0,15546,0,0,0,0,0,0,1787,194,0,101,10,0,11108,0,0,0,21,3886,0,0,0,749,0,577817,4012,8,16473,0,28000,0,0,8648,16473,0]
[2360454,20120630,"STOCKMENS FC                  ","RAPID CITY","SD",827024,811291,851351,15733,0,-532,56936,0,0,6987,2,20274,38159,1202,0,0,0,3264,0,0,0,0,0,7.02,10.210000000000001,13.66,557620,19253,76189,0,300,9,5718,0,0,0,0,0,0,297,207,0,0,341,0,8349,0,0,12266,0,1362,10387,0,0,5346,0,558982,1734,0,14234,0,0,0,0,0,14234,0]
[2365356,20120630,"NORWOOD FNCL                  ","HONESDALE","PA",676957,666493,684867,10435,0,0,76618,0,0,5775,337,24696,64788,3159,-2739,0,0,2159,288,29,0,0,0,11.5,15.75,16.93,486588,5785,82403,0,0,2,8878,0,0,0,0,0,0,2496,177,0,175,0,0,5775,0,0,0,286,0,9715,0,10,720,0,486588,3159,0,0,0,0,0,0,2739,0,0]
[2367556,20120630,"HUDSON CITY BC                ","PARAMUS","NJ",43597903,null,42961040,null,null,null,null,null,null,null,7415,4725363,1774138,66272,-1909746,null,0,264273,0,null,0,null,null,null,null,null,null,null,null,113058,0,113521,980318,0,0,0,0,113058,404,968591,4506,0,0,0,null,287901,0,171,null,0,null,152109,null,null,2361]
[2367921,20120630,"TOMPKINS FNCL CORP            ","ITHACA","NY",3512704,3465592,3482669,46980,0,-26159,330332,0,0,27122,1226,248403,104680,484,-2610,0,0,8399,1318,132,0,1517,0,9.5299999999999994,14.99,16.22,2203324,27122,357454,0,203,321,36749,0,0,0,0,0,0,4635,258,321,1405,3945,0,26865,257,1517,0,1318,0,44891,0,0,2443,0,2203324,26643,0,24228,0,0,0,0,2610,24228,0]
[2368106,20120630,"SNBNY HOLD                    ","GIBRALTAR",0,5912779,5906407,5755590,6372,0,0,419977,0,0,25328,21,122546,303782,834,0,0,0,27086,0,0,0,0,0,7.11,12.06,12.79,3481056,25328,445305,0,0,0,773,0,0,0,0,0,0,0,0,0,0,0,0,23673,1655,0,0,0,0,0,0,0,6372,0,3481056,834,0,0,0,0,0,0,0,0,0]
[2368964,20120630,"PATHFINDER BC MHC             ","OSWEGO","NY",null,null,25293]
[2380443,20120630,"GOLDMAN SACHS GROUP THE       ","NEW YORK","NY",951571000,918780000,948981000,5400000,520000,-367000,64444000,13221000,0,120000,8000,51183000,61412000,-506000,-44092000,-4579000,0,3759000,0,0,4850000,0,0,7.01,15.04,18.14,428588790,13304000,77748000,0,0,0,158000,0,0,0,0,0,0,0,0,0,0,656000,0,105000,15000,1223000,-37000,0,0,3779000,1391000,0,1621000,132902590,428588790,138000,0,2750000,500000,4850000,0,0,44092000,2750000,0]
[2385493,20120630,"FIRST BSHRS                   ","HATTIESBURG","MS",712150,700282,700616,11868,0,0,59429,0,0,4468,3135,23570,18356,1723,-464,0,0,573,0,0,16980,0,0,8.49,12.95,13.92,458982,4468,63897,0,0,1205,4253,0,0,0,0,418,19,431,271,27,21,310,0,4468,0,0,0,0,0,9362,0,0,2506,0,458982,1722,281,10000,0,16980,0,0,464,10000,0]
[2388878,20120630,"BEACON BC                     ","TAUNTON","MA",1341154,1329986,1361312,11168,0,-7358,184865,0,0,10224,0,34938,153736,3248,0,0,0,8354,0,0,0,0,0,13.9,17.96,19.440000000000001,1029110,15159,200024,0,0,0,13835,0,0,0,0,0,0,9143,0,0,0,0,0,10224,0,3103,0,0,0,5318,0,4935,5850,0,1029110,3247,0,0,0,0,0,0,0,0,0]
[2389941,20120630,"TCF FC                        ","WAYZATA","MN",17679729,17447700,17911314,232029,0,521,1508176,189204,0,180203,1628,738437,860560,15703,-42078,0,0,0,0,0,166721,0,0,8.64,10.53,13.11,14319404,369538,1877714,597,723,61275,324530,0,0,0,0,51463,3598,121269,10807,5275,11506,10,0,274161,2873,14937,0,0,96831,225640,0,131,9516,0,14416235,15182,0,14937,0,166721,0,0,1102,0,0]
[2389996,20120630,"AMERICAN MW FNCL CORP         ","ROCHESTER","IN",null,null,43906]
[2390013,20120630,"META FNCL GRP                 ","STORM LAKE","IA",1449990,null,1528684,null,null,null,null,null,null,null,40,45330,59610,3508,-2789,null,0,0,0,null,0,null,null,null,null,null,null,null,null,0,0,64,4846,0,0,0,0,0,0,0,62,0,0,0,null,4426,0,0,null,0,null,0,null,null,2049]
[2390938,20120630,"EAST TX FNCL SVC              ","TYLER","TX",null,null,20996]
[2391270,20120630,"HIGHLANDS BSHRS               ","ABINGDON","VA",604603,599567,600819,64,0,0,29504,0,0,4936,3132,7784,20474,-1572,0,0,0,8364,0,0,0,0,0,4.92,7.5,8.76,393183,4936,34440,0,0,194,8391,0,0,0,0,0,0,3952,66,193,0,1114,0,8050,0,0,0,0,3114,64,4972,0,0,0,396297,-1572,0,3150,0,0,0,0,0,3150,0]
[2393274,20120630,"FLUSHING FC                   ","FLUSHING","NY",4372156,null,4435829,null,null,null,null,null,null,null,315,197709,231224,8804,-7086,null,91,1388,0,null,0,null,null,null,null,null,null,null,null,0,392,0,121516,0,0,0,0,0,0,32425,0,0,1846,720,null,30899,0,0,null,0,null,16127,null,null,703]
[2394628,20120630,"MUTUAL HC OF WESTERN PA       ","BETHEL PARK","PA",null,null,45472]
[2398082,20120630,"NATIONAL CONSUMER CO-OP BK    ","WASHINGTON","DC",1866901,null,1744316,null,null,null,null,null,null,null,209136,0,-8531,547,0,null,0,1149,20743,null,0,null,null,null,null,null,null,null,null,0,1666,13,67857,0,0,0,0,0,0,11032,355,0,431,3563,null,23523,9371,0,null,23150,null,102,null,null,0]
[2406174,20120630,"WASHINGTON BKG CO             ","OAK HARBOR","WA",1671825,1665540,1663877,6285,0,0,190520,0,0,12921,85101,0,86718,3934,0,0,0,4002,0,0,0,0,0,11.44,18.53,19.79,1028057,12921,203441,0,566,0,82103,0,51950,0,0,0,0,5562,2972,0,1032,774,0,18572,0,0,0,0,5651,4490,0,0,1795,0,1033708,3934,14,25000,0,0,0,0,0,25000,0]
[2410854,20120630,"FIRST BK LUBBOCK BSHRS        ","LUBBOCK","TX",528085,526744,541377,943,0,0,40057,0,0,5080,978,20088,11053,1034,0,0,0,0,3981,398,0,0,0,7.6,9.86,11.11,406219,5080,45137,0,1940,110,8669,0,0,0,0,107,0,1561,243,0,0,279,0,5554,85,0,0,3981,559,943,0,0,0,0,406778,1034,0,9279,0,0,0,0,0,9279,0]
[2427665,20120630,"MACON BC                      ","FRANKLIN","NC",824307,824108,818952,0,0,0,54333,0,0,7213,0,0,40901,1695,0,0,0,4287,1999,199,0,0,0,6.59,9.5500000000000007,10.82,568680,7213,61546,0,0,0,33320,0,0,0,0,0,0,9469,264,0,1990,433,0,15534,0,0,0,1999,8321,0,0,0,0,0,577001,1695,0,13631,0,0,0,0,0,13631,0]
[2429838,20120630,"SHORE BSHRS                   ","EASTON","MD",1163598,1147158,1175333,16440,0,-2594,103706,0,0,10310,85,32087,87973,-678,0,0,0,9772,0,0,0,0,0,9.0399999999999991,12.61,13.87,822363,10324,114030,0,0,3519,47958,0,0,0,0,653,427,12139,3651,152,4610,65,0,12990,397,0,0,0,3077,12454,0,14,3986,0,825440,1915,0,0,0,0,0,0,0,0,0]
[2433312,20120630,"AMERIPRISE FNCL               ","MINNEAPOLIS","MN",136014826,null,135271252,null,null,null,null,null,null,null,3055,6287118,6383935,942067,-4611492,null,0,226028,0,null,0,null,null,null,null,null,null,null,null,0,0,977,247094,0,0,0,0,0,0,0,0,0,3260,594779,null,54560,0,607976,null,0,null,1166742,null,null,957934]
[2454380,20120630,"ARBOR BC                      ","ANN ARBOR","MI",801646,801530,807418,116,0,0,56367,0,0,6402,0,5643,45840,2808,0,0,0,4205,0,0,0,0,0,7.03,11.07,12.33,509141,6402,62769,0,0,0,7476,0,2945,0,0,0,0,2658,27,0,1230,0,0,9389,0,0,0,0,2987,0,0,0,116,0,512128,2808,0,5000,0,0,0,0,0,5000,0]
[2454586,20120630,"OUACHITA BSHRS CORP           ","MONROE","LA",593077,593077,605372,0,0,0,42157,17930,0,4474,11,17575,37189,5804,-12618,0,0,0,0,0,0,0,0,7.11,9.7100000000000009,14.87,434041,22404,64561,0,0,1372,354,0,0,0,0,0,0,9,70,0,0,0,0,4474,0,0,0,0,0,0,0,0,0,0,434041,5804,0,0,0,0,0,0,12554,0,0]
[2460569,20120630,"NVE BC MHC                    ","ENGLEWOOD","NJ",691394,689586,689041,0,0,0,78219,0,0,2303,0,0,80027,468,0,0,0,5853,0,0,0,0,0,11.34,20.05,20.64,390133,2304,80523,0,0,0,11450,0,0,0,0,0,0,5076,543,0,278,0,0,2303,0,0,0,0,0,0,1808,1,0,0,390133,468,0,0,0,0,0,0,0,0,0]
[2461016,20120630,"ENTERPRISE BC                 ","LOWELL","MA",1560365,1548718,1615082,5656,0,0,134040,0,0,16599,96,46600,82979,3622,0,-479,0,12179,0,0,0,0,0,8.65,10.15,11.44,1321131,17041,151081,0,2045,0,24951,0,0,0,0,0,0,2809,2208,0,361,738,0,23126,0,0,0,0,6527,5656,0,442,0,0,1327658,3622,0,10500,0,0,0,0,0,10500,0]
[2465519,20120630,"UFS BC                        ","WHITINSVILLE","MA",1270516,1270435,1391923,0,0,0,95074,0,0,6244,0,0,95155,2598,0,0,0,3901,815,81,0,0,0,7.48,13.36,14.24,711396,6244,101318,0,0,0,4269,0,0,0,0,0,0,2500,94,0,997,0,0,6244,0,0,0,815,0,0,0,0,0,0,711396,2598,0,0,0,0,0,0,0,0,0]
[2465528,20120630,"ASSABET VALLEY BC             ","HUDSON","MA",1030047,1017710,1043903,12337,0,0,73863,0,0,7359,0,0,86200,2113,0,0,0,2878,701,0,0,0,0,7.26,10.31,11.37,716215,7582,81445,0,0,80,19952,0,0,0,0,0,0,10572,0,0,957,0,0,7359,0,0,0,719,0,11936,0,223,401,0,716215,2113,0,0,0,0,0,0,0,0,0]
[2466981,20120630,"RIVER VALLEY BC               ","MADISON","IN",null,null,41192]
[2467474,20120630,"ADIRONDACK BC                 ","UTICA","NY",635410,633330,582502,2023,0,0,40998,0,0,3152,5684,6697,22453,3355,-56,0,0,0,569,57,300,0,0,6.47,14.08,15.16,291141,3152,44150,0,0,1959,2543,0,0,0,0,1144,594,0,0,200,0,0,0,3120,32,0,0,569,0,2023,0,0,0,0,291141,3355,0,8000,0,0,0,0,0,8000,0]
[2467689,20120630,"COMMERCE BSHRS CORP           ","WORCESTER","MA",1394501,1394501,1424146,0,0,0,117505,21075,0,9771,15,7428,110098,4035,0,0,0,3646,0,0,0,0,0,8.43,11.62,14.68,1010822,30846,148351,0,0,0,8485,0,0,0,0,0,0,2261,245,0,402,0,0,9669,102,0,0,0,0,0,0,0,0,0,1010822,4035,36,0,0,0,0,0,0,0,0]
[2469227,20120630,"BFC FC                        ","FORT LAUDERDALE","FL",null,null,4866940]
[2477754,20120630,"INVESTORS BC MHC              ","SHORT HILLS","NJ",11190692,11142868,11523129,44420,0,-3175,985547,0,0,99124,0,0,602634,-3655,0,0,0,136402,12171,1217,0,425951,0,8.84,12.47,13.73,7900590,99124,1084671,0,3191,0,148391,0,0,0,0,0,0,80679,509,0,431,0,0,128474,0,425951,0,12171,29350,38486,0,0,5934,0,7929940,-3079,0,0,0,0,0,0,0,0,0]
[2482196,20120630,"HOMETOWN BC                   ","GRAND ISLAND","NE",943968,942811,991312,1107,0,0,89765,0,0,7963,622,17826,63045,1872,0,0,0,417,498,50,0,9429,0,9.52,12.86,14.01,697799,7963,97728,0,0,113,820,0,0,0,0,53,0,0,0,0,0,32,0,7969,0,9429,0,498,6,888,0,0,219,0,697805,1872,0,0,0,0,0,0,0,0,0]
[2484417,20120630,"FIRST BSHRS                   ","MOUNTAIN GROVE","MO",null,null,16785]
[2485487,20120630,"MERCHANTS BC                  ","HILLSBORO","OH",580565,579414,578390,1112,0,-2035,48281,2725,0,4486,2000,2000,57513,-987,-12081,0,0,2359,393,39,0,0,0,8.33,11.32,13.02,426424,7219,55500,0,0,1159,6952,0,0,0,0,542,227,4292,251,30,148,0,0,4486,0,0,0,393,0,544,0,8,568,0,426424,1048,0,0,0,0,0,0,12081,0,0]
[2487650,20120630,"DIME CMNTY BSHRS              ","NEW YORK","NY",3944607,null,3879916,null,null,null,null,null,null,null,517,233469,370294,-9409,-218572,null,0,29946,1319,null,0,null,null,null,null,null,null,null,null,0,0,2634,13318,0,0,0,0,0,0,517,644,0,0,2165,null,20243,1843,0,null,1795,null,55638,null,null,0]
[2490575,20120630,"ORIENTAL FNCL GRP             ","SAN JUAN","PR",6310809,6279673,6375648,3815,0,-49439,674805,0,0,26836,47842,499852,136650,21261,-81403,0,118,35887,10659,1078,68000,0,0,10.75,32.49,33.78,2077115,26836,701641,0,4385,201181,121970,160945,0,0,750,30456,5914,88248,3473,4058,114,1084,0,96030,568,0,0,10659,69762,2701,26243,0,1114,0,2146877,70700,0,35000,0,68000,0,0,81403,35000,0]
[2492485,20120630,"ROBERTSON HC LP               ","HARROGATE","TN",809459,807365,807293,2094,0,0,47635,0,0,6909,204,6958,12743,1456,0,0,0,0,0,0,0,29836,0,5.9,8.6300000000000008,9.8800000000000008,552087,6909,54544,0,1459,1605,33870,0,0,0,0,1205,0,6395,0,79,16,0,0,8853,0,32023,0,0,1944,0,0,0,2094,0,554031,1464,4,0,0,0,0,0,0,0,0]
[2495039,20120630,"TAYLOR CAP GRP                ","ROSEMONT","IL",4867810,4838836,4797101,0,0,-182,455144,78710,0,45764,300,424701,-98222,36290,-29587,0,0,56496,34843,3485,102926,0,0,9.41,12.59,16.03,3615393,124474,579618,0,4310,0,74695,0,0,0,0,0,0,8789,574,0,2375,2720,0,86992,4497,0,0,34843,45725,0,25489,0,0,0,3661118,36472,0,84000,0,13,0,0,29585,84000,0]
[2497202,20120630,"SOUTHCREST FNCL GRP           ","PEACHTREE CITY","GA",586205,584467,584214,648,0,0,54231,0,0,4095,3737,47447,-10872,1178,-221,0,0,3297,617,62,15898,0,0,9.2799999999999994,16.71,17.98,324452,4095,58326,0,0,419,15726,0,1966,0,0,327,0,3119,142,0,106,0,0,7157,0,0,0,688,3062,0,1028,0,648,0,327514,1167,31,0,0,15898,0,0,221,0,0]
[2497462,20120630,"DCB FNCL CORP                 ","LEWIS CENTER","OH",516093,516092,515578,0,0,0,35877,0,0,4698,3785,0,45587,-681,-13494,0,0,0,14,1,0,0,0,6.95,9.2799999999999994,10.5,386579,4698,40575,0,0,672,8170,0,0,0,0,149,0,1479,290,0,78,23,0,9148,0,0,0,14,4450,0,0,0,0,0,391029,-681,0,0,0,0,0,0,13494,0,0]
[2499822,20120630,"TF FNCL CORP                  ","NEWTOWN","PA",680876,null,688709,null,null,null,null,null,null,null,529,54234,76277,1055,-51993,null,0,0,843,null,0,null,null,null,null,null,null,null,null,0,0,0,12566,0,0,0,0,0,0,4571,212,0,204,0,null,6163,0,0,null,843,null,4324,null,null,0]
[2500700,20120630,"HF FC                         ","SIOUX FALLS","SD",1184962,null,1192591,null,null,null,null,null,null,null,91,45673,83571,-1622,-30897,null,0,3532,11932,null,0,null,null,null,null,null,null,null,null,0,0,107,16075,0,0,0,0,107,0,52,582,0,125,837,null,10566,79,0,null,11932,null,4366,null,null,0]
[2500719,20120630,"HMN FNCL                      ","ROCHESTER","MN",671395,null,669957,null,null,null,null,null,null,null,91,51442,45532,199,-63733,null,0,0,1533,null,26000,null,null,null,null,null,null,null,null,0,506,700,31095,0,0,0,0,0,0,4409,0,0,247,0,null,20519,0,0,null,1942,null,0,null,null,0]
[2502049,20120630,"STELLARONE CORP               ","CHARLOTTESVILLE","VA",2936833,2821997,2979890,114836,0,-2546,330877,0,0,26681,22875,271295,118552,9312,0,0,0,0,0,0,0,0,0,11.72,15.53,16.78,2130679,26681,357558,0,0,1309,35482,0,0,0,0,410,97,10814,177,0,2368,5215,0,30142,362,0,0,0,3823,113652,0,0,5171,0,2134502,11858,0,32991,0,0,0,0,0,32991,0]
[2504128,20120630,"ASTORIA FC                    ","LAKE SUCCESS","NY",17149119,null,17573412,null,null,null,null,null,null,null,1665,882168,1869967,-53155,-1415034,null,0,161444,7592,null,0,null,null,null,null,null,null,null,null,0,0,435,340312,0,0,0,0,0,0,290674,44,0,6414,3929,null,148102,786,0,null,7593,null,185151,null,null,0]
[2506784,20120630,"ASB FNCL CORP                 ","PORTSMOUTH","OH",null,null,21393]
[2507642,20120630,"GREAT AMER BC                 ","CHAMPAIGN","IL",null,null,16311]
[2507790,20120630,"CAROLINA FC                   ","CHARLESTON","SC",821333,821333,826855,0,0,0,69612,7425,0,7778,19,22025,32568,-3315,0,0,0,7844,8232,0,0,0,0,8.48,11.23,13.69,619612,15203,84815,0,0,53,24695,0,0,0,0,0,0,5895,513,0,383,0,0,10387,0,0,0,12762,2609,0,0,0,0,0,622221,-3315,0,15000,0,0,0,0,0,15000,0]
[2509413,20120630,"ROCKVILLE FNCL                ","ROCKVILLE","CT",1885734,1884589,1929332,1070,0,-8912,327676,0,0,17732,0,255601,92574,-6116,-19354,0,0,10492,751,75,0,0,0,17.39,21.63,22.81,1514876,17840,345516,0,0,0,15248,0,0,0,0,0,0,9010,901,0,672,0,0,17303,429,0,0,751,0,1070,0,108,0,0,1514876,2796,0,0,0,0,0,0,8880,0,0]
[2511014,20120630,"PLATTE VALLEY FS CO           ","SCOTTSBLUFF","NE",670245,667475,665758,2770,0,0,68285,0,0,6390,10,21632,43913,-293,0,0,0,1227,0,0,0,0,0,10.23,13.42,14.67,508996,6390,74675,0,348,739,3195,0,0,0,0,205,20,1204,25,0,0,0,0,8643,0,0,0,0,2253,2486,0,0,284,0,511249,-293,0,5500,0,0,0,0,0,5500,0]
[2514239,20120630,"MARATHON BKG CORP             ","ASTORIA","NY",885290,864843,897663,20447,0,0,98660,0,0,7289,124,53650,60333,-2162,0,0,0,7835,0,0,0,0,0,11.41,17,18.25,580484,7289,105949,0,0,0,5200,0,0,0,0,0,0,350,0,0,284,155,0,9510,375,53,0,0,2596,19037,0,0,1410,0,583080,-2162,0,5000,0,0,0,0,0,5000,0]
[2521509,20120630,"FIRST SOUTH BC                ","WASHINGTON","NC",740136,735862,742871,4274,0,0,87122,0,0,6514,97,35813,77453,4772,-31967,0,0,1932,1333,0,0,0,0,11.84,16.97,18.239999999999998,513329,6514,93636,0,0,628,37809,0,0,0,0,628,0,5840,950,0,160,310,0,14004,265,0,0,2094,7755,4218,0,0,55,0,521084,4772,0,10000,0,0,0,0,31967,10000,0]
[2523389,20120630,"TRI-COUNTY FC                 ","WALDORF","MD",961230,961230,975875,0,0,0,88065,0,0,7464,30,18510,44550,297,-7025,0,0,4593,204,0,20000,0,0,9.16,11.57,12.57,760890,7601,95666,0,0,0,10971,0,0,0,0,0,0,3430,0,0,0,0,0,7464,0,0,0,204,0,0,0,137,0,0,760890,297,0,12000,0,20000,0,0,7025,12000,0]
[2524788,20120630,"COUNTY BC                     ","MANITOWOC","WI",687319,687319,702024,0,0,0,90097,0,0,7529,4,14667,41463,1096,-409,0,0,1907,5304,0,22000,0,0,13.11,15.04,16.3,598940,7529,97626,0,2743,0,15106,0,0,0,0,0,0,770,47,0,0,372,0,10649,230,0,0,7599,3350,0,0,0,0,0,602290,1096,0,12372,0,22000,0,0,409,12372,0]
[2531245,20120630,"CARVER BC                     ","NEW YORK","NY",630361,null,644957,null,null,null,null,null,null,null,60,54549,-45462,-231,-417,null,71,0,411,null,45118,null,null,null,null,null,null,null,null,0,0,0,69799,0,0,0,0,0,0,11352,375,0,0,403,null,18607,0,1356,null,411,null,0,null,null,0]
[2532402,20120630,"SINOPAC BC                    ","LOS ANGELES","CA",1218380,1146841,1156852,25822,0,0,221226,0,0,11427,0,162306,-64541,2331,0,0,72,45709,0,7,195000,0,0,19.29,25.76,27.09,858730,11427,232653,0,0,3691,38353,0,0,0,0,0,0,144,0,0,1541,0,0,60817,6011,0,0,0,55401,25750,45710,0,0,0,914131,2331,0,0,0,195000,0,0,0,0,0]
[2545831,20120630,"LSB FNCL                      ","LACONIA","NH",1093880,1075988,1122166,17892,0,-151,99485,0,0,9357,0,0,117377,5334,0,0,0,0,0,0,0,0,0,9.25,12.89,14.17,771899,9878,109363,0,306,0,9590,0,0,0,0,0,0,3984,21,0,2078,8,0,8957,400,0,0,0,0,21034,0,521,1060,0,771899,5485,0,0,0,0,0,0,0,0,0]
[2557405,20120630,"FOUR OAKS FINCORP             ","FOUR OAKS","NC",917697,917418,904178,279,0,0,38755,14756,null,6706,7766,34142,-12490,1240,0,0,0,0,0,0,0,null,0,4.22,7.4,11.49,523987,21462,60217,0,648,1,52123,0,0,0,0,0,0,9937,849,0,1432,0,0,18418,0,0,0,0,11712,0,0,0,279,0,535699,1086,154,9616,null,null,null,null,null,9616]
[2560236,20120630,"PACIFIC FC                    ","ABERDEEN","WA",633415,620865,632961,12550,0,0,66067,0,0,5732,10122,41353,14142,-154,0,0,0,4347,0,0,0,0,0,10.64,14.58,15.84,453243,5732,71799,770,0,770,9446,0,0,0,0,0,0,562,78,0,60,403,0,11064,0,0,0,0,5332,11282,0,0,1268,0,458575,-154,0,13000,0,0,0,0,0,13000,0]
[2560263,20120630,"FIRST NAT CMNTY BC            ","DUNMORE","PA",1017755,1017026,967747,729,0,0,51028,25000,0,9609,20552,61557,-40349,-449,0,0,0,185,763,0,0,0,0,5.0199999999999996,6.73,11.3,758124,34609,85637,0,6035,23,23074,0,0,0,0,0,0,3411,504,0,96,354,0,19600,585,0,0,1088,10576,0,0,0,715,0,768700,-449,3,10000,0,0,0,0,0,10000,0]
[2568102,20120630,"FIRST FINANCIAL BANC CORP     ","EL DORADO","AR",794387,790595,797960,3792,0,0,74432,0,0,5372,624,6544,62556,142,0,0,0,0,2,0,0,0,0,9.41,17.47,18.739999999999998,426153,5438,79870,0,19665,0,22159,0,0,0,0,0,0,476,0,0,0,264,0,8945,0,0,0,2,3573,3692,0,66,100,0,429726,142,0,8500,0,0,0,0,0,8500,0]
[2568278,20120630,"MIDLAND FC                    ","OKLAHOMA CITY","OK",10121971,null,9859040,null,null,null,null,null,null,null,1,7807,1352495,-241764,0,null,0,0,254311,null,0,null,null,null,null,null,null,null,null,1944895,138,1957356,170086,0,584,1921066,0,1951241,0,10636,10590,0,1674,563,null,103235,0,0,null,317918,null,1047,null,null,573]
[2571120,20120630,"COLUMBIA BK MHC               ","FAIR LAWN","NJ",4586027,null,4601239,null,null,null,null,null,null,null,0,2150,430484,-33805,0,null,0,26054,621,null,0,null,null,null,null,null,null,null,null,0,1209,0,79696,0,0,0,0,0,0,47128,2915,0,778,0,null,53576,0,58,null,621,null,5716,null,null,0]
[2582827,20120630,"NORTHWAY FNCL                 ","NORTH CONWAY","NH",821004,809472,842108,10333,0,-3141,86433,0,0,6102,3620,1545,64906,-171,-15470,0,0,4103,745,0,23476,0,0,10.68,17.89,19.18,483222,6253,92686,0,368,0,16062,0,0,0,0,0,0,2387,163,0,371,620,0,10934,77,0,0,833,4909,9934,1311,151,399,0,488131,2970,0,20000,0,23476,0,0,15470,20000,0]
[2588744,20120630,"LEXINGTON B&L FC              ","LEXINGTON","MO",null,null,16074]
[2589406,20120630,"HOME CITY FNCL CORP           ","SPRINGFIELD","OH",null,null,13567]
[2589714,20120630,"MSB MUTUAL HC                 ","WALL TOWNSHIP ","NJ",835349,835312,843285,0,0,-699,81129,0,0,5255,0,0,81185,-107,0,0,0,2557,366,37,0,0,0,9.7100000000000009,15.93,16.96,509231,5255,86384,0,0,1417,4959,0,0,0,0,1191,22,2878,0,204,0,0,0,5255,0,0,0,366,0,0,0,0,0,0,509231,592,19,0,0,0,0,0,0,0,0]
[2592376,20120630,"SOUTHFIRST BSHRS              ","SYLACAUGA","AL",null,null,7807]
[2592714,20120630,"HOMETOWN CMNTY BC             ","MORTON","IL",2688212,2665782,2767272,22273,0,-2299,226740,38000,0,21462,38,126220,97700,7025,-11088,0,0,0,1568,157,0,0,0,8.51,13.26,16.73,1710522,59462,286202,0,0,3076,49819,0,0,0,0,485,13,4078,1042,10,64,0,0,27870,0,0,0,1568,6408,15843,0,0,6430,0,1716930,9324,0,36300,0,0,0,0,11088,36300,0]
[2603928,20120630,"SAEHAN BC                     ","LOS ANGELES","CA",607397,607397,608664,0,0,0,77395,651,0,4831,142617,2620,-87191,43,0,0,251,0,1209,0,0,0,0,12.74,20.62,22.08,375306,5491,82886,0,0,0,10076,0,0,0,0,0,0,0,798,0,196,619,0,15808,167,0,0,1902,11144,0,0,9,0,0,386450,43,0,19349,0,0,0,0,0,19349,0]
[2603991,20120630,"OLYMPIC BC                    ","PORT ORCHARD","WA",906571,893540,910355,13031,0,0,76807,0,0,6530,19948,0,69959,9541,0,0,0,0,174,0,0,0,0,8.6,14.73,15.99,521259,6530,83337,399,21,402,2280,0,0,0,0,0,0,245,305,0,139,1592,0,7583,50,0,0,260,1103,12942,0,0,89,0,522362,9541,69,0,0,0,0,0,0,0,0]
[2608763,20120630,"MERCANTILE BK CORP            ","GRAND RAPIDS","MI",1402059,1381241,1385245,0,0,0,158409,0,0,15010,174026,0,-26799,2435,0,0,0,25285,0,0,0,0,0,11.47,13.36,14.62,1186101,15027,173436,0,1655,0,28525,0,0,0,0,0,0,3166,124,0,2218,995,0,29689,0,0,0,0,14679,0,20818,17,0,0,1200780,2435,0,32000,0,0,0,0,0,32000,0]
[2609975,20120630,"OCEANFIRST FNCL CORP          ","TOMS RIVER","NJ",2273724,null,2297449,null,null,null,null,null,null,null,336,262987,193376,-652,-237211,null,0,12243,4708,null,0,null,null,null,null,null,null,null,null,0,0,0,44232,0,0,0,0,0,0,29081,1341,0,2442,797,null,17657,0,0,null,6152,null,0,null,null,0]
[2611718,20120630,"AMBOY BC                      ","OLD BRIDGE","NJ",2280096,2280096,2265537,0,0,-1447,221875,0,0,28117,26685,78561,61160,-64626,0,0,0,0,0,0,0,0,0,9.73,10.01,13.07,2215885,67648,289523,0,0,302,83349,0,0,0,0,212,0,14406,164,0,4295,3110,0,60617,1000,0,39531,0,33500,0,0,0,0,0,2249385,-63179,0,55469,0,0,0,0,0,55469,0]
[2618388,20120630,"SUMMIT BANCORP                ","ARKADELPHIA","AR",1154409,1154409,1163153,0,0,0,122904,0,0,10031,61,59469,64908,2734,-1534,0,0,3094,0,0,0,0,0,10.65,15.41,16.670000000000002,797362,10031,132935,0,0,0,7665,0,0,0,0,0,0,795,71,0,53,1247,0,15111,0,0,0,0,5080,0,0,0,0,0,802442,2734,0,0,0,0,0,0,1534,0,0]
[2618940,20120630,"GUARANTY FED BSHRS            ","SPRINGFIELD","MO",651971,651971,657356,0,0,0,64429,0,0,6609,678,58218,38957,941,-61460,0,0,4890,0,0,13070,0,0,9.8800000000000008,12.33,13.6,522374,6609,71038,0,0,0,33982,0,0,0,0,0,0,1543,0,0,169,465,0,13126,0,0,0,0,6517,0,0,0,0,0,528891,941,34,15000,0,13070,0,0,61369,15000,0]
[2621548,20120630,"TIMBERLAND BC                 ","HOQUIAM","WA",733243,727833,729136,5195,0,0,84378,0,0,6829,70,80260,64905,-513,-71615,0,0,3599,2150,215,16168,0,0,11.59,15.58,16.850000000000001,541427,6829,91207,0,0,945,26502,0,0,0,0,0,0,2123,343,710,433,0,0,11603,148,0,0,2150,4922,5650,0,0,287,0,546349,-513,0,0,0,16168,0,0,69830,0,0]
[2623430,20120630,"NARRAGANSETT FNCL CORP        ","FALL RIVER","MA",1008148,1001461,935954,6437,0,0,82378,0,0,5392,0,0,89065,-1442,0,0,0,5172,1298,130,0,0,0,8.23,11.83,12.6,696582,5392,87770,0,0,0,9960,0,0,0,0,0,0,3108,308,0,261,0,0,5392,0,105,0,1298,0,3793,120,0,2643,0,696582,-1442,0,0,0,0,0,0,0,0,0]
[2623524,20120630,"PENSECO FNCL SVC CORP         ","SCRANTON","PA",923391,893643,914393,27365,0,-4204,100450,0,0,6938,33,48875,81290,169,0,0,0,1946,437,437,0,0,0,11.24,15.9,17.02,631632,7085,107535,0,0,1556,2012,0,0,0,0,1352,51,1255,131,44,0,0,0,6938,0,0,0,850,0,26398,1946,147,967,0,631632,4373,0,0,0,0,0,0,0,0,0]
[2624398,20120630,"FIRST MUTUAL RICHMOND         ","RICHMOND","IN",648110,638802,641031,1198,0,0,59745,0,0,5219,0,1500,61691,868,0,0,0,10810,1928,193,7,0,0,9.35,14.31,15.56,417476,5230,64975,0,529,2411,34997,0,0,0,0,316,56,11293,46,0,64,16,0,9960,0,0,0,1928,4741,0,7917,11,1198,0,422217,13,0,5000,0,7,0,0,0,5000,0]
[2626299,20120630,"COMMUNITY W BSHRS             ","GOLETA","CA",583442,583372,573013,0,0,0,50273,7852,0,5715,33440,0,1689,35,0,0,694,405,0,70,15214,0,0,8.6199999999999992,11.24,14.27,447269,13567,63840,0,11121,52,42563,0,0,0,0,0,52,485,363,0,102,0,0,15446,181,0,0,0,9912,0,0,0,0,0,457181,35,0,0,0,15126,0,0,0,0,0]
[2626691,20120630,"EASTERN VA BSHRS              ","TAPPAHANNOCK","VA",1065662,1039982,1067309,15970,0,0,81988,0,0,8894,12046,19486,41904,-506,0,0,0,11698,121,12,24000,0,0,7.88,11.75,13,697538,8894,90650,0,0,336,14609,0,0,0,0,0,0,6300,469,0,511,232,0,22866,0,0,0,121,13972,15970,9466,0,0,0,711510,-506,0,10000,0,24000,0,0,0,10000,0]
[2631510,20120630,"BROOKLINE BC                  ","BROOKLINE","MA",4904933,4742465,4972381,162468,0,0,434428,12192,0,37431,754,618184,42006,1969,-64048,0,0,25656,0,0,0,0,0,9.16,10.6,11.82,4096498,49650,484078,355,375,15717,21063,0,0,0,0,4391,179,4084,182,0,304,0,0,37431,105,3939,0,0,105,137890,0,27,24578,0,4096603,1969,0,0,0,0,0,0,62107,0,0]
[2634212,20120630,"MOUNTAINONE FNCL PARTNERS MHC ","NORTH ADAMS","MA",835733,822178,850108,3388,0,-941,73569,0,0,6885,0,0,67155,-1702,0,0,0,10155,313,9,0,0,0,8.9499999999999993,11.73,12.83,627055,6885,80454,0,60,1106,20232,0,0,0,0,0,0,7228,515,0,274,620,0,6865,20,0,0,338,0,2070,10158,0,1318,0,627055,-761,31,20000,0,0,0,0,0,20000,0]
[2634490,20120630,"INTERMOUNTAIN CMNTY BC        ","SANDPOINT","ID",954620,943656,967191,130,0,0,114447,0,0,7609,126331,1994,-45185,2272,-94,0,0,13170,0,0,26335,0,0,12.13,18.88,20.14,606103,7609,122056,0,3422,0,6595,0,0,0,0,0,0,585,96,0,116,497,0,10232,15,0,0,0,2638,0,10834,0,130,0,608741,2272,0,16030,0,26335,0,0,94,16030,0]
[2634696,20120630,"MACATAWA BC                   ","HOLLAND","MI",1504253,1504081,1520335,0,0,0,135396,1650,0,14029,187709,0,-119154,680,0,0,0,172,0,0,33164,0,0,9,12.21,14.18,1109281,21859,157255,0,36,27,18852,0,0,0,0,0,0,2371,675,0,490,1637,0,27180,0,0,6151,0,13151,0,172,29,0,0,1122432,680,0,33849,0,33164,0,0,0,33849,0]
[2634874,20120630,"HERITAGE CMRC CORP            ","SAN JOSE","CA",1320744,1302189,1324702,2246,0,-5199,165973,0,0,13034,169797,12869,8587,3163,-49244,0,780,23581,0,0,19519,0,0,12.75,16.03,17.29,1035547,13034,179007,0,1363,4,14728,0,0,0,0,0,0,105,681,0,398,0,0,20023,152,0,0,0,7141,0,16309,0,2245,0,1042688,8362,0,23000,0,19519,0,0,49244,23000,0]
[2640615,20120630,"SOUTH VALLEY BC               ","KLAMATH FALLS","OR",839710,835075,858839,2439,0,0,64149,0,0,6355,42972,24,25788,777,0,0,0,4974,0,0,0,0,0,7.68,12.67,13.93,506326,6358,70507,0,0,0,25741,0,7928,0,0,0,0,3485,4467,0,1542,0,0,8268,122,0,0,0,2035,2386,2196,3,53,0,508361,777,0,0,0,0,0,0,0,0,0]
[2641694,20120630,"FIRST COMMUNITY BSHRS         ","BATESVILLE","AR",751248,750148,750367,1100,0,0,68366,0,0,7292,129,29378,41022,1539,-1063,0,0,153,0,0,0,0,0,9.11,11.75,13,581953,7292,75658,0,411,51,6261,0,0,0,0,0,0,1642,167,0,5,900,0,8668,0,0,0,0,1376,549,0,0,551,0,583329,1539,0,0,0,0,0,0,1063,0,0]
[2648693,20120630,"FIRST NIAGARA FNCL GROUP      ","BUFFALO","NY",36344254,33675633,35123415,2596170,0,-28824,2128702,297720,0,149434,3660,4223851,351015,103920,-202235,0,33369,79857,20399,3337,338002,224,0,6.32,9.4,11.37,22647555,447297,2575999,5901,5664,125668,129073,0,0,0,0,71246,4817,25587,2963,0,18920,4273,0,138516,10918,224,0,26557,0,2471749,97938,143,126487,0,22647555,132744,0,111630,0,338002,0,0,183792,111630,0]
[2651590,20120630,"PEAPACK-GLADSTONE FC          ","BEDMINSTER","NJ",1582165,1581602,1578605,563,0,0,112999,0,0,12554,7720,96651,18313,539,-8988,0,0,26432,0,0,0,0,0,7.14,11.26,12.51,1003890,12554,125553,0,0,0,19011,0,0,0,0,0,0,7273,217,0,98,0,0,13686,0,0,0,0,1132,563,0,0,0,0,1005022,536,137,0,0,0,0,0,8988,0,0]
[2652104,20120630,"EAGLE BC                      ","BETHESDA","MD",2892435,2884898,2965756,3820,0,0,277881,7440,0,34218,203,141518,87097,5393,0,0,158,16836,0,16,56600,0,0,9.6300000000000008,10.02,11.53,2772143,41658,319539,0,78,0,32876,0,0,0,0,0,0,1319,331,0,268,0,0,34079,139,0,0,0,0,2163,3701,0,1657,0,2772143,5350,43,0,0,0,0,0,0,0,56600]
[2682996,20120630,"CARDINAL FC                   ","MCLEAN","VA",2547586,2537195,2714170,10391,0,0,272239,0,0,27075,29253,164245,69132,13792,0,0,0,3499,0,0,0,0,0,10.73,11.75,12.92,2317431,27075,299314,0,0,399,10215,0,0,0,0,0,0,811,0,0,0,619,0,26660,415,0,0,0,0,10143,0,0,248,0,2317431,13792,0,20000,0,0,0,0,0,20000,0]
[2686659,20120630,"ECB BC                        ","ENGELHARD","NC",921878,917067,944266,0,0,0,75661,0,0,7858,9974,26421,26360,2655,0,0,0,7068,0,0,17850,0,0,8.25,12.09,13.35,625740,7858,83519,0,1717,0,18204,0,0,0,0,0,0,1824,523,0,273,0,0,10780,0,0,0,0,2922,0,4811,0,0,0,628662,2788,0,0,0,17850,0,0,0,0,0]
[2687795,20120630,"CAMBRIDGE FNCL GROUP          ","CAMBRIDGE","MA",2340539,2338811,2382987,0,0,-218,240234,0,0,14413,0,234252,8094,2522,0,0,0,13729,891,0,0,0,0,10.27,14.53,15.4,1653880,14413,254647,0,0,0,8524,0,0,0,0,0,0,7781,185,0,0,3638,0,13955,458,6,0,1014,0,0,1946,0,0,0,1653880,2740,166,0,0,0,0,0,0,0,0]
[2692892,20120630,"ORITANI FNCL CORP             ","WASHINGTON","NJ",2653174,null,2700354,null,null,null,null,null,null,null,562,495704,200717,3922,-190196,null,0,25569,0,null,0,null,null,null,null,null,null,null,null,0,0,0,18335,0,0,0,0,0,0,4573,7,0,268,0,null,31187,0,21,null,0,null,0,null,null,0]
[2693273,20120630,"SALISBURY BC                  ","LAKEVILLE","CT",596902,586164,600856,10738,0,-2097,58143,0,0,4239,169,13158,39554,245,0,0,0,367,793,0,16000,0,0,9.92,15.5,16.649999999999999,375092,4294,62437,0,0,0,8409,0,0,0,0,0,0,1041,144,0,463,0,0,4208,31,0,0,862,0,9829,0,55,909,0,375092,2342,0,0,0,16000,0,0,0,0,0]
[2693992,20120630,"MIDLAND CAPITAL HOLDINGS CORP ","BRIDGEVIEW","IL",null,null,12650]
[2697347,20120630,"FVNB CORP                     ","VICTORIA","TX",1914483,1886356,1964107,28127,0,0,175848,0,0,17419,26,19698,128515,4391,-264,0,0,0,0,0,18000,0,0,9.32,12.68,13.94,1386751,17507,193355,0,0,365,18907,0,0,0,0,248,0,275,0,0,0,1291,0,24042,150,0,0,0,6773,27482,0,88,645,0,1393524,4391,0,38000,0,18000,0,0,8,38000,0]
[2705943,20120630,"CNLBANCSHARES                 ","ORLANDO","FL",1344561,1302213,1283140,0,0,0,66845,0,0,11134,194,133745,-54555,3684,0,0,0,40034,0,0,29809,0,0,5.13,7.55,8.8000000000000007,885945,11134,77979,0,0,0,50918,0,0,0,0,0,0,5003,0,0,242,0,0,15953,0,0,0,0,4819,0,42348,0,0,0,890764,3684,0,0,0,31,0,0,0,0,0]
[2706735,20120630,"TEXAS CAP BSHRS               ","DALLAS","TX",8520833,8500652,9144811,20181,0,0,766691,0,0,75396,381,357713,318490,4129,-8,0,0,32677,0,0,0,296,0,9.02,9.5399999999999991,10.48,8035473,75468,842159,0,1985,4421,56433,0,0,0,0,267,0,6003,174,0,0,3406,0,72404,2992,296,0,0,0,14042,0,72,6139,0,8035473,4129,0,110000,0,0,0,0,8,110000,0]
[2710796,20120630,"ANDROSCOGGIN BC MHC           ","LEWISTON","ME",708593,695570,717681,13004,0,-3636,68269,0,0,6571,0,27100,54220,-3421,0,0,0,4458,185,19,0,0,0,9.81,11.63,12.75,587010,6571,74840,0,0,0,9510,0,0,0,0,0,0,5720,130,0,560,1407,0,6196,375,0,0,188,0,11376,0,0,1628,0,587010,215,28,0,0,0,0,0,0,0,0]
[2713685,20120630,"PACIFIC CREST BC              ","LYNNWOOD","WA",null,null,15444]
[2721112,20120630,"LAKE MI FC                    ","HOLLAND","MI",995972,995972,998957,0,0,0,96575,3856,0,10042,36982,0,36150,1075,-701,0,0,5570,0,0,0,0,0,9.6999999999999993,12.08,13.81,799692,13898,110473,0,0,0,10032,0,0,0,0,0,0,2979,36,0,330,868,0,13216,482,0,0,0,3656,0,0,0,0,0,803348,1075,0,24144,0,0,0,0,0,24144,0]
[2728157,20120630,"BERKSHIRE BC                  ","NEW YORK","NY",877409,877409,888047,0,0,0,154207,0,0,4971,1442,143903,-13819,-5073,0,0,0,18907,0,0,0,0,0,17.579999999999998,38.65,39.9,398949,4971,159178,0,0,0,520,0,0,0,0,0,0,520,0,0,0,681,0,17718,0,0,0,0,12747,0,0,0,0,0,411696,-5326,253,22681,0,0,0,0,0,22681,0]
[2728577,20120630,"MACHIAS BC MHC                ","MACHIAS","ME",943851,942579,962348,1143,0,0,118179,0,0,10679,0,20000,99451,914,0,0,0,7224,1286,129,0,0,0,12.54,13.92,15.23,849152,11169,129348,0,447,0,22672,0,0,0,0,0,0,6741,71,0,882,0,0,19856,601,244,0,1286,9778,1143,0,490,0,0,858930,914,0,0,0,0,0,0,0,0,0]
[2728595,20120630,"GREENE CTY BC MHC             ","CATSKILL","NY",583708,null,592070,null,null,null,null,null,null,null,0,0,28150,93,0,null,0,0,0,null,0,null,null,null,null,null,null,null,null,0,0,123,6893,0,0,0,0,83,40,4425,391,0,60,0,null,6177,0,24544,null,0,null,0,null,null,0]
[2728625,20120630,"ONEIDA FNCL CORP              ","ONEIDA","NY",687338,null,677349,null,null,null,null,null,null,null,68,42357,49464,-976,-556,null,0,3651,506,null,0,null,null,null,null,null,null,null,null,0,0,0,4360,0,0,0,0,0,0,362,150,0,0,0,null,2505,0,59,null,506,null,23982,null,null,791]
[2731586,20120630,"PACIFIC COAST BKR BSHRS       ","SAN FRANCISCO","CA",665924,665649,641944,275,0,0,67410,2072,0,3058,22421,0,16403,1357,0,0,0,1214,0,0,11934,0,0,10.130000000000001,27.78,29.9,242631,5130,72540,0,0,0,4659,0,0,0,0,0,0,0,36,0,0,589,0,5109,1,0,0,0,2052,0,0,0,275,0,244683,1357,0,16927,0,11934,0,0,0,16927,0]
[2734064,20120630,"INDEPENDENT ALLI BK           ","FORT WAYNE","IN",959312,944726,948362,14586,0,0,93510,0,0,8782,0,35620,69188,5102,-6712,0,0,2079,0,0,0,0,0,9.9,13.35,14.6,700554,8782,102292,125,1789,373,12776,0,0,0,0,179,0,1584,436,15,22,310,0,10826,0,250,0,0,2044,13856,0,0,828,0,702598,5102,0,10000,0,0,0,0,6712,10000,0]
[2734233,20120630,"EAST W BC                     ","PASADENA","CA",21557079,21158162,21525820,398917,0,0,2045859,45000,0,163981,157,1456361,1040535,-15923,-269217,0,0,208553,5387,0,83027,0,0,9.67,15.7,17.3,13031673,208981,2254840,105312,2125,122537,314891,0,161964,0,0,0,0,13080,0,0,4226,49691,0,226627,12504,0,0,9288,75150,337438,0,0,61479,0,13106823,-16836,0,133000,0,83027,0,0,269217,133000,0]
[2737766,20120630,"JACKSONVILLE BC               ","JACKSONVILLE","FL",594209,589561,583645,4648,0,-795,17929,8965,0,5881,59,55408,-37750,1261,0,0,0,0,0,0,0,0,0,3.04,3.93,7.19,455721,14846,32775,0,0,0,46407,0,0,0,0,0,0,9957,800,0,1419,712,0,20647,0,0,0,0,14766,3137,0,0,1511,0,470487,2056,0,4860,0,0,0,0,0,4860,0]
[2737823,20120630,"FARMERS & MRCHS BC            ","HANNIBAL","MO",null,null,14628]
[2743235,20120630,"RED RIVER BSHRS               ","ALEXANDRIA","LA",1069751,1069584,1083471,167,0,-70,98404,0,0,8324,30133,0,63002,6360,-564,0,0,0,0,0,0,0,0,9.1999999999999993,14.5,15.74,678696,8392,106796,0,0,209,1492,0,0,0,0,0,0,206,67,0,122,514,0,8324,0,0,0,0,0,167,0,68,0,0,678696,6430,0,6000,0,0,0,0,564,6000,0]
[2744894,20120630,"FIRST BC                      ","SAN JUAN","PR",12873457,12831889,12913650,38610,0,0,1605768,0,0,132415,20663,885130,453558,26610,-49,-24,24342,4664,16593,2893,63047,0,0,12.51,15.98,17.3,10046283,132415,1738183,83511,0,125073,1117132,0,0,5205,0,96630,0,312583,14788,0,2568,41458,0,444055,3400,0,0,17820,315040,28098,41,0,10512,0,10361323,26610,13,225000,0,63047,0,0,49,225000,0]
[2745604,20120630,"TOWER FC                      ","FORT WAYNE","IN",650713,647828,651239,0,0,0,75842,0,0,6408,44561,0,17523,3734,-884,0,0,5928,0,0,0,0,0,11.71,14.87,16.13,510037,6408,82250,0,0,471,13275,0,0,0,0,254,0,2698,0,0,0,527,0,9032,0,0,0,0,2624,0,2885,0,0,0,512661,3734,0,17527,0,0,0,0,884,17527,0]
[2746049,20120630,"CENTRAL BC                    ","SOMERVILLE","MA",536420,531189,565737,2232,0,144,49733,0,0,4153,1691,2202,34277,951,-4177,0,0,3197,0,0,9971,0,0,9.36,14.3,15.54,347793,4315,54048,0,0,0,8609,0,0,0,0,0,0,1906,0,0,5,341,0,4153,0,0,0,0,0,2232,2999,162,0,0,347793,807,0,11000,0,0,0,0,4177,11000,0]
[2747644,20120630,"UMPQUA HC                     ","PORTLAND","OR",11357520,10690167,11527108,660483,0,0,1221904,0,0,95798,1499379,32116,134612,30729,0,0,541,1559,22513,2305,0,0,0,11.43,15.95,17.2,7661939,95798,1317702,0,4151,45254,81895,29745,0,0,0,3663,688,7700,1897,1614,792,16853,0,96595,1126,0,0,22513,1923,656073,4565,0,18722,0,7663862,30729,0,223150,0,0,0,0,0,223150,0]
[2748995,20120630,"PEOPLES UT BC                 ","AMERICAN FORK","UT",896214,896214,911229,0,0,0,109340,0,0,8424,132,8438,100770,1490,0,0,0,6191,874,0,0,0,0,12.2,16.38,17.649999999999999,667320,8424,117764,0,252,2604,24038,0,0,0,0,0,0,3041,27,0,0,0,0,14852,250,0,0,874,6678,0,0,0,0,0,673998,1490,0,0,0,0,0,0,0,0,0]
[2754585,20120630,"COMMUNITY FIRST BSHRS         ","HARRISON","AR",512827,512777,511534,50,0,0,59565,0,0,4527,42,20364,21059,1864,0,0,0,2190,0,0,13149,0,0,11.62,16.559999999999999,17.82,359749,4527,64092,0,78,236,8213,0,0,0,0,78,0,4801,263,0,0,11768,0,6914,0,0,0,0,2387,0,0,0,50,0,362136,1863,0,5000,0,13149,0,0,0,5000,0]
[2759900,20120630,"LCNB CORP                     ","LEBANON","OH",806585,800677,831575,6001,0,-136,69231,0,0,2952,11115,15837,59989,5189,-11665,0,0,0,434,43,0,0,0,8.65,14.25,14.86,485731,2952,72183,0,0,72,3248,0,0,0,0,0,0,1517,101,39,381,0,0,2952,0,0,0,612,0,5915,0,0,86,0,485731,5326,0,0,0,0,0,0,11665,0,0]
[2762973,20120630,"PACIFIC CONTINENTAL CORP      ","EUGENE","OR",1296206,1274082,1310238,22124,0,0,161837,0,0,11476,131344,3321,41296,4628,0,0,0,6323,0,0,0,0,0,12.7,17.73,18.989999999999998,912823,11476,173313,0,497,0,23693,0,0,0,0,0,0,2900,446,0,88,248,0,16175,168,0,0,0,4867,22031,0,0,93,0,917690,4628,0,8000,0,0,0,0,0,8000,0]
[2772990,20120630,"AMERI-NATIONAL CORP           ","OVERLAND PARK","KS",706912,706662,701875,250,0,0,27778,13889,0,5715,24109,0,-3088,-6989,0,83,0,0,0,0,0,0,0,3.93,6.2,10.57,448390,19604,47382,0,0,0,15478,0,0,0,0,0,0,5615,0,0,0,1550,0,7149,0,0,0,0,1434,0,0,0,250,0,449824,-6989,0,6924,0,0,0,0,0,50000,0]
[2778291,20120630,"JONES FNCL CO                 ","SAINT LOUIS","MO",null,null,10021935]
[2781910,20120630,"FARMERS & MRCHS BC            ","LODI","CA",1921175,1921175,1928310,0,0,0,201256,0,0,18596,8,75410,115838,7519,0,0,0,23967,0,0,0,0,0,10.48,13.66,14.93,1473035,18596,219852,0,0,0,3015,0,0,0,0,0,0,452,135,0,211,310,0,33098,142,0,0,0,14644,0,0,0,0,0,1487679,7519,0,10000,0,0,0,0,0,10000,0]
[2784920,20120630,"1ST CONSTITUTION BC           ","CRANBURY","NJ",757491,752116,777499,5375,0,0,69165,0,0,6257,41073,0,15535,1133,-68,0,0,4344,0,0,0,0,0,9.1999999999999993,11.46,12.49,603659,6257,75422,0,0,42,2849,0,0,0,0,0,0,140,233,0,0,0,0,6257,0,0,0,0,0,3764,0,0,1610,0,603659,1133,0,18000,0,0,0,0,68,18000,0]
[2787118,20120630,"RELIANCE BSHRS                ","DES PERES","MO",1024321,1024225,1017820,96,0,0,65658,0,0,9573,5690,121210,-103146,950,0,0,0,0,0,0,42555,0,555,6.41,8.7899999999999991,10.07,747185,9573,75231,0,0,0,51279,0,0,0,0,0,0,492,182,0,0,0,0,28169,57,0,0,0,18653,0,0,0,96,0,765838,950,0,0,0,42000,0,0,0,0,0]
[2790967,20120630,"ANCHOR BC WI                  ","MADISON","WI",2784904,null,2783148,null,null,null,null,null,null,null,2536,110403,-149320,1119,-91529,null,0,0,20590,null,98284,null,null,null,null,null,null,null,null,0,0,23296,188948,0,0,0,0,0,0,43469,3041,0,2911,0,null,100477,1651,0,null,20848,null,0,null,null,0]
[2803719,20120630,"MIDWEST BANKCENTRE            ","SAINT LOUIS","MO",1183683,1183681,1063929,2,0,0,118217,0,0,10537,12951,6171,113020,3435,-13923,0,0,4422,25,0,0,0,0,9.99,14.04,15.3,841757,10537,128754,0,0,9,9710,0,0,0,0,0,6,311,118,0,220,0,0,12568,774,0,0,25,2805,0,0,0,0,0,844562,3435,0,0,0,0,0,0,13923,0,0]
[2805375,20120630,"HCSB FC                       ","LORIS","SC",530496,530496,531029,0,0,0,2054,1027,0,5010,37,30224,-47682,-624,0,0,0,0,0,0,13475,0,0,0.39,0.53,1.06,387360,6037,4108,0,0,0,30730,0,0,0,0,0,0,4241,190,0,611,0,0,18446,0,0,0,0,13436,0,0,0,0,0,400796,-624,0,6000,0,0,0,0,0,6000,12895]
[2805432,20120630,"FLORIDA BUS BANCGROUP         ","TAMPA","FL",616136,607840,626568,0,0,0,51365,0,0,4059,74,54130,-10493,2316,0,0,0,10040,0,0,15950,0,0,8.4499999999999993,15.87,17.13,323571,4059,55424,0,0,470,27264,125,6294,0,0,157,313,4898,577,0,1828,0,0,5216,0,0,0,0,1157,0,8296,0,0,0,324728,2316,0,0,0,15360,0,0,0,0,0]
[2807614,20120630,"METRO BC                      ","HARRISBURG","PA",2445859,2445859,2449922,0,0,0,245070,0,0,21425,14128,156065,50903,6031,0,0,0,3872,0,0,974,0,0,10.02,14.34,15.59,1709309,21425,266495,0,841,154,35438,0,0,0,0,154,0,6173,648,0,353,1200,0,26158,0,0,0,0,4733,0,0,0,0,0,1714042,6031,0,23000,0,974,0,0,0,23000,0]
[2809560,20120630,"COCONUT GROVE BSHRS           ","MIAMI","FL",623533,610678,617483,0,0,0,61374,0,0,3394,33,57054,17772,2437,-629,0,0,13603,0,0,0,0,0,10.050000000000001,23.28,24.57,263631,3394,64768,0,0,0,9259,0,0,0,0,0,0,1925,764,0,0,0,0,11220,72,0,0,0,7898,0,12855,0,0,0,271529,2438,0,0,0,0,0,0,629,0,0]
[2810285,20120630,"SOUTH CENTRAL BSHRS OF KY     ","GLASGOW","KY",869958,869724,876320,0,0,0,98048,0,0,7298,504,24799,62768,1460,-13866,0,0,288,2646,234,6000,3077,0,11.27,16.850000000000001,18.100000000000001,582033,7298,105346,0,758,550,21605,0,0,0,0,285,137,3740,146,0,115,0,0,10155,252,3077,0,2709,3109,0,0,0,0,0,585142,1460,0,15000,0,6000,0,0,13866,15000,0]
[2818245,20120630,"PEOPLES BC OF NC              ","NEWTON","NC",1036560,1036560,1035089,0,0,0,110212,0,0,9030,47594,704,29617,4627,0,0,0,3581,0,0,12298,0,0,10.63,15.38,16.68,716611,9285,119497,0,0,1797,21074,0,0,0,0,1797,0,3662,100,0,863,619,0,16640,0,0,0,0,7610,0,0,255,0,0,724221,4628,0,20000,0,12298,0,0,0,20000,0]
[2820211,20120630,"METROPOLITAN BK HOLD CORP     ","NEW YORK","NY",585604,574535,580622,11069,0,0,52806,0,6735,4930,13,28109,6449,447,0,0,0,4240,0,0,16039,0,0,9.19,13.49,16.47,391534,11665,64471,0,0,905,3151,0,0,0,0,0,0,565,1000,0,0,620,0,7758,53,0,0,0,2881,10812,0,0,257,0,394415,447,0,13265,0,16039,0,0,0,13265,0]
[2835475,20120630,"NORWAY BC MHC                 ","NORWAY","ME",953625,955013,964944,5937,0,-7285,106071,0,0,8509,0,25000,87008,-3873,0,0,0,3588,0,0,0,0,0,11.11,12.94,14.17,819979,10134,116205,0,322,632,8445,0,0,0,0,609,23,3309,44,0,639,1205,0,8249,260,0,0,0,0,5937,0,1625,0,0,819979,3412,0,0,0,0,0,0,0,0,0]
[2835514,20120630,"BOILING SPRINGS MHC           ","RUTHERFORD","NJ",1380190,1364505,1383342,15460,0,-338,175070,0,0,10321,0,0,190530,5094,0,0,0,6645,0,0,0,0,0,12.83,21.31,22.58,821387,10384,185454,0,0,0,45708,0,0,0,0,0,0,8497,299,0,435,128,0,14600,0,0,0,0,4279,15460,0,63,0,0,825666,5432,0,0,0,0,0,0,0,0,0]
[2836801,20120630,"FIRST SCTY GRP                ","CHATTANOOGA","TN",1122742,1121972,1112548,770,0,-669,50135,0,0,8043,115,110247,-89882,3086,-1906,0,0,0,0,0,32331,0,0,4.47,7.94,9.2100000000000009,631610,8043,58178,0,0,2636,42110,0,0,0,0,364,0,7787,1585,0,1499,0,0,19600,261,0,0,0,11818,0,0,0,770,0,643428,3755,0,0,0,32331,0,0,1906,0,0]
[2838159,20120630,"PROVIDENT BC                  ","AMESBURY","MA",534651,534360,553151,0,0,0,64067,0,0,4569,0,0,46922,1789,0,0,0,3075,0,0,17145,0,0,11.99,17.52,19.079999999999998,365662,5695,69762,0,0,1,3098,0,0,0,0,0,0,1351,66,0,0,406,0,4860,0,0,0,0,291,0,0,1126,0,0,365953,1789,0,0,0,17145,0,0,0,0,0]
[2847115,20120630,"SANTANDER BC                  ","GUAYNABO","PR",7064250,6902395,7010815,140075,0,0,795798,128432,0,58819,250,522316,274985,-37656,0,0,0,58298,7035,0,75000,0,0,11.53,17.23,21.29,4617558,187251,983049,0,1508,3883,299626,0,0,0,0,0,0,182837,3572,0,0,0,0,144427,2341,0,0,14225,87949,121482,21780,0,18593,0,4705507,1466,0,124224,0,75000,0,0,0,124224,0]
[2849799,20120630,"SOUTHERN FIRST BSHRS          ","GREENVILLE","SC",762769,762769,759759,0,0,0,74882,0,0,7750,38,39762,6307,1290,0,0,0,1385,0,0,15775,0,0,9.82,12.1,13.36,618627,7750,82632,0,0,0,10367,0,0,0,0,0,0,1253,585,0,587,403,0,9131,0,0,0,0,1381,0,0,0,0,0,620008,1290,0,13000,0,15775,0,0,0,13000,0]
[2856377,20120630,"VIRGINIA CMRC BC              ","ARLINGTON","VA",2963114,2963114,3017276,0,0,0,362900,0,0,29037,31699,117721,72135,5073,0,0,0,22400,0,0,76666,0,0,12.25,15.74,17,2305334,29037,391937,0,0,45,46359,0,0,0,0,0,0,4937,563,0,3480,0,0,46632,0,0,0,0,17595,0,0,0,0,0,2322929,5073,0,64679,0,76666,0,0,0,64679,0]
[2858773,20120630,"FIDELITY D&D BC INC           ","DUNMORE","PA",607912,606438,595738,0,0,0,55427,0,0,5797,23080,0,33821,-338,0,0,0,7645,837,84,0,0,0,9.14,12.01,13.29,461356,5865,61292,0,836,207,14421,0,0,0,0,114,0,2868,1454,0,434,0,0,8151,79,0,0,837,2433,0,1390,68,0,0,463789,-338,0,0,0,0,0,0,0,0,0]
[2858951,20120630,"BANCORP                       ","WILMINGTON","DE",3375112,3364341,3150202,7504,0,0,276398,0,0,23566,33201,243284,-1450,8706,-866,0,0,20716,0,0,0,0,0,8.2200000000000006,14.72,15.98,1877691,23571,299969,126,0,3105,24815,0,0,0,0,201,100,987,208,0,927,401,0,31171,0,0,0,0,7605,0,3267,5,7504,0,1885296,8706,0,13000,0,0,0,0,866,13000,0]
[2860431,20120630,"1ST UNITED BC                 ","BOCA RATON","FL",1595851,1528684,1612041,61058,0,0,166762,0,0,9356,341,237480,-3892,2327,0,0,0,8491,0,0,0,0,0,10.91,20.69,21.85,806064,9356,176118,0,276,0,23921,0,9044,0,0,0,0,6180,97,0,1016,0,0,9356,0,0,0,0,0,57430,6109,0,3628,0,806064,2327,0,0,0,0,0,0,0,0,0]
[2861492,20120630,"HARLEYSVILLE SVG FNCL CORP    ","HARLEYSVILLE","PA",825124,824766,828976,0,0,0,58847,0,0,3867,23,9137,52368,52,-2655,-26,0,263,0,0,0,0,0,7.13,12.49,13.31,471294,3880,62727,0,0,0,7374,0,0,0,0,0,0,3423,510,0,178,0,0,3867,0,0,0,0,0,0,0,13,0,0,471294,52,0,0,0,0,0,0,2655,0,0]
[2867458,20120630,"FIRST CAPITAL INC             ","CORYDON","IN",null,null,51877]
[2867542,20120630,"PREMIERWEST BC                ","MEDFORD","OR",1202460,1200702,1195755,1758,0,0,94980,5816,0,11032,206348,2179,-176598,6736,0,0,0,0,0,0,40625,0,0,7.91,10.87,12.8,873746,16848,111828,0,895,146,38306,0,0,0,0,94,0,3279,0,0,835,928,0,19518,311,0,0,0,8797,0,0,0,1758,0,882543,6736,0,24184,0,40625,0,0,0,24184,0]
[2868129,20120630,"CENTERSTATE BK                ","DAVENPORT","FL",2486710,2431922,2440478,54788,0,0,224413,0,0,17066,301,228755,32645,7614,0,0,0,325,0,0,0,0,0,9.23,16.54,17.79,1357181,17066,241479,0,0,92433,31769,73852,0,0,0,27988,951,10960,736,1700,1484,542,0,25183,0,0,0,0,8117,46785,0,0,8003,0,1365298,7614,0,17500,0,0,0,0,0,17500,0]
[2868950,20120630,"MIDLAND BSHRS                 ","MIDLAND","TX",861152,848048,844534,13104,0,0,56893,0,0,6791,832,23421,37371,643,-852,0,0,0,0,0,0,0,0,6.71,9.8000000000000007,10.97,580463,6791,63684,0,0,0,3835,0,0,0,0,0,0,206,36,0,0,287,0,6496,295,0,0,0,0,15251,0,0,0,0,580463,643,0,9225,0,0,0,0,852,9225,0]
[2869733,20120630,"PACIFIC MERC BC               ","COSTA MESA","CA",1069365,1062275,1076123,0,0,67,130444,0,0,11210,107933,2753,1256,-972,0,0,0,13596,0,0,8747,0,0,12.28,14.6,15.86,893170,11210,141654,0,1442,0,21142,0,0,0,0,0,0,524,0,0,0,682,0,14648,181,0,0,0,3619,0,7090,0,0,0,896789,-1039,0,16845,0,0,0,0,0,16845,8747]
[2875332,20120630,"PACWEST BC                    ","LOS ANGELES","CA",5381586,5303983,5323035,75904,0,0,560551,0,0,45525,377,1074996,-535517,32494,-6702,0,1118,37041,0,112,0,0,0,10.57,15.67,16.940000000000001,3578046,45525,606076,0,6750,53593,52764,42862,0,0,0,3257,0,2481,1082,0,546,3250,0,103524,5970,0,0,0,63969,62008,1587,0,19854,0,3642015,32494,0,105000,0,0,0,0,6702,105000,0]
[2880626,20120630,"FIRST NORTHERN CMNTY BC       ","DIXON","CA",790486,785199,785050,0,0,0,83936,0,0,6040,63261,977,2138,1109,0,0,0,7290,1301,130,22847,0,0,10.69,17.53,18.8,478708,6040,89976,0,227,0,9280,0,0,0,0,0,0,1005,90,0,146,0,0,9784,793,0,0,1301,4537,0,5157,0,0,0,483245,1109,0,0,0,22847,0,0,0,0,0]
[2894230,20120630,"DISCOUNT BC                   ","NEW YORK","NY",9319143,9306631,9399762,0,0,-11609,832807,0,0,69492,5000,94652,752545,-41114,0,0,0,75317,0,0,0,0,0,8.9499999999999993,14.28,15.47,5833505,69561,902368,0,0,0,48081,0,0,0,0,0,0,0,0,0,0,0,0,68708,784,0,0,0,0,0,12512,69,0,0,5833505,-22627,0,0,0,0,0,0,0,0,0]
[2900261,20120630,"HANMI FC                      ","LOS ANGELES","CA",2718577,2688623,2846652,1417,0,0,395342,0,0,26959,257,549682,-134778,3153,-69858,0,415,47483,4587,42,0,0,0,14.7,18.739999999999998,20.02,2109430,26959,422301,0,10348,0,48630,0,0,0,0,0,0,1298,0,0,1552,2475,0,71893,2346,0,0,5345,47280,0,28495,0,1417,0,2156710,3153,7,80000,0,0,0,0,69858,80000,0]
[2902005,20120630,"FLORIDA CMTY BSHRS            ","OCALA","FL",553796,553796,551732,0,0,0,59919,7206,0,3954,13,17654,23387,3791,-3135,0,0,270,0,0,17000,0,0,10.82,19.260000000000002,22.85,311116,11160,71079,0,0,0,5737,0,0,0,0,0,0,610,0,0,964,304,0,9104,0,0,0,0,5150,0,0,0,0,0,316266,3791,0,5000,0,17000,0,0,3135,5000,0]
[2907822,20120630,"MBT FC                        ","MONROE","MI",1233953,1233926,1235271,27,0,-1399,76287,0,0,10016,0,2109,74205,470,0,0,0,0,0,0,0,0,0,6.18,9.64,10.91,791451,10033,86320,0,219,2,42968,0,0,0,0,0,0,7952,704,0,502,0,0,19486,335,0,0,0,9805,0,0,17,27,0,801256,1869,0,0,0,0,0,0,0,0,0]
[2912442,20120630,"SENECA FALLS SV BK MHC        ","SENECA FALLS","NY",null,null,14259]
[2914857,20120630,"SOMERSET TR HC                ","SOMERSET","PA",758470,758417,761649,0,0,-2222,62948,0,0,6459,3274,0,59936,4851,-209,0,0,0,534,53,0,0,0,8.3000000000000007,12.19,13.45,516211,6459,69407,0,47,245,2598,0,0,0,0,83,0,1255,55,0,61,0,0,6643,335,0,0,534,519,0,0,0,0,0,516730,7073,0,0,0,0,0,0,209,0,0]
[2925657,20120630,"PINNACLE FNCL PTNR            ","NASHVILLE","TN",4847584,4599587,4931876,247997,0,0,473898,9000,0,49420,34676,542810,64308,17493,0,0,0,14170,0,0,0,100,0,10.3,12.02,13.5,3942540,58420,532318,0,0,0,40821,0,0,0,0,0,0,9655,3519,0,270,9252,0,69614,1198,100,0,0,21392,244065,0,0,6470,0,3963932,17492,0,80000,0,0,0,0,0,80000,0]
[2929374,20120630,"BANK MUT CORP                 ","BROWN DEER","WI",2636578,null,2634952,null,null,null,null,null,null,null,788,489186,142350,-3454,-359409,null,0,33522,7263,null,0,null,null,null,null,null,null,null,null,0,0,736,49682,0,0,0,0,0,0,11682,589,0,504,0,null,26029,0,2896,null,7415,null,0,null,null,465]
[2934305,20120630,"NORTHFIELD MHC                ","NORTHFIELD","VT",692055,692055,713381,0,0,0,86616,0,0,5437,0,45721,40895,3674,0,0,0,1664,0,0,0,0,0,12.52,19.940000000000001,21.19,434453,5437,92053,0,0,0,3866,0,0,0,0,0,0,2377,301,0,50,0,0,5716,260,0,0,0,539,0,0,0,0,0,434992,3674,0,0,0,0,0,0,0,0,0]
[2935142,20120630,"BOU BC                        ","OGDEN","UT",732543,726649,742974,5894,0,0,92718,0,0,6668,1683,4334,92595,1240,0,0,0,3383,0,0,0,0,0,12.76,17.53,18.79,528948,6668,99386,0,324,0,7090,0,0,0,0,0,0,0,0,0,0,0,0,10763,400,0,0,0,4495,5894,0,0,0,0,533443,1240,0,0,0,0,0,0,0,0,0]
[2935405,20120630,"CENTRAL VALLEY CMNTY BC       ","FRESNO","CA",831141,805397,836044,24260,0,0,86186,0,0,6280,40877,0,59053,6329,0,0,0,4835,0,0,7000,0,0,10.7,17.29,18.579999999999998,498513,6451,92637,0,0,0,10242,0,0,0,0,0,0,1585,75,0,318,155,0,10140,0,0,0,0,3860,23577,1484,171,683,0,502373,6329,0,5000,0,7000,0,0,0,5000,0]
[2937100,20120630,"CONNECTICUT MUTUAL HOLDING CO ","WINSTED","CT",677501,673448,684900,1518,0,18,63945,0,0,4609,0,0,65106,2448,0,0,0,3649,87,0,0,0,0,9.5,16.97,18.190000000000001,376825,4609,68554,0,0,0,9346,0,0,0,0,0,0,4654,0,0,201,0,0,4431,178,0,0,115,0,541,2517,0,977,0,376825,2430,12,2886,0,0,0,0,0,2886,0]
[2938451,20120630,"BARCLAYS DE HOLDS LLC         ","WILMINGTON","DE",16079644,15656105,16522713,349878,0,-41680,1935063,225000,0,178811,1,2285697,72904,-40092,0,0,319665,73661,0,0,0,0,0,12.36,13.68,16.54,14141279,404566,2339629,0,0,144336,0,0,0,0,0,0,0,0,0,0,0,0,0,342387,0,1970010,0,0,163576,249430,73661,755,100447,0,14304855,1588,0,0,0,0,0,0,0,0,0]
[2942702,20120630,"STURM FNCL GROUP INC          ","DENVER","CO",1874861,1874861,1915173,0,0,0,181227,0,0,11228,8702,71184,71407,25579,-8066,0,0,0,0,0,0,0,0,9.67,20.260000000000002,21.52,894484,11234,192461,303,87,842,14300,0,0,0,0,0,0,1080,92,0,161,1176,0,14905,81,0,0,0,3758,0,0,6,0,0,898242,25579,0,38000,0,0,0,0,0,38000,0]
[2943473,20120630,"CAROLINA BK HOLD              ","GREENSBORO","NC",670339,670339,677476,0,0,0,58506,9216,0,6674,3387,17729,12019,1637,0,0,0,5105,0,0,15371,0,0,8.73,11.05,14.05,529505,15890,74396,0,0,0,21771,0,0,0,0,0,0,3394,296,0,697,310,0,11112,0,0,0,0,4438,0,0,0,0,0,533943,1637,0,10000,0,15273,0,0,0,10000,0]
[2944144,20120630,"INLAND BC                     ","OAK BROOK","IL",1275617,1233100,1289157,39710,0,0,130553,10995,0,11286,32881,112390,-38904,1718,0,0,0,9860,0,0,32450,0,0,10.59,14.69,17.21,888658,22368,152921,0,0,3466,119027,0,0,0,0,744,27,15808,1344,367,953,0,0,25503,0,0,0,0,14217,36057,2807,87,3653,0,902875,1718,0,34253,0,32450,0,0,0,34253,0]
[2945824,20120630,"METLIFE                       ","NEW YORK","NY",800185017,787485284,825188490,12643299,0,-702225,40354736,619874,0,360848,10648,24884968,26827703,8811449,-171999,0,0,0,564337,56434,2043168,0,0,5.12,9.94,10.19,405843797,980722,41335458,938316,0,1017828,256195,0,0,924256,0,931326,0,27643,0,11625,43,5889538,0,360848,0,323483,0,564337,0,11822582,0,0,1246416,0,405843797,10344008,33168,323483,0,2043168,0,0,171999,0,0]
[2947435,20120630,"BBVAPR HC                     ","SAN JUAN","PR",5193676,5033942,5006898,108473,0,0,441661,73600,0,46078,166047,269032,166316,10921,0,0,0,44288,0,0,0,0,0,8.77,12.26,15.58,3603626,119678,561339,0,214,1260,249688,0,0,0,0,0,0,79999,133,0,0,0,0,129022,0,0,0,0,82944,116353,51261,0,0,0,3686570,10921,0,0,0,0,0,0,0,0,0]
[2947882,20120630,"NATIONAL BSHRS                ","BETTENDORF","IA",1041633,1026652,1018800,3524,0,0,62399,13466,0,9037,43748,33699,-53399,1369,-2916,-282,0,14733,0,0,37996,0,0,6.08,8.66,11.79,720179,22503,84902,0,0,23,16991,0,0,0,0,0,0,1133,121,0,345,990,0,11714,98,0,0,0,2775,0,11457,0,3524,0,722954,1369,0,18534,0,12338,0,0,2766,18534,0]
[2961879,20120630,"BBCN BC                       ","LOS ANGELES","CA",5102769,5005085,5049410,93518,0,13,649293,0,0,52395,78,525985,180567,8831,0,0,948,64780,5392,0,0,0,0,12.97,15.54,16.8,4177728,52542,701835,307,18820,20907,59988,3111,194,0,0,0,194,62,774,255,471,1598,0,65504,802,0,0,9364,13911,89882,4166,147,3636,0,4191639,8818,0,40347,0,0,0,0,0,40347,0]
[2962737,20120630,"NORTH TX BSHRS                ","DALLAS","TX",565390,565390,548871,0,0,0,-8556,0,0,4865,1887,39738,-42913,273,-7268,0,0,0,0,0,0,0,0,-1.51,-2.23,-2.23,383159,4865,-8556,0,0,2797,52359,0,0,0,0,0,0,276,0,0,0,1022,0,10908,0,0,0,0,6043,0,0,0,0,0,389202,273,0,0,0,0,0,0,7268,0,0]
[2967835,20120630,"UNIVERSAL FNCL                ","WEST COVINA","CA",null,null,38720]
[2976396,20120630,"SIERRA BC                     ","PORTERVILLE","CA",1369655,1360279,1399692,5544,0,0,188353,0,0,12257,64338,2304,101087,4808,0,0,0,10955,0,0,0,0,0,13.85,19.239999999999998,20.5,978759,12266,200619,0,2793,0,36606,0,0,0,0,0,0,5686,298,0,490,928,0,13863,197,0,0,0,1803,5544,3832,9,0,0,980562,4808,0,30000,0,0,0,0,0,30000,0]
[2981831,20120630,"SOUTHERN CMNTY FC             ","WINSTON-SALEM","NC",1467586,1467241,1446961,345,0,-549,131387,1377,0,13388,119534,0,-62740,1454,0,-11653,0,436,0,0,42091,0,0,8.9499999999999993,12.38,14.87,1061457,26418,157805,0,0,0,55112,0,0,0,0,0,0,17736,325,0,2093,1377,0,22954,0,0,11653,0,9566,0,0,0,345,0,1071023,2003,0,44500,0,42091,0,0,0,44500,0]
[3001156,20120630,"GULFSTREAM BSHRS              ","STUART","FL",546758,544218,532494,0,0,-286,62635,0,0,5153,15,20693,26716,-1247,0,0,0,9057,0,0,7751,0,0,11.51,15.72,17.010000000000002,398445,5153,67788,0,0,0,6053,0,0,0,0,0,0,0,0,0,1469,310,0,18590,347,0,0,0,13784,0,2540,0,0,0,412229,-961,0,10000,0,7751,0,0,0,10000,0]
[3005332,20120630,"FNB CORP                      ","HERMITAGE","PA",11735329,11011014,11750739,714702,0,-41096,888542,24661,0,103005,1396,1367855,49485,-41361,-4879,0,0,99348,728,73,0,0,0,8.07,10.53,12.04,8438999,127836,1016378,0,4115,52211,77133,0,0,0,0,23675,2395,6272,1124,376,299,6335,0,101647,1358,0,0,728,0,673094,9540,170,41609,0,8438999,-265,0,199000,0,0,0,0,4879,199000,0]
[3012554,20120630,"HAMPTON ROADS BSHRS           ","NORFOLK","VA",2086935,2083855,2070945,3080,0,0,168237,0,0,20475,1060,539434,-399867,7964,0,0,0,0,0,0,0,0,0,8.07,10.54,11.83,1595595,20475,188712,0,0,0,124915,0,0,0,0,0,0,16507,1360,0,6289,0,0,62907,0,756,0,0,42432,0,0,0,3080,0,1638027,7964,0,30690,0,null,null,null,null,30690]
[3013225,20120630,"PLANTERS FNCL GRP             ","CLARKSVILLE","TN",675893,675714,678134,179,0,0,49943,20000,0,6015,7,16671,34412,4755,-968,0,0,134,0,0,0,0,0,7.39,10.42,15.84,479508,26015,75958,0,0,73,3228,0,0,0,0,73,0,380,12,0,1,0,0,7721,0,0,0,0,1706,0,0,0,179,0,481214,4755,0,0,0,0,0,0,968,0,0]
[3015975,20120630,"UNITED SCTY BSHRS             ","FRESNO","CA",602361,587222,605604,4871,0,0,60252,0,0,5955,40930,1158,24029,-299,0,0,0,11199,0,0,0,0,0,10.26,12.8,14.07,470538,5955,66207,0,0,209,18190,0,0,0,0,0,209,8212,21,0,99,0,0,11612,171,0,0,0,5828,4529,10268,0,342,0,476366,-299,0,9274,0,0,0,0,0,9274,0]
[3021800,20120630,"PARAGON CMRL CORP             ","RALEIGH","NC",969465,963042,955979,0,0,0,83450,11780,0,8945,35,51733,20148,2176,0,0,0,8864,0,0,0,0,0,8.67,11.69,14.59,714156,20725,104175,0,0,0,18622,0,0,0,0,0,0,754,79,0,0,558,0,10357,0,0,0,0,1412,0,6423,0,0,0,715568,2176,43,18000,0,0,0,0,0,18000,0]
[3023466,20120630,"EAST ASIA HC                  ","NEW YORK","NY",750639,728585,736748,21965,0,0,118871,0,0,6545,0,173096,-32171,0,0,0,0,24763,891,89,0,0,0,16.32,20.43,21.55,581921,6545,125416,0,0,0,10608,0,0,0,0,0,0,0,0,0,0,0,0,6464,81,0,0,891,0,21566,0,0,399,0,581921,0,0,0,0,0,0,0,0,0,0]
[3025385,20120630,"NORTHRIM BC                   ","ANCHORAGE","AK",1064547,1058297,1072077,6250,0,0,141054,0,0,11483,7221,68386,69483,984,-15727,-138,0,11112,0,0,0,78,0,13.33,15.44,16.7,913665,11483,152537,0,0,91,5924,0,0,0,0,0,0,2519,63,91,52,2286,0,16490,0,78,0,0,5007,7524,0,0,768,0,918672,983,0,18000,0,0,0,0,15727,18000,0]
[3030307,20120630,"LANDMARK BC INC               ","MANHATTAN","KS",651556,637885,660502,13532,0,0,59119,1295,0,4766,28,29370,28687,3373,0,0,0,1738,1514,139,0,0,0,9.27,15.53,17.149999999999999,380657,6175,65294,0,0,0,907,0,0,0,0,0,0,319,1,0,26,496,0,5272,80,0,0,1528,586,13075,0,114,894,0,381243,3373,0,14705,0,0,0,0,0,14705,0]
[3031902,20120630,"FCB FNCL CORP                 ","SAVANNAH","GA",505130,503214,504257,1070,0,0,10298,3055,0,4885,2621,30241,-30238,279,-648,0,0,1293,5488,549,0,7185,0,2.0499999999999998,2.65,4.6900000000000004,388976,7940,18238,0,0,2765,38105,0,0,0,0,0,0,1187,0,2100,421,372,0,9275,0,7185,0,5488,4390,0,297,0,1070,0,393366,279,0,3053,0,0,7185,0,648,3053,0]
[3035049,20120630,"AMERICAN CMNTY FNCL           ","WOODSTOCK","IL",515643,515643,513899,0,0,-79,62694,2120,0,4423,1230,27487,19977,-109,0,0,0,1598,0,0,0,0,0,12.16,17.88,19.739999999999998,350715,6543,69237,0,0,25,6513,0,0,0,0,0,0,729,0,0,66,435,0,7541,0,0,0,0,3118,0,0,0,0,0,353833,-30,0,14000,0,0,0,0,0,14000,0]
[3035928,20120630,"BANKFINANCIAL CORP            ","BURR RIDGE","IL",1525626,null,1522194,null,null,null,null,null,null,null,211,193723,20659,1075,-12725,null,0,0,1099,null,0,null,null,null,null,null,null,null,null,0,0,250,73718,0,0,0,0,0,0,10806,1888,0,3783,0,null,30878,0,0,null,1467,null,0,null,null,3351]
[3045084,20120630,"T ROWE PRICE GROUP INC        ","BALTIMORE","MD",3985224,null,4116922,null,null,null,null,null,null,null,50744,501833,2983025,122208,0,null,0,66280,0,null,0,null,null,null,null,null,null,null,null,0,0,0,0,0,0,0,0,0,0,0,0,0,0,146496,null,0,0,0,null,0,null,665692,null,null,912]
[3045806,20120630,"POLISH NAT ALLIANCE OF USA    ","CHICAGO","IL",null,null,433193]
[3047743,20120630,"FNB BC                        ","SOUTH SAN FRANCISCO","CA",743851,740645,748750,1987,0,0,82670,0,0,6891,49097,0,24179,3445,0,0,0,4917,0,0,12600,0,0,11.16,15.04,16.29,549636,6891,89561,0,2499,0,19031,0,0,0,0,0,0,4110,0,0,646,0,0,8458,110,0,0,0,1677,1841,1219,0,146,0,551313,3445,0,0,0,12600,0,0,0,0,0]
[3049617,20120630,"NEW PEOPLES BSHRS             ","HONAKER","VA",745468,741652,725615,81,0,0,27558,0,0,5897,20020,21689,-18158,167,0,0,0,5645,0,0,0,0,0,3.72,6,9.07,459071,14074,41632,0,0,3044,41329,0,0,0,0,2785,21,3502,242,74,0,496,0,18065,0,0,8177,0,12168,0,3735,0,81,0,471239,167,0,7823,0,0,0,0,0,7823,0]
[3057395,20120630,"MODERN WOODMEN OF AMER        ","ROCK ISLAND","IL",null,null,11881397]
[3059504,20120630,"INDIANA CMNTY BC              ","COLUMBUS","IN",948296,943053,936070,0,0,-602,90889,0,0,9185,19854,2003,37954,1817,0,0,0,10493,0,0,21321,0,0,9.64,12.55,13.82,723972,9185,100074,0,0,379,36532,0,0,0,0,354,18,2027,1168,0,43,498,0,20016,0,0,0,0,10831,0,5243,0,0,0,734803,2419,0,15000,0,21321,0,0,0,15000,0]
[3063622,20120630,"STIFEL FNCL CORP              ","SAINT LOUIS","MO",5518710,5042576,6138535,365636,0,0,977819,0,0,6292,8058,1060310,310753,-2161,-5115,0,0,120156,0,0,0,0,0,19.39,25.85,26.01,3783079,6292,984111,0,0,0,1688,0,0,0,0,0,0,1427,0,0,0,2057,0,6292,0,0,0,0,0,365636,110498,0,27441,471458,3783079,-2161,0,79947,0,0,0,0,5115,79947,0]
[3065541,20120630,"WR BERKLEY CORP               ","GREENWICH","CT",null,null,19462106]
[3065617,20120630,"WASHINGTON FED INC            ","SEATTLE","WA",13514729,null,13465349,null,null,null,null,null,null,null,129937,1585797,453783,62736,-298972,null,313,2514,0,null,0,null,null,null,null,null,null,null,null,0,0,0,211415,0,26808,0,0,0,0,131259,0,0,633,0,null,141717,0,0,null,0,null,251653,null,null,4465]
[3071122,20120630,"JJR HOLD CO                   ","BRICK","NJ",562014,559406,558672,2607,0,0,70389,0,0,6291,19,35459,37547,1026,0,0,0,0,5,1,0,0,0,12.58,14,15.25,502942,6291,76680,0,0,5653,63384,0,0,0,0,604,0,5632,614,0,773,0,0,6653,0,0,0,5,362,2120,0,0,487,0,503304,1026,28,0,0,0,0,0,0,0,0]
[3076592,20120630,"SIGNATURE BC                  ","TOLEDO","OH",546902,546902,548973,0,0,0,52445,0,0,5393,4625,25816,23000,214,-995,0,0,1637,0,0,0,0,0,9.59,12,13.23,437021,5393,57838,0,0,0,3968,0,0,0,0,0,0,1060,0,0,0,0,0,5233,160,0,0,0,0,0,0,0,0,0,437021,214,1,0,0,0,0,0,484,0,0]
[3083291,20120630,"PROVIDENT NY BC               ","MONTEBELLO","NY",3131351,null,3148674,null,null,null,null,null,null,null,459,358165,182726,6689,-104905,null,0,7098,1431,null,0,null,null,null,null,null,null,null,null,0,0,3450,41048,0,0,0,0,1662,187,8162,275,406,2068,0,null,27587,174,0,null,1431,null,161761,null,null,2818]
[3091924,20120630,"PRUDENTIAL FNCL               ","NEWARK","NJ",null,null,647463000]
[3101784,20120630,"LIBERTY BSHRS                 ","JONESBORO","AR",2784916,2693752,2794050,91164,0,0,270104,0,0,24228,12,167058,93814,1918,-8117,0,0,8928,0,0,52500,0,0,10.029999999999999,14.02,15.27,1927075,24228,294332,0,0,22,23572,0,0,0,0,22,0,2960,216,0,31,1733,0,35422,0,0,0,0,11194,88499,0,0,2665,0,1938269,1917,0,56000,0,52500,0,0,8117,56000,0]
[3103603,20120630,"NICOLET BSHRS                 ","GREEN BAY","WI",640345,637039,669880,3306,0,0,77095,0,0,6045,34,36169,13681,1818,0,0,0,2325,0,0,24400,0,0,12.1,14.32,15.44,538462,6045,83140,0,0,0,15331,0,0,0,0,0,0,797,0,0,36,186,0,6045,0,117,0,0,0,762,0,0,2544,0,538462,1818,0,6117,0,24400,0,0,0,6000,0]
[3104570,20120630,"BANKSHARES                    ","WINTER PARK","FL",713626,637518,702262,76108,0,0,64365,0,0,4911,124,134631,-8297,1975,0,0,0,2297,0,0,15,0,0,10.1,16.45,17.7,391388,4911,69276,0,670,0,9973,0,0,0,0,0,0,537,157,0,99,434,0,6373,57,0,0,0,1519,71905,0,0,6739,0,392907,1975,0,14000,0,15,0,0,0,14000,0]
[3108194,20120630,"COMMUNITY FIRST               ","COLUMBIA","TN",596662,595216,574267,1446,0,0,12404,6202,0,4728,28586,0,-36659,361,0,0,0,465,0,0,18370,88,0,2.08,3.37,6.34,368267,10930,23334,0,0,0,34799,0,0,0,0,0,0,3991,0,0,556,2187,0,14672,0,88,0,0,9944,0,0,0,1446,0,378211,361,0,3465,0,18370,0,0,0,3465,0]
[3109070,20120630,"NORTH STATE BC                ","RALEIGH","NC",670532,670061,677579,141,0,0,52297,13308,0,6416,21729,0,17882,16,0,0,0,2668,0,0,0,0,0,7.8,10.23,14.08,511368,19724,72021,0,0,200,16985,0,0,0,0,102,0,1079,748,98,957,510,0,8355,0,0,0,0,1939,141,330,0,0,0,513307,16,0,13157,0,0,0,0,0,13157,0]
[3109904,20120630,"ACCESS NAT CORP               ","RESTON","VA",798145,798056,841709,0,0,0,94892,0,0,8209,8559,16753,63673,63,0,0,89,6136,0,89,0,0,0,11.89,14.54,15.8,652513,8209,103101,0,408,0,5209,0,0,0,0,0,0,1222,826,0,0,186,0,12031,379,0,0,0,4201,0,0,0,0,0,656714,63,4,6000,0,0,0,0,0,6000,0]
[3114748,20120630,"MOUNTAIN NAT BSHRS            ","SEVIERVILLE","TN",500822,500822,508814,0,0,0,463,231,0,4357,2632,42370,-44655,-113,0,0,0,57,0,0,0,0,0,0.09,0.14000000000000001,0.27,338712,4588,926,0,0,14,27844,0,0,0,0,0,0,6915,117,0,716,4434,0,14164,30,0,0,0,9837,0,0,0,0,0,348549,-113,0,116,0,0,0,0,0,116,0]
[3121193,20120630,"INDEPENDENT HOLDINGS          ","MEMPHIS","TN",796058,796058,844421,0,0,0,109732,0,0,8187,21,34664,25147,722,0,0,0,2002,0,0,34900,0,0,13.78,14.26,15.32,769764,8187,117919,0,0,239,6605,0,0,0,0,0,0,0,0,0,50,0,0,8187,0,0,0,0,0,0,0,0,0,0,769764,722,0,15000,0,34900,0,0,0,15000,0]
[3121344,20120630,"FIRST BSHRS OF TX             ","MIDLAND","TX",629020,629020,636126,0,0,0,72105,0,0,4719,9429,31384,18955,713,0,0,0,1369,0,0,9337,0,0,11.46,16.489999999999998,17.57,437214,4719,76824,0,0,0,931,0,0,0,0,0,0,0,0,0,0,1139,0,4719,0,0,0,0,0,0,0,0,0,0,437214,713,0,3000,0,9337,0,0,0,3000,0]
[3122051,20120630,"WESTSTAR BHC                  ","EL PASO","TX",1006161,1005902,1035189,259,0,0,81401,0,0,8006,6439,36963,38259,8073,0,0,0,0,0,0,0,0,0,8.09,12.01,13.2,677738,8028,89429,0,494,26,6346,0,0,0,0,18,0,292,0,0,0,0,0,8006,0,0,0,0,0,259,0,22,0,0,677738,8074,0,0,0,0,0,0,0,0,0]
[3123638,20120630,"ALLIANCE BSHRS CORP           ","CHANTILLY","VA",466062,466062,507818,0,0,0,35668,1083,0,3787,20440,25933,-19622,388,0,0,0,1442,0,0,0,0,0,7.65,11.82,13.44,301734,4870,40538,0,0,0,10535,0,0,0,0,0,0,264,0,0,150,310,0,5055,0,0,0,0,1268,0,0,0,0,0,303002,388,0,8917,0,0,0,0,0,8917,0]
[3127104,20120630,"CITIZENS SOUTH BKG CORP       ","GASTONIA","NC",1047045,null,1049177,null,null,null,null,null,null,null,124,82942,4646,-7,-18732,null,0,3578,0,null,20500,null,null,null,null,null,null,null,null,0,0,374,56951,178,28989,0,0,0,60,16447,1465,0,1013,464,null,11735,0,0,null,0,null,0,null,null,1141]
[3133637,20120630,"PROVIDENT FNCL SVC            ","JERSEY CITY","NJ",7132142,6774074,7134851,358068,0,0,607000,0,0,57364,832,1016047,382233,9651,-434217,0,0,50680,1337,0,0,0,0,8.9600000000000009,13.27,14.52,4574103,57364,664364,0,4510,0,115216,0,0,0,0,0,0,36088,3159,0,1294,0,0,72353,0,162,0,2213,14989,353281,0,0,4787,0,4589092,9640,0,162,0,0,162,0,434217,0,0]
[3137970,20120630,"NEW ENGLAND BSHRS             ","ENFIELD","CT",726731,709122,733022,17609,0,0,58385,0,0,5815,69,60020,24573,619,-12597,0,0,4744,0,0,0,0,0,8.23,10.87,11.96,537002,5815,64200,0,0,0,14990,0,0,0,0,0,0,4531,49,0,171,0,0,5815,0,0,0,0,0,16783,0,0,826,0,537002,619,0,3929,0,0,0,0,11121,3929,0]
[3140288,20120630,"INDEPENDENT BK GRP            ","MCKINNEY","TX",1392158,1364531,1476555,27627,0,0,94238,15217,0,9894,2451,78766,28084,2186,-1536,0,0,0,0,0,0,0,0,6.91,8.35,10.58,1128321,25111,119349,0,0,337,3598,0,0,0,0,0,0,327,82,0,0,438,0,9894,0,0,0,0,0,24178,0,0,3450,0,1128321,2186,0,14100,0,0,0,0,24,14100,0]
[3141650,20120630,"BNC BC                        ","THOMASVILLE","NC",2403692,2374842,2442815,28850,0,-8773,227939,0,0,19457,89347,979,27517,3750,0,0,0,9874,0,0,115946,0,0,9.6,13.47,14.61,1691787,19457,247172,0,0,5,87047,4,49356,0,0,0,0,28154,984,0,2636,713,0,40856,0,0,0,0,21399,26129,0,0,2813,0,1713186,12523,0,23000,0,0,0,0,0,23000,30477]
[3145685,20120630,"FIRST CHARTER MUT HOLDS CO    ","WEST POINT","GA",null,null,90664]
[3145694,20120630,"CHARTER FC                    ","WEST POINT","GA",1047751,null,1057069,null,null,null,null,null,null,null,199,73152,109818,-961,-42640,null,0,3583,103,null,0,null,null,null,null,null,null,null,null,170,0,28675,5181,25097,0,0,0,5381,0,2604,2,743,44,0,null,9334,0,0,null,103,null,4325,null,null,1412]
[3145966,20120630,"PINNACLE FC                   ","ELBERTON","GA",576345,566026,583712,10319,0,0,51165,0,0,4970,19774,0,35578,2807,0,0,0,0,0,0,0,0,0,9.0399999999999991,12.92,14.17,396148,4970,56135,0,171,325,17040,0,0,0,0,0,0,1887,47,0,0,217,0,6410,0,0,0,0,1440,9783,0,0,536,0,397588,2807,868,7000,0,0,0,0,0,7000,0]
[3150997,20120630,"FIRST FNCL SERVICE CORP       ","ELIZABETHTOWN","KY",1193044,1192457,1191687,587,0,0,64757,0,0,9189,4773,35561,-12907,1143,0,0,0,0,0,0,19917,0,0,5.43,8.89,10.16,728018,9189,73946,0,0,0,36597,0,0,0,0,0,0,2145,207,0,161,70,0,16252,0,0,0,0,7063,0,0,0,587,0,735081,1143,0,18000,0,19917,0,0,0,18000,0]
[3152003,20120630,"PUTNAM BANCORP MHC            ","PUTNAM","CT",null,null,27741]
[3152245,20120630,"STERLING FC                   ","SPOKANE","WA",9407612,9124471,9623900,36853,0,0,1108551,0,0,81020,1966307,0,-812615,67102,0,0,0,285646,26516,2452,0,0,0,12.15,17.329999999999998,18.600000000000001,6396435,81020,1189571,0,16219,0,211160,0,0,0,0,0,0,22599,6891,0,585,7365,0,158244,7952,0,0,26738,85176,22577,243836,0,22656,0,6481611,67102,0,238000,0,0,0,0,0,238000,0]
[3153130,20120630,"FIRST PACTRUST BC             ","IRVINE","CA",1109633,null,1115120,null,null,null,null,null,null,null,129,151612,23746,-110,-25007,null,0,8455,0,null,31925,null,null,null,null,null,null,null,null,0,0,0,16877,0,0,0,0,0,0,7945,0,0,0,0,null,11449,242,0,null,0,null,0,null,null,0]
[3153242,20120630,"CLAYTON BC                    ","KNOXVILLE","TN",913262,903909,1038342,9353,0,0,113398,0,0,10527,893,81508,40351,4778,0,0,0,427,0,0,0,0,0,12.55,13.74,15.02,825087,10527,123925,0,0,1394,35702,0,0,0,0,162,30,6237,159,0,308,18191,0,27599,0,0,0,0,17072,8425,0,0,928,0,842159,4779,0,0,0,0,0,0,0,0,0]
[3165311,20120630,"GEORGIA CMRC BSHRS            ","ATLANTA","GA",647320,647320,661232,0,0,0,57369,0,0,5575,2482,31960,14970,890,-43,0,0,525,0,0,0,0,0,8.86,12.87,14.13,445604,5575,62944,0,0,0,34678,0,19718,0,0,0,0,9911,0,0,161,248,0,6327,0,0,0,0,752,0,0,0,0,0,446356,890,0,8000,0,0,0,0,43,8000,0]
[3170472,20120630,"PARK BC                       ","CHICAGO","IL",null,null,11524]
[3170539,20120630,"BCB BC                        ","BAYONNE","NJ",1199749,1199027,1178999,0,0,-1222,89262,0,0,8475,693,91774,21237,-1142,-23720,0,0,10081,0,0,0,0,0,7.44,12.83,14.05,695884,8475,97737,0,0,0,30864,0,0,0,0,0,0,8052,331,0,551,124,0,8475,0,0,0,0,0,0,722,0,0,0,695884,80,0,0,0,0,0,0,23720,0,0]
[3173736,20120630,"THRIVENT FNCL FOR LUTHERANS   ","MINNEAPOLIS","MN",null,null,74545368]
[3175794,20120630,"MUTUALFIRST FNCL              ","MUNCIE","IN",1458986,1442336,1472273,2863,0,-458,120954,0,0,11929,70,71886,32779,3459,-477,271,0,16467,2109,211,28923,0,0,8.39,12.72,13.97,951136,11929,132883,0,0,290,26840,0,0,0,0,290,0,10814,563,0,1010,0,2319,16003,0,0,0,2109,1755,0,13576,0,2863,0,955210,3761,0,3996,0,28923,0,0,477,3996,0]
[3180060,20120630,"RIVERVIEW BC                  ","VANCOUVER","WA",844744,null,814730,null,null,null,null,null,null,null,225,65593,9756,-1187,-567,null,0,612,448,null,0,null,null,null,null,null,null,null,null,0,0,0,36782,0,0,0,0,0,0,4548,240,0,186,681,null,20972,239,562,null,907,null,25572,null,null,118]
[3180547,20120630,"EQUITY BSHRS                  ","WICHITA","KS",604422,591391,618199,13031,0,0,88384,0,0,4735,63,77790,7708,2431,-486,0,0,0,0,0,16340,0,0,14.95,21.43,22.58,412346,4742,93126,0,0,0,7217,0,0,0,0,0,0,994,158,0,0,0,0,4735,0,0,0,0,0,13109,0,7,887,0,412346,2431,0,0,0,16340,0,0,486,0,0]
[3185476,20120630,"TIDELANDS BSHRS               ","MOUNT PLEASANT","SC",535858,535858,524003,0,0,0,18546,0,0,5049,43,45120,-42926,189,-2499,0,0,0,0,0,14077,0,0,3.46,4.62,8.2899999999999991,401626,14752,33298,0,0,0,26215,0,0,0,0,0,0,2841,0,0,2582,434,0,7229,130,0,0,0,2310,0,0,9703,0,0,403936,189,0,4731,0,14018,0,0,2499,4731,0]
[3186576,20120630,"CITIZENS NAT BANC CORP        ","MERIDIAN","MS",1105291,1105291,1096844,0,0,0,121864,0,0,11981,1425,61218,39221,-5516,0,0,0,0,0,0,0,0,0,11.03,11.67,12.81,1044481,11981,133845,0,0,60,12594,0,0,0,0,0,0,2554,86,0,247,619,0,11981,0,0,0,0,0,0,0,0,0,0,1044481,-5516,0,20000,0,0,0,0,0,20000,0]
[3186585,20120630,"PEOPLESBC MHC                 ","HOLYOKE","MA",1658799,1658650,1733396,0,0,0,159861,0,0,10948,0,0,160008,6602,0,0,0,4076,1490,149,0,0,0,9.64,14.45,15.44,1105986,10948,170809,0,0,0,5261,0,0,0,0,0,0,1695,7,0,211,1,0,10948,0,0,0,1490,0,0,0,0,0,0,1105986,6600,0,0,0,0,0,0,0,0,0]
[3189906,20120630,"FIRST WESTERN FNCL            ","DENVER","CO",719274,690143,735100,29131,0,0,37730,4075,0,6744,0,85179,-37783,569,-1171,0,0,0,0,0,20636,0,0,5.47,7.04,9.06,536101,10819,48549,0,0,0,16884,0,0,0,0,0,0,4351,0,0,5800,0,0,10133,56,0,0,0,3445,24671,0,0,5454,0,539546,569,0,0,0,20636,0,0,1171,0,0]
[3196584,20120630,"ARTHUR FC                     ","UNION","SC",557459,557371,565454,34,0,0,31076,0,0,5814,15,10142,10749,-1150,-52,0,0,16,536,54,0,0,0,5.58,6.76,8.02,459960,5830,36906,0,0,0,10686,0,0,0,0,0,0,5019,0,0,935,310,0,10958,0,0,0,536,5144,34,0,16,0,0,465104,-1150,0,10310,0,0,0,0,15,10310,0]
[3200221,20120630,"OLD LINE BSHRS                ","BOWIE","MD",823273,818593,839874,4680,0,0,64281,0,0,4109,68,53575,15332,2285,0,0,0,7347,0,0,0,0,0,7.85,10.63,11.31,604631,4109,68390,0,0,945,6628,0,0,0,0,121,88,548,468,0,24,699,0,4109,0,0,0,0,0,634,0,0,4047,0,604631,2285,14,0,0,0,0,0,0,0,0]
[3200463,20120630,"FSB MUTUAL HOLD               ","PERKASIE","PA",981551,972511,980341,9040,0,0,134018,0,0,7848,0,1,143109,2747,0,0,0,12402,802,0,0,0,0,13.78,21.73,23,616798,7848,141866,0,0,0,33270,0,0,0,0,0,0,16544,775,0,3157,0,0,18854,0,0,0,802,11006,5987,0,0,3053,0,627804,2747,52,0,0,0,0,0,0,0,0]
[3202832,20120630,"BANTERRA CORP                 ","ELDORADO","IL",1131763,1127315,1127751,4377,0,-1247,101499,0,0,10026,32,0,95922,4407,0,0,0,0,714,71,0,0,0,9,11.96,13.14,848579,10026,111525,0,24,544,17143,0,0,0,0,158,7,4115,238,0,188,310,0,10026,0,0,0,714,0,3372,0,0,1005,0,848579,5654,7,10000,0,0,0,0,0,10000,0]
[3207613,20120630,"GREAT RIVER HC                ","BAXTER","MN",null,null,32322]
[3207659,20120630,"NEW CENTURY BC                ","DUNN","NC",563835,558299,563682,362,0,0,58183,0,0,5351,6914,41985,2820,1235,0,0,0,5175,5,0,0,0,0,10.42,13.69,14.95,424958,5351,63534,0,0,0,14676,0,0,0,0,0,0,1538,89,0,824,508,0,8510,0,0,0,5,3159,0,5174,0,357,0,428117,1235,0,12000,0,0,0,0,0,12000,0]
[3211012,20120630,"VISION BSHRS                  ","LAREDO","TX",1039955,1037959,1034732,1996,0,0,79290,5000,0,6180,2905,48175,19128,2752,-922,0,0,0,0,0,0,0,0,7.64,16.18,18.46,490023,11180,90470,0,0,52,1843,0,0,0,0,0,0,309,0,0,0,372,0,10422,150,0,0,0,4392,1738,0,0,258,0,494415,2752,0,12000,0,0,0,0,128,12000,0]
[3212091,20120630,"NEW YORK PRIV B&TR CORP       ","NEW YORK","NY",10405721,10280482,10424183,5109,0,-27218,1221467,0,0,62457,0,417132,259647,-47152,0,-11913,0,161404,2482,248,276432,0,0,11.88,24.58,25.84,4968793,62457,1283924,0,0,14116,490414,0,0,0,0,166,0,407731,0,0,144,0,0,89176,884,4639,0,2482,27603,1980,5347,0,3129,0,4996396,-19934,5766,296639,0,276432,0,0,0,296639,0]
[3212943,20120630,"SOUTH SHORE BC MHC            ","SOUTH WEYMOUTH","MA",968462,963827,974560,4115,0,0,93721,0,0,6173,0,0,99286,2533,0,0,0,3570,42,4,0,0,0,9.7200000000000006,13.12,13.98,714530,6173,99894,0,17,0,16016,0,0,0,0,0,0,4705,153,0,16,0,0,6173,0,0,0,42,0,4115,516,0,0,0,714530,3463,0,0,0,0,0,0,0,0,0]
[3223828,20120630,"FLORIDA CAP GRP               ","JACKSONVILLE","FL",745048,745048,722174,0,0,0,16727,0,0,4960,440,131827,-134187,172,-45,0,0,0,0,0,18692,0,0,2.25,4.28,5.55,390408,4960,21687,0,136,0,36400,0,0,0,0,0,0,5246,1664,0,1452,0,0,11312,0,0,0,0,6352,0,0,0,0,0,396760,172,0,0,0,18692,0,0,45,0,0]
[3223855,20120630,"PONKAPOAG BC MHC              ","CANTON","MA",630995,629395,635065,0,0,0,53091,0,0,5218,0,0,44691,-1858,0,0,0,7167,0,0,0,0,0,8.44,12.78,14.04,415550,5236,58327,0,0,0,15725,0,0,0,0,0,0,4557,0,0,73,310,0,6500,245,0,0,0,1527,0,1600,18,0,0,417077,-1858,0,10000,0,0,0,0,0,10000,0]
[3223967,20120630,"FIDELITY FC                   ","WICHITA","KS",1739100,null,1512809,null,null,null,null,null,null,null,2500,0,153440,-17007,-2295,null,0,14427,23607,null,37552,null,null,null,null,null,null,null,null,22709,0,22960,21826,0,0,20656,0,22709,0,3576,164,0,67,1027,null,13957,0,-400,null,28404,null,0,null,null,0]
[3228702,20120630,"HAMPDEN BC                    ","SPRINGFIELD","MA",610824,610779,615850,0,0,0,84999,0,0,5148,80,113729,3016,2117,-31782,0,0,1846,0,45,0,0,0,13.92,20.21,21.43,420621,5150,90149,0,0,0,2283,0,0,0,0,0,0,1266,69,0,0,0,0,5148,0,0,0,0,0,0,0,2,0,0,420621,2116,0,0,0,0,0,0,22252,0,0]
[3232316,20120630,"HSBC NORTH AMER HOLD          ","NEW YORK","NY",365743064,358257433,317482381,2329170,606250,-1521755,25127563,8821991,4000000,1796463,0,42357199,-13538446,-400804,0,-35296,0,5729605,193595,19360,4000000,280,4000000,7.01,17.93,28.37,140131290,14628730,39756293,14715,7571,45891,6719011,0,0,0,2703,0,30,5683581,176898,0,155252,57291,null,5231029,151203,2150384,null,193595,3585769,2318287,4695900,10276,10883,8078000,143717059,1113174,null,3986729,null,null,1840000,300000,null,1836625]
[3232688,20120630,"NRBC HC                       ","CHICAGO","IL",1297096,1297096,1286387,0,0,0,143889,15000,0,14131,67,25435,118387,932,0,0,0,0,0,0,0,0,0,11.09,12.77,15.35,1127001,29131,173020,0,0,0,55054,0,0,0,0,0,0,130,1450,0,0,0,0,17614,0,0,0,0,3483,0,0,0,0,0,1130484,932,0,0,0,0,0,0,0,0,0]
[3234105,20120630,"HOME ST BC                    ","LOVELAND","CO",614169,614169,627840,0,0,0,56381,0,0,4799,2493,5013,48875,5660,0,0,0,0,0,0,0,0,0,9.18,14.8,16.059999999999999,380915,4799,61180,0,0,2,8436,0,0,0,0,0,0,1543,227,0,354,689,0,7797,0,0,0,0,2998,0,0,0,0,0,383913,5660,0,0,0,0,0,0,0,0,0]
[3242735,20120630,"SCOTTRADE FS                  ","TOWN AND COUNTRY","MO",21752743,null,21304898,null,null,null,null,null,null,null,52,321,1254560,156175,0,null,0,0,0,null,0,null,null,null,null,null,null,null,null,0,0,2512,0,0,0,0,0,0,0,0,0,0,0,0,null,5001,0,0,null,0,null,0,null,null,8650]
[3242838,20120630,"REGIONS FC                    ","BIRMINGHAM","AL",121883867,116662953,122344664,4851649,0,-338296,10117887,1967079,0,1162484,14545,19898222,-4135985,54327,-1376692,0,153850,1004527,178806,33265,0,92966,0,8.67,11.02,14.5,91779433,3189938,13307825,57596,14538,453501,2117188,0,0,41076,0,329592,3966,272281,14258,55105,103684,1664,0,2290934,90817,251149,60000,178806,1219267,4815638,336000,375,236674,26248,92998700,392623,0,845745,0,0,92966,0,1376292,845745,0]
[3244113,20120630,"BRAND GRP HOLD                ","LAWRENCEVILLE","GA",1291757,1250924,1355643,0,0,0,111236,0,0,13260,134135,0,-5066,2184,0,0,0,39494,0,0,0,0,0,8.89,10.8,12.08,1030435,13260,124496,0,0,0,199547,0,0,0,0,0,0,16108,0,0,2350,713,0,43611,0,0,0,0,30351,0,40833,0,0,0,1060786,2184,0,23000,0,0,0,0,0,23000,0]
[3248513,20120630,"WILSHIRE BC                   ","LOS ANGELES","CA",2560864,2552060,2591394,7853,0,0,347517,0,0,24817,146067,19675,117137,7439,-1262,0,1236,6115,8269,951,0,0,0,13.62,18.11,19.41,1918614,24817,372334,0,14160,923,60135,0,8256,0,0,0,0,1753,0,0,1775,2321,0,89135,2423,0,0,8269,66741,6675,0,0,1179,0,1985355,7735,0,75000,0,0,0,0,1262,75000,0]
[3248821,20120630,"CITIZENS BSHRS                ","BLUFFTON","OH",593291,593103,611128,2,0,0,66625,0,0,5210,350,819,51724,4800,-1080,0,0,0,1859,186,0,0,0,11.23,13.8,14.88,482671,5210,71835,35,207,1390,5518,0,0,0,0,1047,39,322,100,64,302,464,0,5210,0,0,0,1859,0,0,0,0,2,0,482671,4800,0,15000,0,0,0,0,1080,15000,0]
[3251027,20120630,"VILLAGE BK & TR FC            ","MIDLOTHIAN","VA",535938,535310,523111,442,0,-99,32275,653,0,5375,17007,40704,-33438,262,0,0,0,0,0,0,519,0,0,6.03,7.68,9.11,420480,6028,38303,0,0,199,56632,0,0,0,0,199,0,12681,954,0,2144,0,0,14866,0,0,0,0,9491,0,186,0,442,0,429971,361,0,8111,0,59,0,0,0,8764,0]
[3254925,20120630,"DSA FC                        ","LAWRENCEBURG","IN",null,null,17153]
[3254952,20120630,"GUARANTY BC                   ","DENVER","CO",1706862,1701630,1750539,5232,0,0,213556,0,0,17666,120,704938,-423907,1333,-102363,0,0,18417,0,0,0,0,0,12.55,15.24,16.5,1401474,17666,231222,0,2063,0,22306,0,0,0,0,0,0,954,1095,0,894,1239,0,29307,133,0,0,0,11774,0,0,0,8440,0,1413248,1333,0,40000,0,0,0,0,102363,40000,0]
[3260841,20120630,"BROADWAY FNCL CORP            ","LOS ANGELES","CA",null,null,37997]
[3266227,20120630,"SOUTHERN MO BC                ","POPLAR BLUFF","MO",740886,739429,739297,1457,0,0,99788,0,0,7008,209,22480,51365,700,-26,0,0,1660,0,0,20000,0,0,13.5,17.829999999999998,19.079999999999998,559653,7008,106796,0,0,0,2430,0,0,0,0,0,0,395,0,0,0,0,0,7492,473,0,0,0,957,126,0,0,1331,0,560610,700,0,7217,0,20000,0,0,26,7217,0]
[3266302,20120630,"FIRST AMER INTL CORP          ","BROOKLYN","NY",530806,528462,529916,0,0,0,60918,0,0,5342,2,37843,1485,187,-68,0,0,8000,6232,623,17000,0,0,11.53,14.6,15.88,417131,5342,66260,0,0,0,30939,0,0,0,0,0,0,5229,0,0,478,0,0,15343,238,0,0,6232,10239,0,1721,0,0,0,427370,187,0,7000,0,17000,0,0,68,7000,0]
[3269602,20120630,"SOVEREIGN BSHRS               ","DALLAS","TX",893678,893678,914706,0,0,0,104461,0,0,8728,4962,57487,9162,5296,0,0,0,472,0,0,24500,0,0,11.69,14.99,16.239999999999998,697098,8728,113189,0,0,0,13088,0,0,0,0,0,0,5096,390,0,998,259,0,9870,0,0,0,0,1142,0,0,0,0,0,698240,5296,0,8350,0,24500,0,0,0,8350,0]
[3271203,20120630,"WAYNE SAV BSHR INC            ","WOOSTER","OH",null,null,40376]
[3271230,20120630,"RHINEBECK BC MHC              ","POUGHKEEPSIE","NY",581062,573375,590632,5454,0,-4681,52098,0,0,4335,0,7436,45116,-3495,0,0,0,4742,1303,0,0,0,0,9.09,11.74,12.72,443609,4335,56433,0,0,0,16510,0,0,0,0,0,0,2827,399,0,0,155,0,4335,0,0,0,1745,0,5454,0,0,0,0,443609,1186,0,5000,0,0,0,0,0,5000,0]
[3274996,20120630,"BEACH CMNTY BSHRS             ","FORT WALTON BEACH","FL",610740,607427,611659,414,0,0,30559,3636,0,6011,11882,21070,-11765,747,0,0,0,2899,0,0,4321,0,0,5.03,6.36,8.3699999999999992,480497,9647,40206,0,0,20945,101227,0,0,0,0,1375,1214,13836,229,0,893,372,0,6768,0,0,0,0,757,414,2899,0,0,0,481254,747,0,8364,0,4321,0,0,0,8364,0]
[3280988,20120630,"BRIDGE CAP HOLD               ","SAN JOSE","CA",1162472,1161167,1166433,60,0,-1448,152803,0,0,13217,107660,0,29447,3,0,0,598,15848,0,0,0,0,0,13.16,14.55,15.8,1050544,13217,166020,0,0,0,9210,0,0,0,0,0,0,0,0,0,0,5417,0,18317,1224,0,0,0,6324,0,1245,0,0,0,1056868,1450,0,17000,0,0,0,0,0,17000,0]
[3292253,20120630,"VISION BSHRS                  ","ADA","OK",528747,525999,528597,3114,0,-422,49979,0,0,4161,829,963,42357,2767,0,0,0,0,556,56,0,0,0,9.5,13.84,15,361051,4161,54140,0,698,0,4422,0,0,0,0,0,0,2397,63,0,0,279,0,4139,22,0,0,556,0,3114,0,0,0,0,361051,3189,0,9000,0,0,0,0,0,9000,0]
[3293223,20120630,"HOYNE SVGS MHC                ","CHICAGO","IL",null,null,63447]
[3297481,20120630,"OCEANPOINT FNCL PTNR          ","NEWPORT","RI",1121940,1122930,1131048,6775,0,-7765,108789,0,0,6596,0,0,115564,-5476,0,0,0,3809,1438,0,0,0,0,9.69,14.53,15.41,748704,6596,115385,0,0,25,5560,0,0,0,0,0,0,3006,87,0,0,0,0,6594,2,0,0,2012,0,5809,0,0,966,0,748704,2289,0,0,0,0,0,0,0,0,0]
[3306806,20120630,"NAUGATUCK VALLEY FNCL CORP    ","NAUGATUCK","CT",564908,null,558472,null,null,null,null,null,null,null,70,58909,24922,206,-3452,null,0,2715,784,null,0,null,null,null,null,null,null,null,null,0,1305,0,29137,0,0,0,0,0,0,6413,0,0,0,0,null,8399,156,0,null,803,null,3,null,null,0]
[3306815,20120630,"SI FNCL GRP                   ","WILLIMANTIC","CT",957812,null,956269,null,null,null,null,null,null,null,106,94691,42559,598,-10085,null,0,3961,1230,null,0,null,null,null,null,null,null,null,null,0,160,0,11507,0,0,0,0,0,0,5211,1333,0,0,248,null,5644,419,0,null,1546,null,3451,null,null,5]
[3308677,20120630,"SBT BSHRS                     ","DALLAS","TX",532554,532354,530329,200,0,0,89238,0,0,5522,1718,29877,47843,2227,0,0,0,0,0,0,0,0,0,16.760000000000002,20.239999999999998,21.49,440941,5522,94760,0,0,0,26227,0,0,0,0,0,0,0,0,0,0,310,0,6672,0,0,0,0,1150,0,0,0,200,0,442091,2227,0,10000,0,0,0,0,0,10000,0]
[3309889,20120630,"GSB MHC                       ","GREENFIELD","MA",642097,639552,644343,557,0,0,64697,0,0,4727,0,59305,9307,1120,0,-1371,0,3355,879,88,0,0,0,10.119999999999999,17.14,18.420000000000002,377401,4811,69508,0,0,0,5663,0,0,0,0,0,0,1821,25,0,0,0,0,5451,0,0,0,879,724,557,1900,84,0,0,378125,1119,0,0,0,0,0,0,0,0,0]
[3314575,20120630,"PRUDENTIAL MUT HC             ","PHILADELPHIA","PA",499832,499832,503907,0,0,0,43208,0,0,2642,0,0,31029,1835,-2844,0,0,3260,1,0,0,15023,0,8.65,20.49,21.74,210904,2642,45850,0,0,0,12304,0,0,0,0,0,0,10428,282,0,336,0,0,3116,0,15023,0,1,474,0,0,0,0,0,211378,1835,0,0,0,0,0,0,2844,0,0]
[3316917,20120630,"FIRST DEFIANCE FNCL CORP      ","DEFIANCE","OH",2101228,null,2067750,null,null,null,null,null,null,null,127,136025,154501,4660,-46435,null,0,0,8274,null,992,null,null,null,null,null,null,null,null,0,1534,0,42175,0,0,0,0,0,0,6102,348,0,372,1083,null,26409,0,0,null,8274,null,61525,null,null,5427]
[3320978,20120630,"BANKFIVE MHC                  ","FALL RIVER","MA",715542,715117,722100,3100,0,-2675,67035,0,0,6363,0,67921,2214,-230,0,0,0,4133,397,0,0,0,0,9.3699999999999992,13.17,14.42,508867,6366,73401,0,307,0,4312,0,0,0,0,0,0,501,65,0,118,0,0,6575,0,0,0,1401,212,2203,0,3,897,0,509079,2445,0,0,0,0,0,0,0,0,0]
[3325740,20120630,"SOUTHERN NAT BC OF VA INC     ","MCLEAN","VA",686320,675114,711998,10876,0,0,94833,0,0,6655,116,96742,9181,-3027,0,0,174,6175,212,38,0,0,0,14.05,17.670000000000002,18.91,536672,6655,101488,0,2603,0,9059,0,2752,0,0,0,0,848,0,0,322,0,0,6655,0,0,0,212,0,9160,292,0,1716,0,536672,-3027,0,0,0,0,0,0,0,0,0]
[3327025,20120630,"CASHMERE VALLEY FC            ","CASHMERE","WA",1182160,1175081,1192038,6855,0,0,99693,0,0,8497,4040,0,102732,9094,0,0,0,0,2243,224,0,0,0,8.48,14.75,16.010000000000002,675783,8497,108190,0,122,0,3134,0,0,0,0,0,0,644,0,0,124,0,0,12306,250,0,0,2748,4059,6820,0,0,34,0,679842,9094,0,0,0,0,0,0,0,0,0]
[3345430,20120630,"SQUARE 1 FNCL INC             ","DURHAM","NC",1667714,1667714,1791265,0,0,0,144027,0,0,13226,201,153109,-20356,-1995,0,-76,672,11138,0,0,4950,0,0,8.64,13.58,14.83,1060445,13226,157253,0,0,0,8806,0,0,0,0,0,0,0,0,0,0,230,0,14532,0,0,0,0,1306,0,0,0,0,0,1061751,-1995,0,6199,0,0,0,0,0,6199,4950]
[3347274,20120630,"HERITAGE FIRST BSHRS          ","ROME","GA",null,null,11992]
[3347292,20120630,"PARKE BC                      ","SEWELL","NJ",778571,778571,788550,0,0,-154,94113,0,0,7876,560,48869,17899,-570,-2180,0,0,4549,0,0,15965,0,0,12.09,14.96,16.21,629143,7876,101989,0,0,0,42874,0,0,0,0,0,0,3747,0,0,0,318,0,18325,0,-462,0,0,10449,0,0,0,0,0,639592,-416,0,13000,0,15965,0,0,2180,13000,0]
[3357406,20120630,"LAMPLIGHTER FNCL MHC          ","WAUWATOSA","WI",1702649,null,1681182,null,null,null,null,null,null,null,0,0,116176,2229,0,null,0,2352,1103,null,0,null,null,null,null,null,null,null,null,0,0,0,84752,0,0,0,0,0,0,48575,1015,0,989,0,null,32658,0,0,null,1103,null,601,null,null,0]
[3365858,20120630,"SALEM FIVE BC                 ","SALEM","MA",3251352,3234981,3363911,16371,0,-4445,303220,0,0,19992,0,319591,0,1383,0,0,0,11781,13359,0,0,0,0,9.3699999999999992,13.18,14.07,2300808,20567,323787,0,435,1927,37945,0,0,0,0,0,0,23250,304,88,1285,0,0,19992,0,0,0,17167,0,10157,0,575,6214,0,2300808,5828,0,0,0,0,0,0,0,0,0]
[3367094,20120630,"GATEWAY FNCL HOLD OF FL       ","DAYTONA BEACH","FL",594592,590305,603784,0,0,0,60090,null,null,4500,31642,37420,-8702,2988,0,0,18,4138,0,2,4017,null,0,10.18,16.86,18.12,356474,4500,64590,0,0,0,8046,0,0,0,0,0,0,0,0,0,0,0,0,8053,0,0,0,0,3553,0,4285,0,0,0,360027,2988,0,null,null,4017]
[3367106,20120630,"FLORENCE BC MHC               ","FLORENCE","MA",1059798,1063188,1070129,0,0,-3445,97781,0,0,5790,0,0,97836,-3476,0,0,0,8172,552,55,0,0,0,9.1999999999999993,15.04,15.94,650019,5847,103628,0,777,0,9715,0,0,0,0,0,0,4686,166,0,380,0,0,5790,0,0,0,554,0,0,0,57,0,0,650019,-31,0,0,0,0,0,0,0,0,0]
[3376014,20120630,"MADISON CTY HOLD MHC          ","MADISON","NE",null,null,32180]
[3382855,20120630,"MAGYAR BC MHC                 ","NEW BRUNSWICK","NJ",523514,521291,527812,0,0,-765,43094,0,0,3801,59,26377,21322,-515,-2442,0,0,3798,237,24,0,0,0,8.26,12.6,13.71,341987,3801,46895,0,0,3315,21660,0,0,0,0,3315,0,7286,49,0,806,0,0,3801,0,0,0,237,0,0,2199,0,0,0,341987,249,0,0,0,0,0,0,1333,0,0]
[3383683,20120630,"FIRST ULB CORP                ","OAKLAND","CA",null,null,29443]
[3390177,20120630,"ATLANTA BC                    ","ATLANTA","GA",null,null,19587]
[3390430,20120630,"PATRIOT BSHRS                 ","HOUSTON","TX",1228432,1221008,1244607,7424,0,0,122312,0,0,11558,44336,20679,-11121,838,0,0,0,6744,0,0,54342,0,0,10.02,13.27,14.52,921979,11558,133870,0,0,128,17416,0,0,0,0,0,128,81,0,0,0,666,0,14793,525,0,0,0,3760,6776,0,0,648,0,925739,838,0,21500,0,54342,0,0,0,21500,0]
[3392331,20120630,"HAMILTON ST BSHR              ","HOSCHTON","GA",1470527,1454326,1471127,16201,0,0,239530,0,0,4060,392,255803,23026,2514,-1935,-21555,0,945,0,0,0,0,0,16.47,45.93,46.71,521536,4060,243590,0,0,110339,13304,88065,1618,0,0,22248,1093,1792,12,1176,1006,0,0,4060,0,0,0,0,0,9386,0,0,6815,0,521536,2514,0,0,0,0,0,0,1935,0,0]
[3393178,20120630,"FIRST INTERNET BC             ","INDIANAPOLIS","IN",613640,608953,623951,4687,0,0,51982,0,0,5727,41346,0,15323,1581,0,0,0,2556,0,0,0,0,0,8.5399999999999991,10.49,11.65,495423,5753,57735,0,0,34,9575,0,0,0,0,0,0,797,261,0,10,0,0,5727,0,0,0,0,0,4687,0,26,0,0,495423,1581,0,0,0,0,0,0,0,0,0]
[3395668,20120630,"COMMUNITY PTNR BC             ","MIDDLETOWN","NJ",692106,673653,697790,18453,0,0,70657,0,0,7258,71364,0,5747,354,0,0,0,4368,0,0,12000,0,0,10.49,11.93,13.15,592422,7258,77915,0,0,49,5216,0,0,0,0,49,0,3101,67,0,350,0,0,7258,0,0,0,0,0,18109,0,0,345,0,592422,355,0,0,0,0,0,0,0,0,12000]
[3405521,20120630,"MERRIMACK BC MHC              ","CONCORD","NH",658347,643270,657958,15077,0,-4103,56813,0,0,5232,0,64909,1826,-3083,0,0,0,2708,1068,0,0,0,0,8.83,13.61,14.9,417579,5413,62226,0,0,0,6593,0,0,0,0,0,0,1269,0,0,37,238,0,6092,147,0,0,1303,1007,12873,0,181,2204,0,418586,1020,0,5155,0,0,0,0,0,5155,0]
[3407598,20120630,"FIRST CONNECTICUT BC          ","FARMINGTON","CT",1664621,1664621,1687671,0,0,-5957,253194,0,0,16523,179,175109,93506,-5350,-15339,0,0,13735,528,0,0,0,0,15.21,19.18,20.43,1320130,16523,269717,0,0,0,13515,0,0,0,0,0,0,8658,145,0,1647,0,0,17927,325,0,0,607,1729,0,0,0,0,0,1321859,607,261,0,0,0,0,0,15339,0,0]
[3412583,20120630,"E TRADE FNCL CORP             ","NEW YORK","NY",49374635,null,49155830,null,null,null,null,null,null,null,2857,7310487,-1893036,-340699,0,null,0,1474887,1515,null,0,null,null,null,null,null,null,null,null,0,0,0,1063934,0,0,0,0,0,0,760016,52043,0,248873,0,null,525756,0,0,null,1515,null,1934232,null,null,273213]
[3432965,20120630,"YADKIN VALLEY FC              ","ELKIN","NC",1957627,1942455,1945339,3180,0,0,169974,0,0,19142,20004,121150,-38842,4456,0,0,0,16610,1888,189,47811,0,0,8.75,11.17,12.36,1521676,19142,188032,0,0,0,63305,0,0,0,0,0,0,6724,168,0,2856,1084,0,28797,0,0,0,1889,9655,0,11803,0,3180,0,1531331,4456,0,35023,0,47811,0,0,0,35023,0]
[3434624,20120630,"BANORTE USA CORP              ","NEW YORK","NY",2164478,1929997,2132138,234481,0,0,194720,0,0,9820,1,369296,37589,14058,0,2263,0,2787,0,0,0,0,0,10.09,24.72,25.97,787564,9820,204540,0,0,472,18842,0,0,0,0,399,0,4989,0,0,0,620,0,13888,328,0,0,0,4396,230444,0,0,4038,0,791960,14006,0,20000,0,0,0,0,0,20000,0]
[3434633,20120630,"CHICOPEE BC                   ","CHICOPEE","MA",600042,598722,604866,0,0,0,87253,0,0,4482,72479,3097,43256,-22,-30225,0,0,2903,371,37,0,0,0,14.57,18.440000000000001,19.38,473233,4482,91735,0,0,0,3551,0,0,0,0,0,0,1004,287,0,0,0,0,4482,0,0,0,412,0,0,1283,0,0,0,473233,-22,34,0,0,0,0,0,30062,0,0]
[3435386,20120630,"MONARCH FNCL HOLD             ","CHESAPEAKE","VA",941343,940196,994081,1147,0,-405,89765,0,0,9703,29869,6862,24509,-298,-160,0,0,5916,0,0,19832,0,0,9.5500000000000007,11.59,12.84,774461,9703,99468,0,0,712,5597,0,0,0,0,712,0,2140,0,0,600,736,0,10724,0,623,0,0,1021,775,0,0,372,0,775482,107,0,10000,0,19832,0,0,160,10000,0]
[3438097,20120630,"SKAGIT ST BC                  ","BURLINGTON","WA",733982,733982,747198,0,0,0,68315,0,0,5466,12662,0,55653,4082,0,0,0,499,0,0,0,0,0,9.31,15.63,16.88,437121,5466,73781,0,0,0,14404,0,0,0,0,0,0,1137,150,0,0,0,0,5541,71,0,0,0,146,0,0,0,0,0,437267,4082,0,0,0,0,0,0,0,0,0]
[3438284,20120630,"FIRST CLOVER LEAF FNCL CORP   ","EDWARDSVILLE","IL",544368,null,538134,null,null,null,null,null,null,null,766,60830,15206,1409,0,null,0,1343,705,null,0,null,null,null,null,null,null,null,null,0,0,131,12731,0,0,0,0,0,0,1639,208,0,15,0,null,5865,0,0,null,705,null,11385,null,null,677]
[3444717,20120630,"GORHAM BC MHC                 ","GORHAM","ME",936369,933461,924493,2894,0,-2730,78894,0,0,7550,0,11750,70052,-903,0,0,0,1289,137,14,0,0,0,8.4499999999999993,13.07,14.32,603790,7550,86444,0,0,0,20116,0,0,0,0,0,0,7725,286,0,682,0,0,6897,882,0,0,137,229,2894,0,0,0,0,604019,1827,0,0,0,0,0,0,0,0,0]
[3444801,20120630,"COASTAL AFFIL MHC             ","HYANNIS","MA",663736,663736,672458,0,0,0,63977,null,null,5786,0,0,63977,1379,0,0,0,2750,1623,0,0,null,0,9.64,13.83,15.14,462478,6040,70017,0,0,0,7329,0,0,0,0,0,0,2578,19,0,53,0,0,6168,0,0,0,1948,382,0,0,254,0,0,462860,1379,0]
[3446346,20120630,"FORCHT BC INC                 ","CORBIN","KY",981125,960318,974186,20807,0,0,99284,0,0,7243,31152,3228,60890,5979,0,0,0,0,0,0,0,0,0,10.34,17.170000000000002,18.43,578110,7243,106527,0,0,161,13745,0,0,0,0,161,0,2999,9,0,0,1083,0,8607,0,0,0,0,1364,20476,0,0,331,0,579474,5979,0,24821,0,0,0,0,0,24821,0]
[3446412,20120630,"APPLE FNCL HOLD               ","NEW YORK","NY",8448788,8443621,8541925,3251,0,-20332,756828,0,0,11193,0,9270,751847,10481,0,-1916,0,27140,0,0,0,878,0,8.9600000000000009,27.05,27.47,2797662,11685,768513,696,0,699,6514,0,0,0,0,696,0,5127,324,0,895,0,0,10897,296,878,0,0,0,3251,0,492,0,0,2797662,30813,0,0,0,0,0,0,0,0,0]
[3447567,20120630,"ADAM BK GRP                   ","COLLEGE STATION","TX",994751,979871,990450,14880,0,0,139728,0,0,8747,14395,133885,-4080,1843,0,0,0,7091,0,0,0,10408,0,14.26,15.02,15.96,930516,8747,148475,0,0,42015,9875,0,0,0,0,6812,152,0,0,2120,0,0,0,8535,212,10408,0,0,0,11669,0,0,3211,0,930516,1843,0,0,0,0,0,0,0,0,0]
[3447585,20120630,"FIRST CMNTY FNCL PTNR         ","JOLIET","IL",878148,878148,871025,0,0,0,85135,4060,0,9102,12052,70046,-33718,1017,0,0,0,1196,0,0,22561,14194,0,9.69,11.97,13.82,711402,13162,98297,0,0,2868,32475,0,0,0,0,0,0,1915,220,0,635,0,0,26291,0,14194,0,0,17189,0,0,0,0,0,728591,1017,0,0,0,22561,0,0,0,0,0]
[3449431,20120630,"CONESTOGA BC                  ","CHESTER SPRINGS","PA",623490,619365,639204,365,0,0,64738,0,0,5843,0,93790,-49927,-9601,0,0,0,10006,391,39,25000,0,0,10.45,11.37,12.39,569442,5843,70581,0,0,2062,12504,0,0,0,0,560,44,1727,281,0,0,0,0,5843,31,0,0,391,31,0,3721,0,365,0,569473,-9601,0,0,0,25000]
[3454172,20120630,"FIRST CAP BC                  ","GLEN ALLEN","VA",536388,534388,520532,0,0,0,47363,1200,0,4918,48199,14,-9418,1402,0,0,0,7440,0,0,5413,0,0,8.86,12.11,13.67,391097,6118,53481,0,0,687,9778,0,0,0,0,0,0,1865,414,687,142,155,0,7253,0,0,0,0,2335,0,2000,0,0,0,393432,1402,0,5155,0,0,0,0,0,5155,5413]
[3454220,20120630,"FIDELITY MHC                  ","FITCHBURG","MA",517677,517501,518750,176,0,-157,43461,0,0,3993,1,37984,0,1320,0,0,0,984,1382,0,0,0,0,8.4,13.61,14.86,319407,3993,47454,0,0,0,4872,0,0,0,0,0,0,3031,155,0,163,0,0,4201,55,0,0,1382,263,0,0,0,176,0,319670,1477,348,6000,0,0,0,0,0,6000,0]
[3461358,20120630,"VB TX                         ","HOUSTON","TX",583940,576302,583763,7638,0,0,73111,0,0,5293,719,73487,6554,850,0,-11,0,1482,57,0,0,0,0,12.69,17.12,18.36,427147,5293,78404,0,0,0,246,0,0,0,0,0,0,0,0,0,0,0,0,5293,0,0,0,57,0,6629,0,0,1009,0,427147,850,0,0,0,0,0,0,0,0,0]
[3472176,20120630,"AFNB HOLD                     ","HOUSTON","TX",862163,862163,865620,0,0,0,120473,0,0,8401,30566,22323,67584,1956,0,0,0,1088,0,0,0,0,0,13.97,16.190000000000001,17.32,744237,8401,128874,0,0,991,9663,0,0,0,0,989,0,144,0,0,0,0,0,8369,32,0,0,0,0,0,0,0,0,0,744237,1956,0,0,0,0,0,0,0,0,0]
[3474835,20120630,"GREEN BC                      ","HOUSTON","TX",1405297,1380886,1491330,18610,0,0,156528,0,0,13778,207,178522,2210,1564,0,0,0,5801,0,0,0,0,0,11.34,13.28,14.45,1178475,13778,170306,0,0,1204,12468,0,0,0,0,0,5,1420,0,0,0,0,0,13778,0,0,0,0,0,17440,5801,0,1170,0,1178475,1564,0,0,0,0,0,0,0,0,0]
[3475074,20120630,"TRISTATE CAP HLD INC          ","PITTSBURGH","PA",1876229,1876229,1885820,0,0,0,189295,0,0,17904,168351,7426,-10328,1212,0,0,0,6511,0,0,23846,0,0,10.09,9.9499999999999993,10.89,1902925,17904,207199,0,0,0,15078,0,0,0,0,0,0,0,0,0,0,0,0,17464,440,0,0,0,0,0,0,0,0,0,1902925,1212,0,0,0,0,0,0,0,0,23846]
[3485541,20120630,"FIRST NBC BHC                 ","NEW ORLEANS","LA",2382816,2375944,2430162,6872,0,0,232033,0,0,21981,13028,128436,46631,2277,0,0,0,12017,0,0,49166,1644,0,9.77,11.89,13.01,1951768,21981,254014,0,541,5068,7397,0,0,0,0,3841,0,3070,120,0,101,0,0,21868,113,1646,0,0,0,2806,0,0,4066,0,1951768,2277,0,0,0,49166,1644,0,0,0,0]
[3485989,20120630,"CHARTER BSHRS                 ","EAU CLAIRE","WI",693435,693435,707486,0,0,0,82260,0,0,6576,1,33555,29704,8905,0,0,0,0,0,0,0,0,0,11.86,15.89,17.16,517689,6576,88836,0,252,84,11315,0,0,0,0,0,0,3484,194,0,44,0,0,14998,0,0,0,0,8422,0,0,0,0,0,526111,8905,0,19000,0,0,0,0,0,19000,0]
[3488300,20120630,"LIBERTY BC                    ","LIBERTY","MO",null,null,64798]
[3488485,20120630,"IRONHORSE FNCL GRP            ","MUSKOGEE","OK",1005943,1002861,1003683,3082,0,-604,97787,0,0,7971,1,36832,42037,9210,0,0,0,0,11,0,0,0,0,9.75,13.92,15.06,702339,7978,105765,0,0,247,9688,0,0,0,0,233,0,3457,1817,0,73,682,0,8763,0,0,0,86,792,2940,0,7,142,0,703131,9815,0,22000,0,0,0,0,0,22000,0]
[3488850,20120630,"BUSINESS FIRST BSHRS          ","BATON ROUGE","LA",656324,655735,645399,569,0,0,67426,0,0,6201,5311,56477,6309,1059,-121,0,0,2529,0,0,0,39,0,10.28,12.62,13.78,534193,6201,73627,0,0,112,14545,0,0,0,0,0,0,1158,286,0,22,0,0,6201,0,39,0,0,0,0,20,0,569,0,534193,1059,0,0,0,0,0,0,121,0,0]
[3489594,20120630,"PACIFIC PREMIER BC            ","COSTA MESA","CA",1021224,1013482,1065035,2781,0,0,97168,0,0,7799,103,76258,18549,1159,0,0,0,5585,0,0,0,0,0,9.59,11.35,12.26,856006,7799,104967,0,287,0,10548,0,0,0,0,0,0,473,13,0,0,310,0,7658,141,0,0,0,0,0,4961,0,2781,0,856006,1159,0,10000,0,0,0,0,0,10000,0]
[3523359,20120630,"LINCO BSHRS                   ","COLUMBIA","MO",684944,679000,684114,5944,0,0,89607,0,0,3768,0,99369,-3818,899,0,0,0,0,0,0,0,0,0,13.2,30.64,31.93,292470,3768,93375,0,0,1038,42740,831,33345,0,0,169,0,5514,0,0,195,0,0,12529,235,0,0,0,8996,4212,0,0,1732,0,301466,899,0,0,0,0,0,0,0,0,0]
[3536386,20120630,"USAMERIBANCORP                ","CLEARWATER","FL",2237602,2220290,2351216,17312,0,0,175832,25475,0,22628,92,128272,28435,5723,-197,0,64,22338,0,0,21542,0,0,7.92,9.75,12.41,1804283,48103,223935,0,672,638,30527,0,0,0,0,526,0,3039,254,0,1245,3769,0,28401,180,0,0,0,5953,6447,0,0,10801,0,1810236,5723,0,15000,0,21542,0,0,197,15000,0]
[3541483,20120630,"AVENUE FNCL HOLD              ","NASHVILLE","TN",662801,651284,671327,2966,0,0,71118,0,0,6144,75322,493,-12130,592,0,0,0,9533,0,0,18950,0,0,10.92,14.48,15.73,491306,6144,77262,0,0,0,2472,0,0,0,0,0,0,1097,185,0,17,0,0,6327,15,0,0,0,198,2966,8551,0,0,0,491504,592,0,0,0,18950,0,0,0,0,0]
[3547999,20120630,"BANGOR BC MHC                 ","BANGOR","ME",2598082,2573012,2652178,24943,0,437,256453,0,0,22013,0,0,281523,11346,0,0,0,0,1275,127,0,0,0,9.9700000000000006,14.62,15.88,1754454,22236,278689,0,0,0,12436,0,0,0,0,0,0,5155,73,0,1294,0,0,28762,75,0,0,1275,6824,29633,0,223,1191,0,1761278,10909,0,0,0,0,0,0,0,0,0]
[3555341,20120630,"ENCORE BSHRS                  ","HOUSTON","TX",1588135,1537468,1643789,40941,0,0,152296,0,0,13495,12066,128068,11522,-291,-1607,0,0,18795,0,0,32914,0,0,9.91,14.1,15.35,1079977,13495,165791,0,369,0,9039,0,0,0,0,0,0,4589,238,0,0,619,0,17731,610,0,0,0,4846,35799,9726,0,5142,0,1084823,-291,0,20000,0,32914,0,0,1607,20000,0]
[3555686,20120630,"ATLANTIC CAP BSHRS            ","ATLANTA","GA",1011546,1011546,1034907,0,0,0,123048,0,0,10310,13384,121836,-11212,1198,-960,0,0,8745,0,0,0,0,0,12.16,13.6,14.74,905041,10310,133358,0,0,0,1224,0,0,0,0,0,0,0,0,0,0,0,0,10310,0,0,0,0,0,0,0,0,0,0,905041,1198,0,0,0,null,null,null,34]
[3557626,20120630,"FLORIDA BK GRP                ","TAMPA","FL",681696,681696,664390,0,0,0,38585,0,5257,5641,209,152099,-134631,598,-164,0,0,0,0,0,26329,0,5257,5.66,8.75,11.22,441038,10903,49488,0,0,0,32643,0,0,0,0,0,0,8890,245,0,884,0,0,15876,0,0,0,0,10235,0,0,5,0,0,451273,598,0,0,0,21072,0,0,164,0,0]
[3558726,20120630,"FIRST TX BHC                  ","FORT WORTH","TX",994314,949734,1023222,40390,0,0,98090,13700,0,9291,5471,102792,-2968,1995,-447,0,0,4190,0,0,29822,0,0,10.33,13.2,16.29,743088,22991,121081,0,0,3,5783,0,0,0,0,0,0,1021,59,0,0,248,0,9490,0,0,0,0,199,37227,4190,0,3163,0,743287,1995,0,8000,0,29822,0,0,447,8000,0]
[3559947,20120630,"OSAGE BSHRS                   ","PAWHUSKA","OK",null,null,24613]
[3575750,20120630,"NEW HAMPSHIRE THRIFT BSHRS    ","NEWPORT","NH",1113821,null,1141338,null,null,null,null,null,null,null,63,39246,51921,-1011,0,null,0,0,1551,null,20000,null,null,null,null,null,null,null,null,0,1341,0,15518,0,0,0,0,0,0,5144,21,0,3,5143,null,9106,170,0,null,1953,null,28649,null,null,1530]
[3587146,20120630,"BANK OF NY MELLON CORP        ","NEW YORK","NY",303345000,284776000,330490000,20489000,0,-1372000,15722000,1317000,0,467000,12000,23366000,13588000,-1280000,-1653000,-33000,0,95000,0,0,500000,0,0,5.52,14.73,16.399999999999999,106763000,1786000,17508000,0,0,16000,600000,0,0,0,0,12000,0,186000,0,0,6000,1524000,0,362000,105000,852000,0,2000,0,17909000,0,2000,4962000,2033000,106763000,825000,0,1164000,0,500000,0,0,1653000,1164000,0]
[3589560,20120630,"FIRST GUARANTY BSHRS          ","HAMMOND","LA",1356491,1352061,1364128,4430,0,0,120691,0,0,9141,6294,39387,40026,6298,-21,0,0,0,177,0,39435,0,0,8.93,13.61,14.64,886686,9152,129843,0,673,756,19659,0,0,0,0,756,0,5084,309,0,35,0,0,9141,0,0,0,177,0,1999,0,11,2431,0,886686,6298,0,0,0,39435,0,0,21,0,0]
[3590388,20120630,"BANK OF MARIN BC              ","NOVATO","CA",1424664,1424664,1407000,0,0,0,142714,5000,0,13940,57543,0,85171,1612,0,0,0,6273,0,0,0,0,0,10.02,12.31,13.94,1159350,18940,161654,0,0,1,14347,0,0,0,0,0,0,740,1519,0,1185,0,0,13435,505,0,0,0,0,0,0,0,0,0,1159350,1612,0,0,0,0,0,0,0,0,0]
[3594872,20120630,"CBFH                          ","ORANGE","TX",1505023,1446412,1516992,58611,0,0,168967,0,0,14134,78203,117071,22318,2497,-514,0,0,5006,0,0,0,0,0,11.68,14.97,16.23,1128418,14134,183101,55,0,89,16667,0,0,0,0,34,0,253,23,0,0,326,0,16529,575,0,0,0,2970,57667,0,0,1430,0,1131388,2497,0,10500,0,0,0,0,514,10500,0]
[3595084,20120630,"PACIFIC CITY FC               ","LOS ANGELES","CA",580942,580942,594779,0,0,0,62322,171,0,5516,68702,2142,-25282,319,0,0,612,9,2696,0,16760,0,0,10.73,14.43,15.75,431745,5687,68009,0,3411,0,8563,0,0,0,0,0,0,0,0,0,0,0,0,15035,33,0,0,5766,9552,0,0,0,0,0,441297,319,0,0,0,16760,0,0,0,0,0]
[3596009,20120630,"ORANGE COUNTY BC              ","MIDDLETOWN","NY",654620,654620,668398,0,0,0,91687,0,0,4467,1000,1164,91007,3273,-1484,0,0,463,0,0,0,0,0,14.01,25.69,26.94,356962,4467,96154,0,0,1289,7997,0,0,0,0,0,0,1259,245,0,96,0,0,4750,80,0,0,0,363,0,0,0,0,0,357325,3273,0,0,0,0,0,0,1484,0,0]
[3602245,20120630,"FIRST CMNTY HOLD              ","SANTA ROSA","CA",609011,608941,609969,0,0,0,48243,17336,0,5997,83868,0,-35555,29,0,0,0,0,697,70,0,0,0,7.92,10.33,15.33,466979,23333,71576,0,1285,0,35928,0,0,0,0,0,0,4085,0,0,325,0,0,18225,576,0,0,697,12804,0,0,0,0,0,479783,29,0,0,0,0,0,0,0,0,0]
[3609682,20120630,"TALMER BC                     ","TROY","MI",2205432,2198297,2241541,6668,0,0,343922,0,0,13460,47090,221458,82509,3767,0,0,0,0,4672,467,0,0,0,15.64,33.840000000000003,35.17,1016240,13469,357391,0,0,134984,24539,107913,18256,0,0,6064,303,1659,0,394,53,938,0,73140,129,0,0,4750,59809,0,0,9,6668,0,1076049,3767,0,0,0,0,0,0,0,0,0]
[3632484,20120630,"CFS BC                        ","MUNSTER","IN",1164670,null,1131500,null,null,null,null,null,null,null,234,187379,74421,-2613,-154824,null,0,16281,360,null,0,null,null,null,null,null,null,null,null,0,0,847,51824,0,0,0,0,0,0,7855,129,0,695,0,null,12062,33,0,null,360,null,0,null,null,0]
[3632493,20120630,"PROVIDENT FNCL HOLD           ","RIVERSIDE","CA",1258226,null,1260917,null,null,null,null,null,null,null,176,86758,156560,626,-99343,null,0,8254,327,null,0,null,null,null,null,null,null,null,null,0,0,0,41005,0,0,0,0,0,0,34451,163,0,0,0,null,21483,0,0,null,398,null,0,null,null,0]
[3632756,20120630,"CENTURY FS CORP               ","SANTA FE","NM",559382,559382,557218,0,0,0,55162,0,0,4500,311,3027,38034,3812,0,0,0,0,0,0,0,0,0,9.86,15.27,16.52,361195,4511,59673,0,44,0,7960,0,0,0,0,0,0,495,185,0,262,518,0,5500,0,0,0,0,1000,0,0,11,0,0,362195,3812,0,13790,0,0,0,0,0,3487,0]
[3633052,20120630,"JLL/FCH HOLD I                ","NEW YORK","NY",609324,607872,607369,1452,0,0,59965,0,0,6014,0,163579,-102162,1740,0,0,0,0,0,0,0,0,0,9.86,12.48,13.73,480391,6014,65979,0,300,0,5135,0,0,0,0,0,0,804,396,0,0,0,0,7262,34,8015,0,0,1282,0,0,0,1452,0,481673,1740,0,0,0,0,0,0,0,0,0]
[3635319,20120630,"SERVISFIRST BSHRS             ","BIRMINGHAM","AL",2534831,2534831,2570590,0,0,0,237256,0,0,23239,6,89324,77968,7612,0,0,0,5738,0,0,39958,0,0,9.36,11.27,12.37,2105144,23239,260495,0,0,0,12125,0,0,0,0,0,0,468,0,0,0,516,0,23239,0,0,0,0,0,0,0,0,0,0,2105144,7612,0,30000,0,39958,0,0,0,30000,0]
[3637984,20120630,"METROPOLITAN BANCGROUP        ","RIDGELAND","MS",677827,672367,677474,5460,0,0,55676,0,0,5289,69,62473,-1406,1160,0,0,0,607,0,0,0,0,0,8.2799999999999994,11.32,12.4,491741,5289,60965,0,0,0,2328,0,0,0,0,0,0,280,0,0,78,0,0,5289,0,0,0,0,0,4626,0,0,834,0,491741,1160,0,0,0,0,0,0,0,0,0]
[3644160,20120630,"NEWPORT BC                    ","NEWPORT","RI",null,null,52549]
[3650152,20120630,"PEOPLES UNITED FNCL INC       ","BRIDGEPORT","CT",27733679,null,28134752,null,null,null,null,null,null,null,3959,5258547,754403,-90258,-780048,null,18,0,750,null,0,null,null,null,null,null,null,null,null,0,18180,0,509122,0,9143,0,0,0,0,92644,8722,0,11786,4440,null,180301,1876,0,null,750,null,1953963,null,null,212470]
[3671960,20120630,"CMS BC                        ","WHITE PLAINS","NY",null,null,22006]
[3681307,20120630,"SFB BC                        ","ELIZABETHTON","TN",null,null,13470]
[3681316,20120630,"QUAINT OAK BC                 ","SOUTHAMPTON","PA",null,null,16299]
[3687046,20120630,"COMMUNITY BKR TR CORP         ","GLEN ALLEN","VA",1102782,1087087,1115897,11427,0,0,98985,0,0,8088,216,144304,-52337,2803,0,0,0,6135,0,0,18373,0,0,9.11,15.44,16.62,641169,8088,106538,0,0,29,36020,23,8682,0,0,0,19,13956,692,0,1794,535,0,13982,0,0,0,0,5894,0,4268,0,11427,0,647063,2803,0,4124,0,0,0,0,0,4124,18373]
[3688061,20120630,"ARMED FORCES BENEFIT ASSOC    ","ALEXANDRIA","VA",603685,598540,607817,1501,0,-15753,245074,0,0,1420,0,0,218965,-962,0,0,0,3644,0,0,0,0,0,40.950000000000003,53.45,54.58,458541,5205,250279,0,0,0,50,0,0,0,0,0,0,0,0,0,0,0,0,1420,0,31253,0,0,0,17,3644,3785,1484,0,458541,14790,0,31253,0,0,0,0,0,0,0]
[3695957,20120630,"ENB FNCL CORP                 ","EPHRATA","PA",771815,771813,776632,0,0,0,80875,0,0,5918,574,4304,76365,5242,-333,0,0,322,23,2,0,0,0,10.48,17.16,18.420000000000002,471172,5918,86793,0,0,0,1649,0,0,0,0,0,0,192,143,0,0,0,0,7877,329,0,0,23,2288,0,0,0,0,0,473460,5242,33,0,0,0,0,0,333,0,0]
[3696093,20120630,"MERCHANTS & MARINE BC         ","PASCAGOULA","MS",607439,604465,584569,2974,0,0,57978,0,0,3238,3326,14500,43126,-3844,0,0,0,2980,0,0,0,0,0,9.59,17.239999999999998,18.22,336259,3299,61277,0,0,0,4650,0,0,0,0,0,0,1589,0,0,0,0,0,3178,60,0,0,0,0,2974,0,61,0,0,336259,-3844,0,0,0,0,0,0,0,0,0]
[3715257,20120630,"1ST FS CORP                   ","HENDERSONVILLE","NC",707508,707508,714144,0,0,0,18689,0,0,5106,27088,16926,-41415,730,0,0,285,0,0,0,16090,0,0,2.64,4.63,5.9,403278,5106,23795,0,0,0,25191,0,0,0,0,0,0,7140,253,0,637,0,0,10295,0,0,0,0,5189,0,0,0,0,0,408467,730,0,0,0,16090,0,0,0,0,0]
[3719965,20120630,"NATIONAL AMER HOLD LLC        ","NEW YORK","NY",8621204,7918372,8955125,702832,0,0,505792,35795,0,67301,0,1086757,65794,16085,0,0,0,11917,0,0,0,0,0,6.39,9.15,11.01,5529932,103096,608888,0,1514,10,178226,0,70172,0,0,0,0,18527,3612,0,3219,0,0,67301,0,0,0,0,0,656060,0,0,55330,0,5529932,16095,0,56083,0,0,0,0,0,56083,0]
[3719992,20120630,"MODERN BK PTNR LLC            ","NEW YORK","NY",661020,657230,656027,3790,0,0,46112,0,0,5288,0,84133,-44670,-1243,0,0,0,841,0,0,0,0,0,7.02,10.94,12.19,421552,5288,51400,0,0,0,2978,0,0,0,0,0,0,0,0,0,0,0,0,6643,117,10439,0,0,1472,2821,0,0,969,0,423024,-1243,0,10439,0,0,0,0,0,0,0]
[3726440,20120630,"OAK VALLEY BC                 ","OAKDALE","CA",588303,588303,596417,0,0,0,63755,0,0,5645,25197,649,31159,3180,0,0,0,1615,0,0,6750,0,0,10.84,14.2,15.45,449084,5648,69403,0,0,0,7184,0,0,0,0,0,0,871,169,0,150,0,0,8008,116,0,0,0,2479,0,0,3,0,0,451563,3180,0,0,0,6750,0,0,0,0,0]
[3728930,20120630,"ESB BC MHC                    ","EASTHAMPTON","MA",963179,963179,966070,0,0,0,116828,0,0,4824,0,112635,4193,4128,0,0,0,4928,0,0,0,0,0,12.13,20.38,21.29,573224,5187,122015,0,0,0,12601,0,0,0,0,0,0,9304,305,0,280,0,0,4255,569,0,0,0,0,0,0,363,0,0,573224,4128,0,0,0,0,0,0,0,0,0]
[3734753,20120630,"INTEGRITY BSHRS               ","CAMP HILL","PA",636906,636906,651736,0,0,0,35498,15000,0,6552,2108,27833,5557,55,0,0,0,2732,0,0,0,0,0,5.57,6.79,10.92,522522,21552,57050,0,0,0,4297,0,0,0,0,0,0,508,0,0,0,1565,0,7569,0,0,0,0,1017,0,0,0,0,0,523539,55,0,0,0,0,0,0,0,0,0]
[3742020,20120630,"HYDE PARK BC MHC              ","HYDE PARK","MA",1028714,1028714,1073749,0,0,-1311,160697,0,0,3906,0,80,143361,7585,0,0,0,0,119,0,18724,0,0,15.62,26.55,27.2,605190,3906,164603,0,0,1,1938,0,0,0,0,0,0,1938,0,0,0,0,0,3886,20,0,0,119,0,0,0,0,0,0,605190,8896,1468,0,0,0,0,0,0,0,18724]
[3762457,20120630,"CM FL HOLD                    ","CORAL GABLES","FL",4287427,3869757,4310637,417670,0,0,390316,0,0,30205,1,1234270,-426278,6210,-1,-2,0,0,0,0,0,0,0,10.09,16.46,17.73,2371578,30205,420521,0,0,100,28622,0,0,0,0,100,0,14808,0,0,94,0,0,73728,1565,526,0,0,45088,353862,0,0,63808,0,2416666,6214,0,0,0,0,0,0,1,0,0]
[3772018,20120630,"COMMONWEATH SAVINGSHARES CORP ","HUNTSVILLE","AL",null,null,28527]
[3778542,20120630,"NORTH JERSEY COMMUNITY BANCORP","ENGLEWOOD CLIFFS","NJ",806107,805847,822322,260,0,0,67056,0,0,8332,27149,0,16163,637,0,0,0,3195,0,0,24004,0,0,8.32,10.1,11.36,663633,8332,75388,0,0,0,2782,0,0,0,0,0,0,0,273,0,0,9,0,11298,0,0,0,0,2966,260,0,0,1,0,666599,637,0,0,0,24004,0,0,0,0,0]
[3789986,20120630,"LUSITANIA FNCL MHC            ","NEWARK","NJ",null,null,33721]
[3790245,20120630,"METUCHEN MHC                  ","METUCHEN","NJ",null,null,28556]
[3790272,20120630,"MSB FNCL MHC                  ","MILLINGTON","NJ",null,null,41054]
[3790393,20120630,"KEARNY MHC                    ","KEARNY","NJ",2937217,null,2937039,null,null,null,null,null,null,null,7274,215539,202490,23596,-74453,null,0,0,0,null,0,null,null,null,null,null,null,null,null,0,342,691,32807,0,0,0,0,0,0,14918,985,0,192,0,null,10117,0,117644,null,0,null,108591,null,null,652]
[3790432,20120630,"CLIFTON MHC                   ","CLIFTON","NJ",1089579,null,1061339,null,null,null,null,null,null,null,196,87491,33246,0,0,null,0,3425,0,null,0,null,null,null,null,null,null,null,null,0,0,0,4186,0,0,0,0,0,0,4050,89,0,0,0,null,2190,0,66715,null,0,null,0,null,null,0]
[3790469,20120630,"WAWEL FNCL SVC MHC            ","WALLINGTON","NJ",null,null,9731]
[3790487,20120630,"LINCOLN PARK BC MHC           ","LINCOLN PARK","NJ",null,null,15551]
[3790629,20120630,"SADDLE RIVER VALLEY BC        ","SADDLE RIVER","NJ",null,null,102041]
[3793077,20120630,"CAMBRAY MUT HC                ","GOUVERNEUR","NY",null,null,15250]
[3793086,20120630,"LAKE SHORE MHC                ","DUNKIRK","NY",null,null,40350]
[3793116,20120630,"HOMETOWN BC MHC               ","WALDEN","NY",null,null,19740]
[3793125,20120630,"COMMUNITY FSB HC              ","WOODHAVEN","NY",null,null,20907]
[3793143,20120630,"NORTHEAST CMNTY BC MHC        ","WHITE PLAINS","NY",null,null,107509]
[3793161,20120630,"BEACON FEDERAL BC             ","EAST SYRACUSE","NY",1019214,null,998068,null,null,null,null,null,null,null,76,76100,56725,-1415,-16313,null,0,10292,1003,null,0,null,null,null,null,null,null,null,null,0,0,0,31308,0,0,0,0,0,0,5430,0,0,204,0,null,13027,0,0,null,1003,null,0,null,null,0]
[3793170,20120630,"NORTHFIELD BC MHC             ","STATEN ISLAND","NY",2415786,null,2464248,null,null,null,null,null,null,null,456,60582,223239,11501,-57260,null,0,2720,38,null,0,null,null,null,null,null,null,null,null,0,0,8342,34369,0,0,0,0,290,0,1660,111,315,1591,0,null,27042,330,150646,null,38,null,16159,null,null,826]
[3793497,20120630,"MAPLE CITY SVG MHC            ","HORNELL","NY",null,null,6384]
[3793545,20120630,"FLATBUSH FED BC MHC           ","BROOKLYN","NY",null,null,9988]
[3793648,20120630,"FSB CMNTY BSHRS MHC           ","FAIRPORT","NY",null,null,10927]
[3793750,20120630,"CURRAGH CAP PTNR II LP        ","NEW YORK","NY",null,null,0]
[3793808,20120630,"EMPIRE ST CARPENTERS PENS FUND","HAUPPAUGE","NY",null,null,797576]
[3793862,20120630,"RIVERBANK FNCL MHC            ","CARTHAGE","NY",null,null,16666]
[3795866,20120630,"FIRST PLACE FNCL CORP         ","WARREN","OH",2681570,null,2647819,null,null,null,null,null,null,null,181,214505,-167680,1494,-13705,null,0,0,36162,null,70576,null,null,null,null,null,null,null,null,0,1676,1,135672,0,0,0,0,0,0,38503,2045,0,2313,4526,null,72208,1832,0,null,36470,null,0,null,null,1613]
[3796117,20120630,"ALASKA PACIFIC BSHRS          ","JUNEAU","AK",null,null,20499]
[3797721,20120630,"PEOPLES BC                    ","AUBURN","IN",null,null,63097]
[3798933,20120630,"PIONEER BC                    ","ROSWELL","NM",635266,null,617488,null,null,null,null,null,null,null,1009,351,63161,2773,-3220,null,0,0,6057,null,0,null,null,null,null,null,null,null,null,376,2631,376,2741,0,0,360,2416,376,0,2741,0,0,0,0,null,3610,158,0,null,6057,null,0,null,null,0]
[3799006,20120630,"GRAHAM SVG FC                 ","GRAHAM","TX",null,null,12956]
[3799369,20120630,"AUBURN BC MHC                 ","AUBURN","ME",null,null,3337]
[3800658,20120630,"LIBERTY FNCL SVC ST CLOUD     ","SAINT CLOUD","MN",null,null,18696]
[3800667,20120630,"MID-CENTRAL FC                ","WADENA","MN",null,null,8144]
[3800797,20120630,"REDWOOD FNCL                  ","REDWOOD FALLS","MN",null,null,27707]
[3802250,20120630,"POST OAK BSHRS                ","HOUSTON","TX",584282,582741,597619,0,0,0,61819,0,0,5719,81,55319,9752,93,-1792,0,0,1541,0,0,0,0,0,10.61,13.53,14.78,456951,5719,67538,0,0,0,1387,0,0,0,0,0,0,38,0,0,0,0,0,6433,22,0,0,0,736,0,1541,0,0,0,457687,93,0,0,0,0,0,0,1792,0,0]
[3802540,20120630,"MIDWEST MN CMNTY DEV CORP     ","DETROIT LAKES","MN",null,null,50403]
[3802698,20120630,"BANK FNCL SVC                 ","EDINA","MN",null,null,7777]
[3802858,20120630,"AMERICAN FED CORP             ","FARGO","ND",null,null,40185]
[3803033,20120630,"WEBFIVE MHC                   ","WEBSTER","MA",564525,560425,561434,0,0,0,65944,0,0,4353,0,0,71563,-430,0,0,0,6219,0,0,0,0,0,11.77,16.7,17.8,394926,4353,70297,0,0,0,14036,0,0,0,0,0,0,10324,71,0,72,0,0,4353,0,0,0,0,0,0,4100,0,0,0,394926,-430,1519,0,0,0,0,0,0,0,0]
[3805297,20120630,"MALVERN FED MUT HC            ","PAOLI","PA",649679,null,654051,null,null,null,null,null,null,null,34,14219,21108,251,-1400,null,0,6813,119,null,0,null,null,null,null,null,null,null,null,0,0,0,10628,0,0,0,0,0,0,4118,813,0,23,0,null,7983,0,27992,null,119,null,0,null,null,0]
[3806511,20120630,"EMBASSY BC                    ","BETHLEHEM","PA",620148,620148,621946,0,0,0,44091,0,0,4760,7182,22943,13969,2695,-3,0,0,0,0,0,0,0,0,7.11,11.16,12.36,395190,4760,48851,0,0,360,2496,0,0,0,0,0,0,1222,84,0,0,0,0,4760,0,0,0,0,0,0,0,0,0,0,395190,2695,0,0,0,0,0,0,3,0,0]
[3807974,20120630,"BOH HOLD                      ","HOUSTON","TX",824445,824445,815486,0,0,0,86536,0,0,6005,33900,13661,14883,1988,0,0,0,0,0,0,24092,0,0,10.5,14.57,15.58,593837,6005,92541,0,0,0,0,0,0,0,0,0,0,0,0,0,0,0,0,6005,0,0,0,0,0,0,0,0,0,0,593837,1988,0,0,0,24092,0,0,0,0,0]
[3808131,20120630,"EDUCATIONAL SVC OF AMER       ","KNOXVILLE","TN",1663229,1662283,1857069,946,0,0,239379,0,0,3053,0,0,240325,491,0,0,0,186,0,0,0,0,0,14.4,47,47.6,509340,3053,242432,0,266,126399,1065,0,0,0,0,0,0,605,98,0,0,5,0,3053,0,0,0,0,0,0,0,0,946,0,509340,491,0,0,0,0,0,0,0,0,0]
[3811832,20120630,"GRANDPOINT CAP                ","LOS ANGELES","CA",1543951,1479919,1530219,53877,0,0,160439,0,0,7258,250,236326,-17260,1204,0,0,0,17378,15,2,0,0,0,10.84,15.35,16.05,1044994,7258,167697,0,0,13,24390,0,0,0,0,0,0,539,944,0,51,155,0,7046,212,0,0,15,0,45088,10153,0,8789,0,1044994,1204,0,5155,0,0,0,0,0,5155,0]
[3814208,20120630,"LUTHER BURBANK CORP           ","SANTA ROSA","CA",3680661,null,3657473,null,null,null,null,null,null,null,1680,582,294432,58,0,null,0,1371,0,null,0,null,null,null,null,null,null,null,null,0,0,0,68793,0,0,0,0,0,0,24232,0,0,0,1857,null,59397,0,0,null,0,null,3297,null,null,0]
[3814310,20120630,"BOFI HOLD                     ","SAN DIEGO","CA",2318445,null,2389641,null,null,null,null,null,null,null,123,105683,88357,-2639,-6610,null,0,13232,0,null,24502,null,null,null,null,null,null,null,null,0,0,0,17123,0,0,0,0,0,0,10099,102,0,0,0,null,9636,0,0,null,0,null,0,null,null,0]
[3814459,20120630,"SOUTHEASTERN FNCL             ","TUSCALOOSA","AL",null,null,18711]
[3814655,20120630,"FBDC FNCL CORP                ","FORT PAYNE","AL",null,null,7916]
[3814703,20120630,"WORTHINGTON FNCL HOLD         ","HUNTSVILLE","AL",null,null,17970]
[3814712,20120630,"SE-FED BSHRS                  ","JASPER","AL",null,null,4246]
[3815157,20120630,"RAYMOND JAMES FNCL            ","SAINT PETERSBURG","FL",20818438,20423463,21171219,367152,0,0,2788277,0,0,162762,1399,998567,2281407,-4996,-118681,-27820,0,188330,34,3,0,0,0,13.65,16.91,17.91,16484776,163890,2952167,0,0,1477,100412,0,0,0,0,0,0,86423,0,0,126,5506,0,151349,11413,424013,0,34,0,286372,0,1128,80780,407049,16484776,-23008,0,2548,0,0,0,0,118681,0,0]
[3816547,20120630,"HOMELAND BSHRS                ","COLUMBIA","LA",null,null,16319]
[3816583,20120630,"A F MUT HC                    ","ALAMOGORDO","NM",null,null,26310]
[3817049,20120630,"ROMA FNCL CORP MHC            ","ROBBINSVILLE","NJ",1844875,null,1877096,null,null,null,null,null,null,null,2259,71185,109921,-3068,-27870,null,0,6465,539,null,0,null,null,null,null,null,null,null,null,0,0,0,38901,0,0,0,0,0,0,13051,120,0,1110,0,null,6868,0,71394,null,539,null,1826,null,null,0]
[3818804,20120630,"BEAL FNCL CORP                ","PLANO","TX",9373862,null,9506038,null,null,null,null,null,null,null,297,195213,931326,64724,0,null,0,0,0,null,0,null,null,null,null,null,null,null,null,0,0,403605,502041,158312,2524,0,0,261127,2570,401022,685,143,1339,19063,null,171983,0,21,null,0,null,0,null,null,0]
[3818822,20120630,"F B BANCORP                   ","SAN ANTONIO","TX",566954,null,568996,null,null,null,null,null,null,null,7,68735,-16440,143,0,null,4512,7485,0,null,12000,null,null,null,null,null,null,null,null,0,0,1806,843,0,0,0,0,128,0,0,0,0,0,2,null,7032,0,0,null,0,null,0,null,null,0]
[3819267,20120630,"CBM FL HC                     ","BRADENTON","FL",865713,865078,925472,586,0,0,85324,0,0,5220,62115,0,5743,93,-3,0,49,0,0,49,0,18104,0,9.86,11.44,12.14,745977,5220,90544,0,0,0,30879,0,0,0,0,0,0,5764,464,0,628,0,0,5220,0,18104,0,0,0,0,0,0,586,0,745977,93,0,0,0,0,0,0,3,0,0]
[3821372,20120630,"FIRST WESTERN MTG CORP        ","FORT WORTH","TX",1020799,null,1030081,null,null,null,null,null,null,null,1169,17781,154691,2976,0,null,0,0,112450,null,0,null,null,null,null,null,null,null,null,0,75422,1160,82269,0,0,0,511,0,0,81428,646,124,0,2981,null,11973,0,0,null,139926,null,0,null,null,0]
[3821756,20120630,"JEFFERSON BSHRS               ","MORRISTOWN","TN",528128,515915,522929,1537,0,0,46566,0,0,4371,92,78571,8067,1095,-35196,0,0,10676,0,0,0,0,0,9.0299999999999994,13.37,14.63,348213,4371,50937,0,0,0,18768,0,0,0,0,0,0,5148,23,0,87,0,0,5852,5,0,0,0,1486,0,10676,0,1537,0,349699,1095,0,7245,0,0,0,0,35196,7245,0]
[3821916,20120630,"FIRST COMMAND FNCL SVC        ","FORT WORTH","TX",817645,null,830562,null,null,null,null,null,null,null,60,5969,46022,3635,0,null,0,0,0,null,0,null,null,null,null,null,null,null,null,0,0,144,515,0,0,0,0,0,0,0,0,0,0,0,null,3759,0,0,null,0,null,0,null,null,4728]
[3823031,20120630,"SWS GRP                       ","DALLAS","TX",3526947,null,3546843,null,null,null,null,null,null,null,3331,324556,30084,2745,-5014,null,0,23651,0,null,0,null,null,null,null,null,null,null,null,0,1027,0,37320,0,0,0,0,0,0,16440,1227,0,772,6794,null,22402,0,0,null,0,null,7552,null,null,270]
[3823189,20120630,"PREFERRED BSHRS               ","HOUSTON","TX",null,null,29719]
[3823291,20120630,"BANC AFFIL                    ","BEDFORD","TX",null,null,34356]
[3823451,20120630,"DALHART FED MUT HC            ","DALHART","TX",null,null,10679]
[3823844,20120630,"NEXBANK CAP                   ","DALLAS","TX",628931,null,646672,null,null,null,null,null,null,null,0,59375,24841,-8764,0,null,0,0,0,null,0,null,null,null,null,null,null,null,null,0,0,0,1814,0,0,0,0,0,0,114,0,0,0,464,null,3373,0,0,null,0,null,750,null,null,0]
[3823871,20120630,"DAVIDSON CO                   ","GREAT FALLS","MT",null,null,283477]
[3823901,20120630,"JACKSON FNCL MHC              ","JACKSON","MN",null,null,7822]
[3823929,20120630,"CITIZENS CMNTY BC             ","EAU CLAIRE","WI",528116,null,533366,null,null,null,null,null,null,null,51,53949,1324,-1021,-207,null,0,4425,0,null,0,null,null,null,null,null,null,null,null,0,0,767,3848,0,0,0,0,764,0,3244,7,0,13,0,null,5702,0,0,null,0,null,0,null,null,288]
[3823965,20120630,"TCB MUTUAL HC                 ","TOMAHAWK","WI",null,null,8701]
[3823974,20120630,"CYPRESS BSHRS                 ","PITTSBURG","TX",null,null,14396]
[3824346,20120630,"LINCOLN FED BC MHC            ","LINCOLN","NE",null,null,63248]
[3824373,20120630,"FAIRFIELD CTY BK MHC          ","RIDGEFIELD","CT",1474520,null,1485592,null,null,null,null,null,null,null,0,7956,149641,-7012,0,null,0,17138,0,null,0,null,null,null,null,null,null,null,null,0,1307,0,52604,0,0,0,0,0,0,23837,0,0,3206,0,null,18698,0,0,null,0,null,8969,null,null,476]
[3824421,20120630,"VICTORY BANCORP INC           ","FORT MITCHELL","KY",null,null,21749]
[3824476,20120630,"FIRST FED OF HAZARD MUT HC    ","HAZARD","KY",null,null,36514]
[3824597,20120630,"EQUITABLE FNCL MHC            ","GRAND ISLAND","NE",null,null,10555]
[3824654,20120630,"UNION FC                      ","ALBUQUERQUE","NM",null,null,8099]
[3825156,20120630,"AJS BC MHC                    ","MIDLOTHIAN","IL",null,null,22835]
[3825204,20120630,"COUNTRY LIFE INS CO           ","BLOOMINGTON","IL",null,null,0]
[3825222,20120630,"DIAMOND BC                    ","CHICAGO","IL",null,null,10508]
[3825240,20120630,"FIRST FED MHC                 ","MATTOON","IL",null,null,25047]
[3827918,20120630,"COMMUNITY INVESTORS BANCORP IN","BUCYRUS","OH",null,null,13708]
[3827927,20120630,"GUARDIAN BANCORP INC          ","CINCINNATI","OH",null,null,782860]
[3827945,20120630,"GARFIELD ACQUISITION CORP     ","CINCINNATI","OH",null,null,28816]
[3828036,20120630,"THIRD FS & LA MHC             ","CLEVELAND","OH",11376148,null,11494962,null,null,null,null,null,null,null,0,628178,495105,-3652,0,null,0,32567,21805,null,0,null,null,null,null,null,null,null,null,0,0,0,157199,0,0,0,0,0,0,131520,5050,0,20125,1143,null,107374,0,685942,null,27206,null,9731,null,null,2481]
[3828054,20120630,"MSB CAPITAL CORP              ","COLUMBUS","OH",null,null,15757]
[3828072,20120630,"NATIONWIDE MUTUAL INSURANCE CO","COLUMBUS","OH",null,null,164579271]
[3828111,20120630,"HOME LOAN FINANCIAL CORP      ","COSHOCTON","OH",null,null,20289]
[3828120,20120630,"COVINGTON FC MHC              ","COVINGTON","OH",null,null,14145]
[3828577,20120630,"CENTRAL FEDERAL CORP          ","FAIRLAWN","OH",null,null,14489]
[3828595,20120630,"GREENVILLE FEDERAL MHC        ","GREENVILLE","OH",null,null,10343]
[3828625,20120630,"MAPLE LEAF FINANCIAL INC      ","NEWBURY","OH",null,null,48173]
[3828634,20120630,"FIRST NILES FINANCIAL INC     ","NILES","OH",null,null,13787]
[3828643,20120630,"PEOPLES-SIDNEY FC             ","SIDNEY","OH",null,null,15515]
[3828652,20120630,"PVF CAPITAL CORP              ","SOLON","OH",798961,null,806463,null,null,null,null,null,null,null,262,100898,-26120,-472,-3837,null,0,0,6867,null,0,null,null,null,null,null,null,null,null,0,0,4938,19898,0,0,0,0,955,0,5284,567,23,3295,0,null,16053,0,0,null,7929,null,0,null,null,0]
[3828661,20120630,"OH FARMERS INSURANCE CO       ","WESTFIELD CENTER","OH",null,null,2008721]
[3828924,20120630,"COLOMBO BSHRS                 ","ROCKVILLE","MD",null,null,4052]
[3831250,20120630,"UNITED COMMUNITY FNCL CORP    ","YOUNGSTOWN","OH",1976466,null,1911040,null,null,null,null,null,null,null,128138,210,111509,7574,-51800,null,0,0,4917,null,0,null,null,null,null,null,null,null,null,0,0,47,114481,0,0,0,0,0,47,26995,1229,0,3378,0,null,30933,0,0,null,6237,null,0,null,null,290]
[3831269,20120630,"CHARLEROI FNCL MHC            ","CHARLEROI","PA",581370,null,586640,null,null,null,null,null,null,null,1,0,68034,-200,0,null,0,3052,0,null,0,null,null,null,null,null,null,null,null,0,0,0,900,0,0,0,0,0,0,537,0,0,7,0,null,1229,0,0,null,0,null,0,null,null,0]
[3831296,20120630,"FEDFIRST FNCL CORP            ","MONESSEN","PA",null,null,58539]
[3831317,20120630,"EUREKA FNCL CORP              ","PITTSBURGH","PA",null,null,22735]
[3831326,20120630,"WFSB MUTUAL HOLDING CO        ","WASHINGTON","PA",872117,null,873228,null,null,null,null,null,null,null,0,0,96402,877,0,null,0,1256,318,null,0,null,null,null,null,null,null,null,null,0,0,0,2612,0,0,0,0,0,0,390,45,0,44,0,null,7186,0,0,null,335,null,0,null,null,0]
[3831344,20120630,"SISTERSVILLE BC INC           ","SISTERSVILLE","WV",null,null,8272]
[3831456,20120630,"HOPKINS BC                    ","BALTIMORE","MD",null,null,35025]
[3831465,20120630,"SEVERN BC                     ","ANNAPOLIS","MD",900952,null,896644,null,null,null,null,null,null,null,101,47335,31922,0,0,null,0,9973,0,null,27508,null,null,null,null,null,null,null,null,0,0,0,30620,0,0,0,0,0,0,12196,216,0,2413,0,null,12208,0,0,null,0,null,334,null,null,0]
[3831960,20120630,"BANKS OF THE CHESAPEAKE MHC   ","BALTIMORE","MD",null,null,20937]
[3832033,20120630,"PRIORITY ONE HC               ","FAYETTEVILLE","AR",null,null,8042]
[3832042,20120630,"BENEFIT FNCL GRP              ","FORT SMITH","AR",null,null,19124]
[3832172,20120630,"SUGAR CREEK MHC               ","TRENTON","IL",null,null,5038]
[3832181,20120630,"UNITED HC                     ","SPRINGDALE","AR",null,null,19579]
[3832202,20120630,"SCOTTSBURG B&L MHC            ","SCOTTSBURG","IN",null,null,12604]
[3832248,20120630,"MID SOUTHERN MHC              ","SALEM","IN",null,null,17998]
[3832314,20120630,"CKF BC                        ","DANVILLE","KY",null,null,12980]
[3832556,20120630,"HOPFED BC                     ","HOPKINSVILLE","KY",1024420,null,1026088,null,null,null,null,null,null,null,79,76076,40663,9088,-5076,null,0,0,0,null,556,null,null,null,null,null,null,null,null,0,0,0,12119,0,0,0,0,0,0,2577,107,0,91,0,null,10567,0,0,null,0,null,0,null,null,389]
[3832574,20120630,"AMERICAN BK HOLD              ","GREENBELT","MD",null,null,45953]
[3832583,20120630,"MARLIN BUS SVC CORP           ","MOUNT LAUREL","NJ",525625,525625,537685,0,0,0,168414,0,0,5197,127,86740,81547,51,0,0,0,0,0,0,0,0,0,32.04,34.770000000000003,35.85,484315,5197,173611,0,0,0,620,0,0,0,0,0,0,0,0,0,0,0,0,5197,0,0,0,0,0,0,0,0,0,0,484315,51,0,0,0,0,0,0,0,0,0]
[3832592,20120630,"BANCKENTUCKY                  ","MURRAY","KY",null,null,25436]
[3832604,20120630,"FRANKLIN FC                   ","GLEN ALLEN","VA",1082947,null,1080995,null,null,null,null,null,null,null,138,135751,129698,5337,-17439,null,0,10497,0,null,0,null,null,null,null,null,null,null,null,0,0,0,27113,0,0,0,0,0,0,4724,0,0,0,1208,null,10806,0,0,null,0,null,0,null,null,0]
[3832819,20120630,"CAPE BC                       ","CAPE MAY COURT HOUSE","NJ",1054736,null,1048310,null,null,null,null,null,null,null,133,127466,30762,-1289,-8822,null,0,20650,5,null,0,null,null,null,null,null,null,null,null,0,0,1706,24229,0,0,0,0,1496,0,4232,69,69,653,0,null,12669,89,0,null,5,null,22575,null,null,285]
[3832828,20120630,"PULASKI FNCL CORP             ","SAINT LOUIS","MO",1307383,null,1345691,null,null,null,null,null,null,null,131,57177,50666,19,-15828,null,0,10143,58,null,31861,null,null,null,null,null,null,null,null,26,913,145,48473,0,0,0,0,26,0,20358,2123,0,4214,1352,null,18001,0,0,null,58,null,3939,null,null,47]
[3832837,20120630,"SHELTER MUT INS CO            ","COLUMBIA","MO",null,null,0]
[3832846,20120630,"OZARK BC                      ","SALEM","MO",null,null,11121]
[3832864,20120630,"BUNKER HILL BC                ","SAINT LOUIS","MO",null,null,15301]
[3832873,20120630,"LOVE SVGS HC                  ","SAINT LOUIS","MO",878445,null,919494,null,null,null,null,null,null,null,0,23405,18136,1246,0,null,0,0,51229,null,11084,null,null,null,null,null,null,null,null,0,0,87,23501,0,0,0,0,87,0,9465,250,0,959,1238,null,13065,0,1865,null,51229,null,562,null,null,0]
[3832949,20120630,"BCSB BC                       ","BALTIMORE","MD",636375,635683,642952,40,0,0,52417,0,0,3716,32,40260,13645,267,-828,0,0,4549,102,0,0,0,0,8.25,13.54,14.5,387042,3716,56133,0,0,0,19430,0,0,0,0,0,0,6533,623,0,0,0,0,3716,0,0,0,102,0,0,652,0,0,0,387042,267,0,0,0,0,0,0,828,0,0]
[3833003,20120630,"WSB HOLD                      ","BOWIE","MD",null,null,55566]
[3834701,20120630,"FIRST PALMETTO FC             ","CAMDEN","SC",615470,615363,610571,0,0,0,77496,0,0,5962,7,7692,57918,0,0,-386,0,3906,1070,107,0,0,0,12.59,16.37,17.63,473294,5962,83458,0,0,0,23003,0,0,0,0,0,0,11586,481,0,362,0,0,9522,0,0,0,1192,3560,0,0,0,0,0,476854,0,0,12372,0,0,0,0,0,12372]
[3834710,20120630,"FIRST CAROLINA BSHRS MHC      ","WALTERBORO","SC",null,null,6378]
[3834729,20120630,"KINGSTREE BSHRS MHC           ","KINGSTREE","SC",null,null,4601]
[3834738,20120630,"COMMUNITY FC                  ","STAUNTON","VA",465050,null,503006,null,null,null,null,null,null,null,44,5599,33176,0,0,null,0,3980,0,null,12643,null,null,null,null,null,null,null,null,0,0,1776,15054,0,0,0,0,270,0,5460,835,155,156,373,null,6689,0,0,null,0,null,0,null,null,0]
[3834822,20120630,"PROSPECT FC                   ","WARWICK","RI",null,null,18388]
[3835100,20120630,"CRAZY WOMAN CREEK BC          ","BUFFALO","WY",null,null,14863]
[3835155,20120630,"FARMERS REALTY CO             ","BRUSH","CO",null,null,29897]
[3835164,20120630,"SILVER QUEEN FS               ","ENGLEWOOD","CO",1679905,null,1568064,null,null,null,null,null,null,null,0,117500,16780,-1109,0,null,0,0,50498,null,0,null,null,null,null,null,null,null,null,0,0,0,4917,0,0,0,0,0,0,4908,9,0,0,0,null,2419,0,0,null,50498,null,3520,null,null,0]
[3835173,20120630,"MORGAN FC                     ","FORT MORGAN","CO",null,null,11430]
[3835203,20120630,"GRAND MNT BSHRS               ","GRANBY","CO",null,null,5814]
[3835230,20120630,"MID-AMERICA FC                ","HAYS","KS",null,null,17847]
[3835267,20120630,"FIRST INDEP CORP              ","INDEPENDENCE","KS",null,null,15686]
[3836385,20120630,"FIRST CAP BSHRS               ","BENNETTSVILLE","SC",null,null,7068]
[3836536,20120630,"TCV FC                        ","RICHMOND","VA",null,null,6489]
[3836880,20120630,"CENLAR CAP CORP               ","EWING","NJ",684187,null,668964,null,null,null,null,null,null,null,831,3474,46867,-9040,-3875,null,0,0,10712,null,0,null,null,null,null,null,null,null,null,5207,0,5207,2906,0,0,2652,0,5207,0,2513,0,0,0,0,null,749,0,0,null,10712,null,0,null,null,60]
[3836901,20120630,"CREST SVG BC MHC              ","WILDWOOD CREST","NJ",null,null,25176]
[3836929,20120630,"GATEWAY CMNTY FNCL MHC        ","SEWELL","NJ",null,null,28104]
[3836956,20120630,"DELANCO MHC                   ","DELANCO","NJ",null,null,6593]
[3837373,20120630,"BAY-VANGUARD MHC              ","BALTIMORE","MD",null,null,9556]
[3837467,20120630,"WAKE FOREST BC MHC            ","WAKE FOREST","NC",null,null,10881]
[3837542,20120630,"ASHECO MHC                    ","WEST JEFFERSON","NC",null,null,9180]
[3837962,20120630,"URBAN TR HOLDS                ","LAKE MARY","FL",599540,null,588618,null,null,null,null,null,null,null,5,89752,-12810,1288,0,null,0,2795,0,null,0,null,null,null,null,null,null,null,null,0,0,0,19533,0,0,0,0,0,0,18990,0,0,0,0,null,12313,0,0,null,0,null,0,null,null,0]
[3838008,20120630,"SLAVIE BC MHC                 ","BEL AIR","MD",null,null,74]
[3838259,20120630,"HOME BANCGROUP                ","HALLANDALE BEACH","FL",null,null,5627]
[3838491,20120630,"BSA FNCL SVC                  ","SAINT AUGUSTINE","FL",null,null,13868]
[3838558,20120630,"EAST FNCL                     ","TAMARAC","FL",null,null,874]
[3838615,20120630,"SHAY INV SVC                  ","MIAMI","FL",null,null,23414]
[3838857,20120630,"EVERBANK FNCL CORP            ","JACKSONVILLE","FL",15681187,null,15040821,null,null,null,null,null,null,null,1165,762422,530876,-113094,0,null,0,163561,415962,null,0,null,null,null,null,null,null,null,null,1647567,0,1790164,168962,14417,753,1647567,0,1666261,6309,66086,870,0,4256,0,null,77393,1989,0,null,421114,null,10238,null,null,6700]
[3839199,20120630,"FIRST ATLANTIC FNCL HOLD      ","JACKSONVILLE","FL",null,null,48641]
[3839201,20120630,"FIRST FED BC                  ","LAKE CITY","FL",989082,null,1018833,null,null,null,null,null,null,null,0,0,111243,1399,0,null,0,0,16466,null,20000,null,null,null,null,null,null,null,null,1101,8743,1349,28648,0,7202,1101,8743,1183,0,15605,38,0,179,0,null,7439,0,0,null,17473,null,1896,null,null,781]
[3839313,20120630,"TAG BC                        ","TRENTON","GA",null,null,9469]
[3839902,20120630,"MIDCOUNTRY FNCL CORP          ","MACON","GA",null,null,1280341]
[3839920,20120630,"CORNERSTONE BSHRS             ","ATLANTA","GA",null,null,15276]
[3840029,20120630,"ATLANTIC COAST FNCL           ","JACKSONVILLE","FL",778030,null,779729,null,null,null,null,null,null,null,26,56366,-12411,2484,-2477,null,247,0,113,null,0,null,null,null,null,null,null,null,null,0,0,0,31245,0,0,0,0,0,0,14100,213,0,2032,0,null,10344,0,0,null,113,null,0,null,null,45]
[3840207,20120630,"STATE FARM MUTUAL AUTO INS CO ","BLOOMINGTON","IL",null,null,112528796]
[3841772,20120630,"TECHE HOLD CO                 ","NEW IBERIA","LA",830755,826896,844234,3661,0,0,76895,0,0,7144,47,54445,81171,926,-54909,0,0,1359,198,198,0,0,0,9.3000000000000007,13.49,14.76,570220,7252,84147,141,0,293,10263,0,0,0,0,293,0,4111,191,0,29,0,0,8411,0,0,0,198,1267,3661,0,108,0,0,571487,926,0,0,0,0,0,0,54618,0,0]
[3841811,20120630,"FPB FNCL CORP                 ","HAMMOND","LA",null,null,20059]
[3841839,20120630,"BEAUREGARD BCH                ","DE RIDDER","LA",null,null,9663]
[3841914,20120630,"LOUISIANA BC                  ","METAIRIE","LA",null,null,59504]
[3841941,20120630,"NASB FNCL                     ","GRANDVIEW","MO",1275892,null,1220561,null,null,null,null,null,null,null,1479,16656,181775,-283,-38418,null,0,20377,0,null,0,null,null,null,null,null,null,null,null,0,1090,6161,63635,0,0,0,0,6161,0,15697,175,0,0,0,null,34816,0,0,null,0,null,1846,null,null,550]
[3842032,20120630,"GRAND FNCL CORP               ","HATTIESBURG","MS",null,null,12875]
[3842050,20120630,"SOUTHEASTERN BC               ","DICKSON","TN",null,null,53384]
[3842108,20120630,"UNITED TN BSHRS               ","NEWPORT","TN",null,null,16708]
[3842528,20120630,"MALAGA FC                     ","PALOS VERDES ESTATES","CA",832930,null,832725,null,null,null,null,null,null,null,6,14886,70889,0,0,null,0,0,0,null,0,null,null,null,null,null,null,null,null,0,0,0,0,0,0,0,0,0,0,0,0,0,0,0,null,2920,103,0,null,0,null,0,null,null,0]
[3842621,20120630,"SK&LL WANG LLC                ","MOUNTAIN VIEW","CA",null,null,1026]
[3842649,20120630,"ONE PACIFICCOAST FOUND        ","OAKLAND","CA",null,null,49884]
[3842658,20120630,"FIRST FOUND                   ","IRVINE","CA",624118,624118,723104,0,0,0,51638,0,0,5868,6,51216,416,0,0,0,0,5118,0,0,0,0,0,8.27,11.05,12.31,467334,5868,57506,0,0,0,2355,0,0,0,0,0,0,1854,0,0,501,0,0,7625,381,0,0,0,2138,0,0,0,0,0,469472,0,0,0,0,0,0,0,0,0,0]
[3842694,20120630,"WEDBUSH                       ","LOS ANGELES","CA",4216563,null,4032513,null,null,null,null,null,null,null,523,20940,309453,2781,-16125,null,0,0,0,null,0,null,null,null,null,null,null,null,null,0,0,0,205,0,0,0,0,0,0,205,0,0,0,0,null,1648,71,102159,null,0,null,0,null,null,2706]
[3842863,20120630,"CCSB FNCL                     ","LIBERTY","MO",null,null,10674]
[3842939,20120630,"OUR LADY OF PEACE MEM PLAN    ","BARRIGADA","GU",null,null,6465]
[3842957,20120630,"HAWAIIAN ELEC IND             ","HONOLULU","HI",9683129,null,9821957,null,null,null,null,null,null,null,1377426,0,215626,-17276,0,null,0,0,8818,null,0,null,null,null,null,null,null,null,null,0,1064,712,62036,0,0,0,0,0,0,30945,0,0,2587,1546,null,39463,0,0,null,9729,null,82190,null,null,0]
[3843057,20120630,"HOME FED BC                   ","NAMPA","ID",1085270,1075589,1074580,2790,0,0,171977,0,0,5690,153,139623,49084,7479,-7202,0,0,10208,0,0,0,0,0,15.99,38.369999999999997,39.64,448238,5690,177667,0,0,0,30853,0,12662,0,0,0,0,10185,579,0,573,0,0,12620,0,0,0,0,6930,0,6891,0,2790,0,455168,7479,0,0,0,0,0,0,7202,0,0]
[3843105,20120630,"WESTERN CMNTY BS              ","PALM DESERT","CA",null,null,10128]
[3843507,20120630,"HOMESTREET                    ","SEATTLE","WA",2372678,null,2424908,null,null,null,null,null,null,null,511,88637,118793,6082,0,null,0,9891,78240,null,0,null,null,null,null,null,null,null,null,33301,228,33301,33170,0,0,33301,228,33301,0,7313,944,0,966,3791,null,26910,215,0,null,79647,null,424,null,null,50]
[3843598,20120630,"NATIONAL ADVIS HOLD           ","OVERLAND PARK","KS",null,null,6550]
[3843628,20120630,"FIRST FNCL NW                 ","RENTON","WA",1010422,null,998678,null,null,null,null,null,null,null,188,189602,5930,20,-11568,null,0,1000,109,null,0,null,null,null,null,null,null,null,null,0,0,0,22579,0,0,0,0,0,0,9089,213,0,0,0,null,14450,188,0,null,109,null,0,null,null,0]
[3843646,20120630,"SOUND CMNTY MHC               ","SEATTLE","WA",null,null,0]
[3843936,20120630,"BASTIAN INV LP                ","WICHITA","KS",null,null,11547]
[3844269,20120630,"WSFS FNCL CORP                ","WILMINGTON","DE",4306095,null,4192374,null,null,null,null,null,null,null,183,169171,419170,9295,-248280,null,0,11684,240,null,52406,null,null,null,null,null,null,null,null,0,0,830,42558,0,0,0,0,648,0,10537,518,0,1654,2011,null,46429,841,0,null,240,null,28146,null,null,5406]
[3845565,20120630,"POLONIA MHC                   ","HUNTINGDON VALLEY","PA",null,null,39304]
[3845668,20120630,"SHARON MUT HOLD CO            ","DARBY","PA",null,null,18045]
[3846003,20120630,"COMMUNITY FNCL                ","BENNINGTON","VT",null,null,313592]
[3846106,20120630,"MASCOMA MUT FS                ","LEBANON","NH",1021755,null,1045771,null,null,null,null,null,null,null,250,0,105453,-1246,0,null,0,3655,669,null,0,null,null,null,null,null,null,null,null,0,0,25,6123,0,0,0,0,20,0,1974,17,0,0,0,null,11245,0,0,null,669,null,1830,null,null,0]
[3846188,20120630,"MONADNOCK BC                  ","PETERBOROUGH","NH",null,null,6497]
[3846375,20120630,"DISCOVER FS                   ","RIVERWOODS","IL",72255970,71784625,73255567,471345,0,-110494,8511982,1195969,0,782443,5524,3559987,6422368,-43049,-1004552,0,0,1103594,0,0,0,0,0,11.86,13.85,17.059999999999999,61479959,1978412,10490394,8,0,438304,190513,0,0,0,0,0,0,1891,0,0,0,0,0,1897940,0,0,0,0,1115497,287421,0,0,183924,0,62595456,67445,0,0,0,0,0,0,1004552,0,0]
[3846405,20120630,"FIRST FED BC                  ","LAKE CITY","FL",null,null,112642]
[3846432,20120630,"LANGDALE CO                   ","VALDOSTA","GA",null,null,200861]
[3846469,20120630,"HERITAGE FNCL GRP             ","ALBANY","GA",1050358,null,1063425,null,null,null,null,null,null,null,85,86152,44015,-2623,-4339,null,0,8363,0,null,0,null,null,null,null,null,null,null,null,0,0,28834,9968,22352,0,0,0,6585,0,6456,126,298,89,0,null,8099,0,0,null,0,null,552,null,null,4068]
[3846496,20120630,"PROFILE BC MHC                ","ROCHESTER","NH",null,null,22707]
[3846517,20120630,"LIBERTY CENTRE BC             ","POTTSVILLE","PA",null,null,3456]
[3846580,20120630,"ALLIANCE BC OF PA             ","BROOMALL","PA",null,null,82838]
[3846601,20120630,"FOX CHASE BC                  ","HATBORO","PA",997616,null,1014353,null,null,null,null,null,null,null,146,135668,78717,4955,-36839,null,0,1897,244,null,0,null,null,null,null,null,null,null,null,0,0,0,17271,0,0,0,0,0,0,1717,144,0,143,1675,null,11225,0,0,null,244,null,0,null,null,0]
[3846638,20120630,"BENEFICIAL SVGS BK MHC        ","PHILADELPHIA","PA",4844754,null,4851949,null,null,null,null,null,null,null,473,311294,0,-1088,0,null,0,43488,1100,null,0,null,null,null,null,null,null,null,null,21646,0,26535,88406,0,0,0,0,1189,0,18861,152,0,1128,16450,null,55621,612,320987,null,1100,null,122646,null,null,12085]
[3846713,20120630,"WILLIAM PENN MHC              ","LEVITTOWN","PA",null,null,39934]
[3846722,20120630,"NEW JERSEY MFR INS CO         ","WEST TRENTON","NJ",null,null,6017495]
[3848258,20120630,"FFW CORP                      ","WABASH","IN",null,null,32101]
[3848267,20120630,"AMB FNCL CORP                 ","MUNSTER","IN",null,null,19984]
[3848285,20120630,"OCEAN SHORE HC                ","OCEAN CITY","NJ",1016296,null,1026272,null,null,null,null,null,null,null,73,64058,47798,-507,-5815,null,0,4344,9,null,0,null,null,null,null,null,null,null,null,0,0,0,4553,0,0,0,0,0,0,3859,16,0,0,0,null,3308,0,0,null,9,null,5365,null,null,678]
[3848360,20120630,"FIRST EASTERN BSHRS CORP      ","ANDOVER","MA",null,null,13632]
[3848379,20120630,"LSB FNCL CORP                 ","LAFAYETTE","IN",null,null,37384]
[3848388,20120630,"MASSACHUSETTS MUT LIFE INS    ","SPRINGFIELD","MA",null,null,147253505]
[3848397,20120630,"LOGANSPORT FNCL CORP          ","LOGANSPORT","IN",null,null,21378]
[3848409,20120630,"EVERENCE ASSN                 ","GOSHEN","IN",null,null,385695]
[3848418,20120630,"ROEBLING FNCL CORP            ","ROEBLING","NJ",null,null,16926]
[3848427,20120630,"SEA ISLE FNCL CORP MHC        ","SEA ISLE CITY","NJ",null,null,20204]
[3848520,20120630,"WASHINGTON BSHRS              ","CHICAGO","IL",null,null,10938]
[3848566,20120630,"UNITED BC                     ","PALOS HEIGHTS","IL",null,null,4135]
[3848874,20120630,"OBA FS                        ","GERMANTOWN","MD",null,null,75715]
[3848931,20120630,"PEDCOR FNCL LLC               ","CARMEL","IN",null,null,35930]
[3848959,20120630,"UNITED CMNTY MHC              ","LAWRENCEBURG","IN",null,null,35590]
[3849013,20120630,"MUTUAL FED BC MHC             ","CHICAGO","IL",null,null,14921]
[3849545,20120630,"NORTH SHORE MHC               ","WAUKEGAN","IL",null,null,43381]
[3849956,20120630,"OTTAWA SVGS BC MHC            ","OTTAWA","IL",null,null,21045]
[3850288,20120630,"BEN FRANKLIN MHC              ","ARLINGTON HEIGHTS","IL",null,null,11564]
[3851191,20120630,"HOME BC                       ","LAFAYETTE","LA",964476,null,987253,null,null,null,null,null,null,null,89,142923,18204,2689,-24875,null,0,2314,553,null,0,null,null,null,null,null,null,null,null,0,0,0,23732,0,7035,0,0,0,0,4013,368,0,446,0,null,5314,0,0,null,552,null,856,null,null,1566]
[3851230,20120630,"WBSB BC MHC                   ","WEST BEND","WI",550396,null,546436,null,null,null,null,null,null,null,0,0,45690,1043,0,null,0,4257,2066,null,0,null,null,null,null,null,null,null,null,0,0,402,13676,0,0,0,0,402,0,3359,671,0,275,0,null,6197,0,0,null,2066,null,0,null,null,0]
[3851285,20120630,"LIBERTY BSHRS IA              ","WEST DES MOINES","IA",659891,null,572600,null,null,null,null,null,null,null,738,77562,-104431,106,0,null,0,0,0,null,0,null,null,null,null,null,null,null,null,0,0,1188,41463,0,0,0,0,527,0,7768,164,0,169,0,null,16671,0,0,null,0,null,0,null,null,0]
[3851294,20120630,"WCF FNCL                      ","WEBSTER CITY","IA",null,null,11358]
[3851388,20120630,"FORWARD MUT HC                ","MARSHFIELD","WI",null,null,30919]
[3851445,20120630,"WISCONSIN PHYSICIANS SERVICE  ","MADISON","WI",null,null,318066]
[3852022,20120630,"FLAGSTAR BC                   ","TROY","MI",14502003,null,14368446,null,null,null,null,null,null,null,5577,1468905,-561963,8274,0,null,0,0,638865,null,257556,null,null,null,null,null,null,null,null,0,1419449,5694,1799353,0,0,0,1398558,0,0,1651956,6178,216,4276,7435,null,287000,1400,0,null,638865,null,0,null,null,0]
[3852031,20120630,"STERLING BC                   ","SOUTHFIELD","MI",788353,null,799822,null,null,null,null,null,null,null,14228,6525,51659,-929,0,null,0,15922,19,null,14999,null,null,null,null,null,null,null,null,400,0,561,4787,0,0,0,0,561,0,1065,116,0,0,0,null,9304,0,0,null,40,null,0,null,null,0]
[3852040,20120630,"AUTO CLUB INS ASSN            ","DEARBORN","MI",null,null,3659355]
[3852107,20120630,"FIRST FED OF NORTHERN MI BC   ","ALPENA","MI",null,null,25068]
[3852901,20120630,"FRANKLIN SCTY BC              ","PLAINS","PA",null,null,26659]
[3853449,20120630,"PRINCIPAL FNCL GRP            ","DES MOINES","IA",152169631,null,152050658,null,null,null,null,null,null,null,4524,9143728,4667107,550484,-5484945,null,0,13692,8421,null,541810,null,null,null,null,null,null,null,null,0,0,8289,126893,0,0,0,0,0,0,9636,8533,0,19553,984194,null,88512,0,72705,null,9964,null,541951,null,null,934851]
[3854268,20120630,"ESSA BC                       ","STROUDSBURG","PA",1112066,null,1113063,null,null,null,null,null,null,null,170,168390,67909,247,-73042,null,0,5077,180,null,0,null,null,null,null,null,null,null,null,0,0,0,15743,0,0,0,0,0,0,8954,338,0,5,0,null,7100,52,0,null,180,null,413,null,null,1582]
[3854642,20120630,"CONTINENTAL BK HOLDS          ","PLYMOUTH MEETING","PA",535271,null,558682,null,null,null,null,null,null,null,579,47678,-5299,1756,0,null,579,1379,0,null,18538,null,null,null,null,null,null,null,null,0,0,0,3203,0,0,0,0,0,0,471,43,0,247,0,null,4424,35,0,null,0,null,0,null,null,0]
[3860371,20120630,"DONEGAL MUT INS CO            ","MARIETTA","PA",null,null,342523]
[3866373,20120630,"FIRST MARBLEHEAD CORP         ","BOSTON","MA",null,null,370734]
[3866382,20120630,"WESTFIELD FNCL                ","WESTFIELD","MA",1319916,null,1318632,null,null,null,null,null,null,null,319,299409,-39801,8733,-57230,null,0,1444,0,null,0,null,null,null,null,null,null,null,null,0,0,0,2563,0,0,0,0,0,0,579,135,0,96,0,null,7899,60,0,null,0,null,0,null,null,0]
[3866702,20120630,"WEST END IN BSHRS             ","RICHMOND","IN",null,null,30202]
[3866720,20120630,"LAPORTE SVG BK MHC            ","LA PORTE","IN",null,null,31584]
[3866805,20120630,"UNITED FNCL BC                ","WEST SPRINGFIELD","MA",1652997,null,1659759,null,null,null,null,null,null,null,187,183076,91836,6776,-53746,null,0,14221,384,null,0,null,null,null,null,null,null,null,null,0,0,0,8613,0,0,0,0,0,0,1262,0,0,292,550,null,11751,0,0,null,384,null,8193,null,null,357]
[3866878,20120630,"MCHENRY BC                    ","MCHENRY","IL",null,null,9389]
[3888414,20120630,"FREEHOLD MHC                  ","FREEHOLD","NJ",null,null,32941]
[3897519,20120630,"FIRST ST BK OF THE FL KEYS HC ","KEY WEST","FL",858832,858832,849574,0,0,0,61918,10000,0,5452,31,29154,32733,1972,0,0,0,0,0,0,0,0,0,7.21,14.46,18.07,428081,15452,77370,1504,0,2041,19956,0,0,0,0,432,0,10463,66,0,1186,0,0,13341,153,0,0,0,8042,0,0,0,0,0,436123,1972,0,0,0,0,0,0,0,0,0]
[3908929,20120630,"FIRST SVG FNCL GR             ","CLARKSVILLE","IN",573347,null,587103,null,null,null,null,null,null,null,25,24833,38819,4397,-4177,null,0,0,0,null,17120,null,null,null,null,null,null,null,null,0,45,857,4939,0,0,0,0,628,0,2859,4,0,81,0,null,4895,0,0,null,0,null,5940,null,null,1933]
[3910641,20120630,"AMERITAS MUT HC               ","LINCOLN","NE",null,null,18180252]
[3912766,20120630,"NUTMEG FNCL                   ","NAUGATUCK","CT",961089,null,961516,null,null,null,null,null,null,null,0,0,109312,-14357,0,null,0,8529,639,null,0,null,null,null,null,null,null,null,null,0,0,0,26617,0,0,0,0,0,0,4401,525,0,260,0,null,10288,0,0,null,875,null,3133,null,null,975]
[3916849,20120630,"CFH HOLDS LLC                 ","PIKESVILLE","MD",null,null,6999]
[3917006,20120630,"PRESIDENTIAL HOLD             ","BETHESDA","MD",554529,null,528177,null,null,null,null,null,null,null,4,3341,37047,0,-267,null,0,4673,0,null,0,null,null,null,null,null,null,null,null,0,0,0,21921,0,0,0,0,0,0,3730,264,0,0,525,null,5442,0,1235,null,0,null,0,null,null,0]
[3918553,20120630,"SUNSHINE FNCL                 ","TALLAHASSEE","FL",null,null,24799]
[3918599,20120630,"HIBERNIA BC                   ","NEW ORLEANS","LA",null,null,22100]
[3919390,20120630,"H & R BLOCK                   ","KANSAS CITY","MO",null,null,4649567]
[3919738,20120630,"SATUIT MHC                    ","SCITUATE","MA",null,null,22093]
[3919756,20120630,"GEORGETOWN BC MHC             ","GEORGETOWN","MA",null,null,11396]
[3920109,20120630,"FMR LLC                       ","BOSTON","MA",null,null,104701433]
[3920118,20120630,"WINDSOR FED MHC               ","WINDSOR","CT",null,null,44076]
[3922466,20120630,"WASHINGTONFIRST BSHRS INC     ","RESTON","VA",547564,543963,571311,3601,0,0,51423,0,0,5734,29,35248,1951,51,0,0,0,2602,0,0,17796,0,0,9.4499999999999993,10.74,11.94,478704,5734,57157,0,242,0,5713,0,0,0,0,0,0,0,0,0,0,0,0,5734,0,0,0,0,0,3601,0,0,0,0,478704,51,0,0,0,17796,0,0,0,0,0]
[3923614,20120630,"IMB HOLDCO LLC                ","PASADENA","CA",25071942,null,24959052,null,null,null,null,null,null,null,0,1641940,2749035,142174,0,null,0,0,345330,null,0,null,null,null,null,null,null,null,null,0,0,1598988,1863,1253280,0,0,0,1433359,1837,1850,0,3251,0,0,null,88170,1416,0,null,466571,null,100495,null,null,39464]
[3929791,20120630,"BSB BC                        ","BELMONT","MA",733766,732154,755371,0,0,0,130715,0,0,5423,92,90029,46683,-5,-4472,0,0,4315,0,0,0,0,0,17.850000000000001,25.39,26.45,514753,5423,136138,0,0,0,3267,0,0,0,0,0,0,2569,0,0,693,0,0,5360,63,0,0,0,0,0,1612,0,0,0,514753,0,0,0,0,0,0,0,4472,0,0]
[3932072,20120630,"MIDDLESEX BC MHC              ","NATICK","MA",4044167,4028055,4107148,16112,0,-12163,421899,0,0,32234,0,418720,19291,12865,0,0,0,22803,0,0,0,0,0,10.47,16.420000000000002,17.690000000000001,2569820,32669,454568,0,890,0,47482,0,0,0,0,0,0,17769,968,0,1311,0,0,40259,853,0,0,0,8878,14062,0,435,2050,0,2578698,25028,0,0,0,0,0,0,0,0,0]
[3934562,20120630,"THREE SHORES BC               ","ORLANDO","FL",742592,726501,756878,0,0,404,71466,0,0,7053,0,60723,-29444,462,0,0,0,16152,0,0,56278,0,0,9.84,12.06,13.25,592402,7053,78519,0,6364,0,8555,0,0,0,0,0,0,6986,0,0,435,0,0,7053,0,0,0,0,0,0,16091,0,0,0,592402,58,0,0,0,56278,0,0,0,0,0]
[3943386,20120630,"IMB MGMT HOLD GP              ","PASADENA","CA",null,null,0]
[3944628,20120630,"BOND ST HOLD                  ","WESTON","FL",3405796,3364027,3443665,41769,0,0,672357,0,0,21381,37,719814,-5725,689,0,0,0,1409,0,0,0,0,0,19.989999999999998,36.880000000000003,38.049999999999997,1823172,21381,693738,0,0,190871,10867,132597,7793,0,0,19674,1263,3337,482,3185,684,0,0,21381,421,0,0,0,421,33749,0,0,8020,0,1823593,689,0,0,0,0,0,0,0,0,0]
[3948439,20120630,"HAVEN BANCORP MHC             ","HOBOKEN","NJ",708834,708834,709744,0,0,0,87869,0,0,2628,0,0,87869,-419,0,0,0,2865,0,0,0,0,0,12.4,22.66,23.34,387728,2628,90497,0,0,0,2921,0,0,0,0,0,0,2414,49,0,0,0,0,2628,0,0,0,0,0,0,0,0,0,0,387728,-419,0,0,0,0,0,0,0,0,0]
[3954681,20120630,"TERRITORIAL BC                ","HONOLULU","HI",1570064,null,1566037,null,null,null,null,null,null,null,108,94617,133427,-3760,-8074,null,0,3298,832,null,0,null,null,null,null,null,null,null,null,0,400,0,2920,0,0,0,0,0,0,2551,158,0,0,0,null,1457,24,0,null,832,null,0,null,null,228]
[3954720,20120630,"PIEDMONT CMNTY BK HOLD        ","RALEIGH","NC",1069764,1013145,1074431,27871,0,0,126341,6822,0,3043,15,152270,-13772,1278,0,0,439,33566,0,44,0,38981,0,12.47,14.95,16.12,844942,9865,136206,0,0,19148,4251,0,0,0,0,3864,146,1288,0,0,593,248,1,3043,0,38981,0,0,0,25274,28704,0,2597,0,844943,1278,0,5466,0,0,0,0,0,5466,0]
[3967430,20120630,"COMMUNITY & SOUTHERN HOLD     ","ATLANTA","GA",2168168,2149098,2218657,19052,0,0,377448,0,0,12873,369,365018,31131,7063,0,0,0,3569,18,18,0,0,0,17.559999999999999,38,39.33,993205,13130,390578,0,0,122698,3235,92197,2212,0,0,30609,1312,1133,69,0,1097,0,0,49482,0,0,0,18,36609,10028,0,257,9024,0,1029814,7063,0,0,0,0,0,0,0,0,0]
[3973888,20120630,"NATIONAL BK HOLDS CORP        ","GREENWOOD VILLAGE","CO",5855385,5765530,5789075,89855,0,0,981998,0,0,17605,522,998963,50825,46431,0,0,0,0,0,0,0,0,0,17.03,49.33,50.22,1990583,17605,999603,3320,0,150294,19957,70668,4069,0,0,23437,605,2131,89,570,360,0,0,17294,311,0,0,0,0,59630,0,0,30255,0,1990583,24888,0,0,0,0,0,0,0,0,0]
[3981856,20120630,"SANTANDER HOLDS USA           ","BOSTON","MA",82676357,77924896,82943616,3543724,0,-122126,8684851,796836,0,807545,0,12211941,639366,-15197,0,-5369,8340,615921,95536,10387,195445,0,0,11.15,13.54,16.05,64120509,1604381,10289232,0,0,3158,1124233,0,0,0,0,0,0,483130,24467,0,37645,2749383,0,1055501,235000,0,0,95536,482956,3431481,1191981,0,422166,0,64603465,106929,0,389560,0,195445,0,0,0,389560,0]
[4028712,20120630,"BANKUNITED                    ","MIAMI LAKES","FL",12248024,12169775,12429961,70142,0,-36893,1561416,0,0,55639,940,1298201,340470,52586,0,0,0,88187,0,0,54,0,0,12.83,34.82,36.19,4483773,61178,1622594,0,0,306906,25491,243953,15721,0,0,266903,365,4366,63,10153,9458,0,0,55635,4,0,0,0,0,67231,8107,5539,2911,0,4483773,89479,0,0,0,54,0,0,0,0,0]
[4028860,20120630,"FIRST FS&LA MHC               ","VAN WERT","OH",null,null,21578]
[4028897,20120630,"CONNEAUT BC MHC               ","CONNEAUT","OH",null,null,10450]
[4029474,20120630,"NORTHWESTERN BC               ","TRAVERSE CITY","MI",866951,null,878087,null,null,null,null,null,null,null,4580,34591,36271,8,0,null,0,0,8462,null,0,null,null,null,null,null,null,null,null,0,325,0,50323,0,0,0,0,0,0,2939,1053,0,5182,3856,null,13395,0,0,null,10024,null,2050,null,null,0]
[4036324,20120630,"STATE BK FNCL CORP            ","ATLANTA","GA",2690921,2683475,2672184,7446,0,0,408977,0,0,17047,316,293364,122743,3631,0,0,0,0,0,0,0,0,0,15.24,31.45,32.770000000000003,1300223,17047,426024,0,0,0,4194,0,0,0,0,0,0,598,0,0,0,0,0,80663,0,0,0,0,63616,6562,0,0,1360,0,1363839,3631,0,0,0,0,0,0,0,0,0]
[4037349,20120630,"CADENCE BC LLC                ","HOUSTON","TX",3848736,3637255,4128344,202433,0,-1530,664998,0,0,28947,919823,0,-50068,12362,-12387,0,0,9937,0,0,0,0,0,18.28,28.63,29.88,2322425,28947,693945,91,0,205990,18640,138734,10774,0,0,54415,2113,5774,1455,432,1619,0,0,27891,1056,0,0,0,0,182640,9048,0,19793,0,2322425,13892,26,19137,0,0,0,0,0,19137,0]
[4049678,20120630,"SUNWEST BC                    ","TUSTIN","CA",607638,607638,632142,0,0,0,71425,0,0,6482,0,55335,16090,1536,0,0,0,0,0,0,0,0,0,11.75,13.93,15.19,512877,6482,77907,198,1234,316,9504,0,0,0,0,0,0,560,494,0,121,0,0,11851,280,10456,0,0,5649,0,0,0,0,0,518526,1536,0,0,0,0,0,0,0,0,0]
[4091800,20120630,"SKBHC HOLDS LLC               ","SEATTLE","WA",2256710,2182588,2226941,58720,0,0,294501,0,0,5016,0,376262,-7639,5164,0,0,0,22555,0,0,0,0,0,13.49,18.75,19.07,1570890,5016,299517,522,324,22809,5627,0,0,0,0,2707,709,110,37,116,160,0,0,4390,626,0,0,0,0,29849,15402,0,28871,0,1570890,5164,0,0,0,0,0,0,0,0,0]
[4096485,20120630,"CULLMAN SVGS BK MHC           ","CULLMAN","AL",null,null,22677]
[4097969,20120630,"DEL NORTE MHC                 ","DEL NORTE","CO",null,null,4212]
[4098537,20120630,"QUONTIC BK ACQ CORP           ","GREAT NECK","NY",null,null,13502]
[4099365,20120630,"LIBERTY FED BC MHC            ","IRONTON","OH",null,null,9918]
[4101437,20120630,"ATHENS BSHRS CORP             ","ATHENS","TN",null,null,50354]
[4103310,20120630,"MACY'S                        ","CINCINNATI","OH",null,null,21276643]
[4121912,20120630,"FIRST TRADE UNION BC          ","BOSTON","MA",580242,null,576582,null,null,null,null,null,null,null,0,55292,-3700,1178,0,null,0,5369,0,null,0,null,null,null,null,null,null,null,null,0,178,0,10824,0,0,0,0,0,0,2647,0,0,237,0,null,9221,0,0,null,0,null,0,null,null,0]
[4122722,20120630,"NORTHWEST BSHRS               ","WARREN","PA",7990111,null,8093913,null,null,null,null,null,null,null,979,662183,552278,-21106,-25192,null,0,20174,3418,null,0,null,null,null,null,null,null,null,null,0,0,0,117254,0,0,0,0,0,0,45651,3988,0,1618,3094,null,70110,0,0,null,4763,null,171882,null,null,1549]
[4126609,20120630,"EAGLE BC MT                   ","HELENA","MT",null,null,59002]
[4131751,20120630,"OMNIAMERICAN BC               ","FORT WORTH","TX",1360501,null,1344410,null,null,null,null,null,null,null,113,105689,98422,6340,-8570,null,0,969,857,null,0,null,null,null,null,null,null,null,null,0,70,0,8873,0,0,0,0,0,0,1513,0,0,0,0,null,7156,305,0,null,857,null,0,null,null,0]
[4132084,20120630,"PNBK HOLDS LLC                ","STAMFORD","CT",675583,659310,656842,16273,0,0,42973,0,0,2174,49,54655,-3298,84,-160,0,0,0,0,0,0,0,0,6.52,10.61,11.15,405039,2174,45147,0,0,8072,16592,0,0,0,0,4087,0,6647,1032,0,164,248,0,2148,26,7123,0,0,0,0,0,0,16273,0,405039,84,0,8000,0,0,0,0,160,8000,0]
[4151544,20120630,"VERSAILLES FC                 ","VERSAILLES","OH",null,null,11200]
[4151919,20120630,"FIRST FEDDELTA BSHRS MHC      ","DELTA","OH",null,null,34639]
[4160180,20120630,"HOVDE ACQ I LLC               ","WASHINGTON","DC",null,null,1649]
[4160939,20120630,"CAPITAL BK FNCL CORP          ","CORAL GABLES","FL",6359720,6109764,6308527,141241,0,0,839450,3582,0,45758,464,901296,28914,10399,0,0,0,141391,351,35,0,0,0,13.74,19.87,21.04,4223902,49344,888794,153,0,337692,12817,71756,3208,0,0,53942,2421,3249,484,5304,6266,4644,0,45472,286,76610,0,351,0,117185,108680,4,24056,0,4223902,10399,0,158732,0,0,0,0,0,82122,0]
[4166780,20120630,"GREENCHOICE HC                ","CHICAGO","IL",null,null,6684]
[4176855,20120630,"RBB BC                        ","LOS ANGELES","CA",578091,572472,604538,789,0,0,90586,0,0,4869,94637,3730,-2162,1067,0,0,0,8280,165,16,0,0,0,15.82,23.42,24.68,386733,4869,95455,0,0,1463,4314,0,0,0,0,0,0,0,0,0,0,0,0,6360,1304,0,0,165,2795,789,4814,0,0,0,389528,1067,0,0,0,0,0,0,0,0,0]
[4183527,20120630,"SBM FNCL                      ","GARDINER","ME",777727,null,771693,null,null,null,null,null,null,null,55863,0,28321,327,0,null,0,25968,1932,null,0,null,null,null,null,null,null,null,null,0,226,0,27682,0,0,0,0,0,0,11236,352,0,1417,0,null,8646,226,0,null,1932,null,0,null,null,0]
[4183536,20120630,"PEOPLES FED BSHRS             ","BRIGHTON","MA",558128,null,559664,null,null,null,null,null,null,null,71,70182,55657,66,-14529,null,0,5792,114,null,0,null,null,null,null,null,null,null,null,0,0,0,3482,0,0,0,0,0,0,1438,80,0,96,0,null,3726,0,0,null,181,null,0,null,null,0]
[4184177,20120630,"LAZARES & CO LLC              ","MILTON","MA",null,null,442]
[4184216,20120630,"FAIRMOUNT BC                  ","BALTIMORE","MD",null,null,13167]
[4191401,20120630,"ST JOSEPH BC                  ","SAINT JOSEPH","MO",null,null,6973]
[4191465,20120630,"VIEWPOINT FNCL GRP            ","PLANO","TX",3416511,3385223,3692418,30789,0,0,472116,0,0,19229,393,367939,153722,2171,-18649,-468,0,16924,324,32,0,0,0,13.95,22.45,23.36,2103278,19229,491345,0,954,2255,22557,0,0,0,0,43,0,4887,288,0,95,0,0,19229,0,0,0,324,0,29203,0,0,1625,0,2103278,2171,0,0,0,0,0,0,18649,0,0]
[4201748,20120630,"COLONIAL FS                   ","VINELAND","NJ",624796,null,617695,null,null,null,null,null,null,null,40,38773,29791,3390,-1586,null,0,1805,0,null,0,null,null,null,null,null,null,null,null,0,0,0,4945,0,0,0,0,0,0,2557,120,0,0,0,null,2938,0,0,null,0,null,0,null,null,0]
[4208961,20120630,"JRMB II                       ","LAWTON","OK",660519,660519,686737,0,0,-8552,79717,0,0,4059,9,32099,47610,-1730,0,0,0,710,0,0,0,0,0,12.07,24.78,26.05,321640,4059,83776,78,0,445,4764,0,0,0,0,122,0,593,188,47,15,0,0,7632,0,0,0,0,3573,0,0,0,0,0,325213,6823,0,0,0,0,0,0,0,0,0]
[4210478,20120630,"PARK STERLING CORP            ","CHARLOTTE","NC",1120766,1087078,1119132,4439,0,0,162167,6895,0,9431,32707,173318,-15459,3620,0,0,0,29841,0,0,0,0,0,14.92,21.08,23.2,769368,16326,178493,0,0,131,37740,0,0,0,0,0,0,7092,211,0,1132,0,0,9431,0,0,0,0,0,622,29249,0,3817,0,769368,3620,0,5289,0,0,0,0,0,5289,0]
[4211831,20120630,"CENTURY NEXT FC               ","RUSTON","LA",null,null,18909]
[4214391,20120630,"HARVARD IL BC                 ","HARVARD","IL",null,null,19143]
[4226910,20120630,"CAPITOL FED FNCL              ","TOPEKA","KS",9357063,null,9420614,null,null,null,null,null,null,null,1582,1315352,540253,23989,-48318,null,0,0,1464,null,0,null,null,null,null,null,null,null,null,0,0,0,25929,0,0,0,0,0,0,25413,65,0,422,0,null,11777,0,0,null,1541,null,0,null,null,0]
[4228875,20120630,"CERTUSHOLDINGS                ","ATLANTA","GA",1774309,1766945,1766722,7364,0,0,236282,null,null,8011,11,199034,44601,2615,0,0,0,0,0,0,0,null,0,13.37,37.1,38.36,636798,8011,244293,0,0,197853,4069,150994,3067,0,0,36634,2859,22,392,1638,397,0,0,11226,859,0,0,0,4074,470,0,0,6894,0,640872,2615,0,null,null,null,null,null,null,0,0]
[4231585,20120630,"SP BC                         ","PLANO","TX",null,null,32958]
[4234054,20120630,"OCONEE FED MHC                ","SENECA","SC",null,null,55060]
[4253000,20120630,"FIDELITY FS&LA MHC            ","DELAWARE","OH",null,null,21008]
[4253073,20120630,"KAISER FED FNCL GRP           ","COVINA","CA",929340,null,923339,null,null,null,null,null,null,null,90,92197,66722,-169,-4692,null,0,1185,3,null,0,null,null,null,null,null,null,null,null,0,0,0,25541,0,0,0,0,0,0,18700,134,0,37,0,null,7502,0,0,null,3,null,3950,null,null,13]
[4253112,20120630,"MINDEN BC                     ","MINDEN","LA",null,null,39319]
[4253121,20120630,"HOME FED BC INC OF LA         ","SHREVEPORT","LA",null,null,49901]
[4253149,20120630,"MADISON BC                    ","BALTIMORE","MD",null,null,14381]
[4260129,20120630,"FRIENDSWOOD CAP CORP          ","FRIENDSWOOD","TX",null,null,9486]
[4261162,20120630,"FRATERNITY CMNTY BC           ","BALTIMORE","MD",null,null,30279]
[4265517,20120630,"WOLVERINE BC                  ","MIDLAND","MI",null,null,65710]
[4267427,20120630,"ESQUIRE FNCL HOLDS            ","BROOKLYN","NY",null,null,23025]
[4267463,20120630,"NATIONAL BC HOLDS             ","OVERLAND PARK","KS",null,null,10712]
[4267472,20120630,"NEWBURYPORT FIVE CENTS BC MHC ","NEWBURYPORT","MA",622768,622768,633559,0,0,-1776,99547,0,0,5040,0,200,99347,1993,0,0,0,3620,0,0,0,0,0,15.98,21.77,22.87,457347,5040,104587,0,0,284,5911,0,0,0,0,255,13,4219,0,16,25,0,0,5040,0,0,0,0,0,0,0,0,0,0,457347,3769,0,0,0,0,0,0,0,0,0]
[4268349,20120630,"LOWELL FIVE BC MHC            ","LOWELL","MA",766094,766094,810825,0,0,0,104579,0,0,3701,0,104579,0,3481,0,0,0,0,0,0,0,0,0,13.65,21.01,22.05,497731,5190,109769,0,30,0,7358,0,0,0,0,0,0,1466,0,0,0,0,0,3701,0,0,0,0,0,0,0,1489,0,0,497731,3481,0,0,0,0,0,0,0,0,0]
[4272869,20120630,"BANKGUAM HC                   ","HAGATNA","GU",1189004,1188099,1176780,783,0,0,90380,0,0,9629,1843,15276,74456,1759,-290,0,0,3021,1220,122,0,0,0,7.61,11.77,13.02,768098,9629,100009,0,0,2671,16254,0,0,0,0,1645,0,4946,0,0,0,0,0,11671,215,0,0,1220,2257,783,0,0,0,0,770355,1759,0,0,0,0,0,0,290,0,0]
[4281441,20120630,"ASB BC                        ","ASHEVILLE","NC",790938,792496,799036,0,0,-4029,114794,0,0,5132,56,53911,67878,-1186,-4580,0,0,4542,0,0,0,0,0,14.49,28.41,29.68,404106,5146,119940,0,0,0,18232,0,0,0,0,0,0,503,11,0,399,0,0,11563,0,0,0,0,6431,0,2471,14,0,0,410537,2843,0,0,0,0,0,0,4238,0,0]
[4284536,20120630,"CUSTOMERS BC                  ","WYOMISSING","PA",2076542,2071849,2283032,2207,0,0,154182,800,0,16171,11395,123869,24111,-159,-500,0,0,4714,68,68,0,0,0,7.44,9.17,10.18,1681574,16971,171153,0,0,0,76837,0,35277,0,0,0,0,14076,2236,0,3095,0,0,16118,53,0,0,68,0,2207,2418,0,0,0,1681574,-159,0,0,0,0,0,0,500,0,0]
[4297853,20120630,"BEAR ST FNCL HOLDINGS LLC     ","LITTLE ROCK","AR",560926,null,555439,null,null,null,null,null,null,null,0,47337,8074,503,0,null,0,0,0,null,0,null,null,null,null,null,null,null,null,0,0,0,21943,0,0,0,0,0,0,7039,530,0,58,0,null,17264,0,12665,null,0,null,0,null,null,0]
[4299129,20120630,"STATE INVS BC                 ","METAIRIE","LA",null,null,48688]
[4299147,20120630,"ROLLSTONE BC MHC              ","FITCHBURG","MA",554389,null,555388,null,null,null,null,null,null,null,0,0,50842,2920,0,null,0,1184,0,null,0,null,null,null,null,null,null,null,null,0,0,0,5056,0,0,0,0,0,0,3008,28,0,152,0,null,4303,0,0,null,0,null,0,null,null,0]
[4299316,20120630,"IF BC                         ","WATSEKA","IL",null,null,86627]
[4301394,20120630,"CINCINNATUS CMNTY BC MHC      ","CHEVIOT","OH",null,null,19779]
[4303969,20120630,"POAGE BSHRS                   ","ASHLAND","KY",null,null,61106]
[4305477,20120630,"FIRST IL CORP                 ","DECATUR","IL",602627,null,611529,null,null,null,null,null,null,null,2555,23150,8811,-707,0,null,0,0,237,null,0,null,null,null,null,null,null,null,null,0,0,13,4270,0,0,0,0,0,0,778,0,0,3,0,null,544,0,25102,null,237,null,0,null,null,5777]
[4352574,20120630,"VALLEY CENT MHC               ","READING","OH",null,null,26169]
[4368735,20120630,"CHEVIOT FC                    ","CHEVIOT","OH",637725,null,634376,null,null,null,null,null,null,null,76,66234,40655,537,-163,null,0,1287,1121,null,0,null,null,null,null,null,null,null,null,0,0,0,13380,0,0,0,0,0,0,10235,0,0,0,120,null,1596,0,0,null,1121,null,10309,null,null,875]
[4369808,20120630,"CAPE COD FIVE MUT CO          ","HARWICH PORT","MA",2188495,2188083,2230671,0,0,0,212593,0,0,17154,0,0,213005,1796,0,0,0,6840,4121,412,0,0,0,9.7200000000000006,15.5,16.75,1371637,17154,229747,0,392,0,18463,0,0,0,0,0,0,16897,32,0,761,0,0,17833,0,0,0,4637,679,0,0,0,0,0,1372316,1796,0,0,0,0,0,0,0,0,0]

{"sheet":"Sheet1","index":8,"n_rows":0,"n_cols":0,"rows_kept":0,"cut":false,"hidden":false,"merged":[]}